000
CXUS53 KEAX 010736
CF6DMO
PRELIMINARY LOCAL CLIMATOLOGICAL DATA (WS FORM: F-6)
STATION: SEDALIA MO
MONTH: AUGUST
YEAR: 2022
LATITUDE: 38 42 N
LONGITUDE: 93 6 W
TEMPERATURE IN F: :PCPN: SNOW: WIND :SUNSHINE: SKY :PK WND
================================================================================
1 2 3 4 5 6A 6B 7 8 9 10 11 12 13 14 15 16 17 18
12Z AVG MX 2MIN
DY MAX MIN AVG DEP HDD CDD WTR SNW DPTH SPD SPD DIR MIN PSBL S-S WX SPD DR
================================================================================
1 93 75 84 6 0 19 0.00 M M 9.8 18 220 M M 0 25 220
2 96 76 86 8 0 21 0.00 M M 10.7 20 130 M M 1 27 130
3 94 73 84 6 0 19 0.10 M M 8.6 22 360 M M 2 138 30 20
4 87 73 80 2 0 15 M M M 4.0 21 160 M M 5 13 26 160
5 92 71 82 5 0 17 0.00 M M 3.2 9 170 M M 1 1 12 120
6 94 78 86 9 0 21 0.00 M M 10.4 17 210 M M 2 25 210
7 92 77 85 8 0 20 0.00 M M 9.4 17 210 M M 0 22 210
8 87 74 81 4 0 16 T M M 7.8 16 360 M M 3 20 190
9 86 67 77 0 0 12 0.00 M M 5.1 12 20 M M 5 14 10
10 86 63 75 -2 0 10 0.00 M M 4.2 13 20 M M 2 12 16 60
11 89 60 75 -2 0 10 0.00 M M 2.6 9 50 M M 0 12 19 80
12 87 65 76 -1 0 11 0.00 M M 5.6 13 140 M M 1 15 140
13 90 68 79 2 0 14 0.00 M M 10.3 17 200 M M 0 25 210
14 86 73 80 4 0 15 0.00 M M 6.4 14 210 M M 1 19 220
15 84 68 76 0 0 11 0.00 M M 9.0 17 100 M M 2 25 100
16 72 65 69 -7 0 4 3.61 M M 8.2 24 120 M M 10 13 33 110
17 83 63 73 -3 0 8 0.00 M M 4.3 13 90 M M 4 128 18 50
18 83 61 72 -4 0 7 0.00 M M 2.1 9 170 M M 0 1 11 120
19 81 63 72 -4 0 7 T M M 7.9 16 230 M M 2 8 24 240
20 84 66 75 -1 0 10 0.01 M M 6.3 14 260 M M 2 3 22 260
21 84 62 73 -2 0 8 0.00 M M 5.1 13 350 M M 1 17 360
22 84 63 74 -1 0 9 0.00 M M 2.8 10 40 M M 2 1 15 40
23 85 62 74 -1 0 9 0.00 M M 2.1 8 50 M M 2 12 60
24 87 65 76 1 0 11 0.00 M M 2.4 9 210 M M 2 13 210
25 89 68 79 5 0 14 0.00 M M 4.8 14 330 M M 0 17 310
26 90 68 79 5 0 14 0.00 M M 3.0 8 40 M M 0 11 30
27 89 68 79 5 0 14 0.00 M M 6.1 16 160 M M 0 21 180
28 87 72 80 6 0 15 T M M 10.6 20 160 M M 2 3 28 260
29 90 68 79 5 0 14 0.09 M M 9.1 22 260 M M 2 3 38 260
30 87 63 75 2 0 10 0.00 M M 5.1 14 350 M M 1 1 20 330
31 87 57 72 -1 0 7 0.00 M M 1.5 9 160 M M 0 11 90
================================================================================
SM 2705 2095 0 392 3.81 M 188.5 M 55
================================================================================
AV 87.3 67.6 6.1 FASTST M M 2 MAX(MPH)
MISC ----> 24 120 38 260
================================================================================
NOTES:
# LAST OF SEVERAL OCCURRENCES
COLUMN 17 PEAK WIND IN M.P.H.
PRELIMINARY LOCAL CLIMATOLOGICAL DATA (WS FORM: F-6) , PAGE 2
STATION: SEDALIA MO
MONTH: AUGUST
YEAR: 2022
LATITUDE: 38 42 N
LONGITUDE: 93 6 W
[TEMPERATURE DATA] [PRECIPITATION DATA] SYMBOLS USED IN COLUMN 16
AVERAGE MONTHLY: 77.4 TOTAL FOR MONTH: 3.81 1 = FOG OR MIST
DPTR FM NORMAL: 1.5 DPTR FM NORMAL: 0.97 2 = FOG REDUCING VISIBILITY
HIGHEST: 96 ON 2 GRTST 24HR 3.61 ON 16-16 TO 1/4 MILE OR LESS
LOWEST: 57 ON 31 3 = THUNDER
SNOW, ICE PELLETS, HAIL 4 = ICE PELLETS
TOTAL MONTH: M 5 = HAIL
GRTST 24HR M ON M 6 = FREEZING RAIN OR DRIZZLE
GRTST DEPTH: M ON M 7 = DUSTSTORM OR SANDSTORM:
VSBY 1/2 MILE OR LESS
8 = SMOKE OR HAZE
[NO. OF DAYS WITH] [WEATHER - DAYS WITH] 9 = BLOWING SNOW
X = TORNADO
MAX 32 OR BELOW: 0 0.01 INCH OR MORE: 4
MAX 90 OR ABOVE: 9 0.10 INCH OR MORE: 2
MIN 32 OR BELOW: 0 0.50 INCH OR MORE: 1
MIN 0 OR BELOW: 0 1.00 INCH OR MORE: 1
[HDD (BASE 65) ]
TOTAL THIS MO. 0 CLEAR (SCALE 0-3) 27
DPTR FM NORMAL -2 PTCLDY (SCALE 4-7) 3
TOTAL FM JUL 1 0 CLOUDY (SCALE 8-10) 1
DPTR FM NORMAL -1
[CDD (BASE 65) ]
TOTAL THIS MO. 392
DPTR FM NORMAL 52 [PRESSURE DATA]
TOTAL FM JAN 1 1422 HIGHEST SLP M ON M
DPTR FM NORMAL 326 LOWEST SLP 29.74 ON 28
[REMARKS]
#FINAL-08-22#