000
CXUS55 KEAX 010736
CF6DMO
PRELIMINARY LOCAL CLIMATOLOGICAL DATA (WS FORM: F-6)
STATION: SEDALIA MO
MONTH: SEPTEMBER
YEAR: 2020
LATITUDE: 38 42 N
LONGITUDE: 93 6 W
TEMPERATURE IN F: :PCPN: SNOW: WIND :SUNSHINE: SKY :PK WND
================================================================================
1 2 3 4 5 6A 6B 7 8 9 10 11 12 13 14 15 16 17 18
12Z AVG MX 2MIN
DY MAX MIN AVG DEP HDD CDD WTR SNW DPTH SPD SPD DIR MIN PSBL S-S WX SPD DR
================================================================================
1 84 68 76 1 0 11 0.00 M M 6.9 16 200 M M 5 21 170
2 85 65 75 1 0 10 0.00 M M 3.8 10 240 M M 2 1 15 240
3 88 60 74 0 0 9 0.00 M M 7.4 16 330 M M 5 12 23 280
4 83 55 69 -5 0 4 0.00 M M 3.4 9 130 M M 0 12 90
5 90 61 76 3 0 11 0.00 M M 5.2 13 220 M M 0 18 210
6 90 73 82 9 0 17 0.00 M M 13.2 23 220 M M 0 34 220
7 91 73 82 10 0 17 0.00 M M 10.8 21 220 M M 2 32 210
8 77 57 67 -5 0 2 0.31 M M 9.4 17 340 M M 8 13 24 350
9 67 57 62 -10 3 0 0.00 M M 7.8 15 30 M M 10 1 22 360
10 64 58 61 -10 4 0 0.09 M M 7.1 12 340 M M 10 128 16 340
11 69 61 65 -6 0 0 0.11 M M 3.6 10 290 M M 10 128 16 290
12 76 62 69 -1 0 4 0.01 M M 5.3 13 340 M M 6 1 17 340
13 79 56 68 -2 0 3 0.00 M M 3.9 12 60 M M 1 1 17 20
14 81 55 68 -2 0 3 0.00 M M 5.1 13 70 M M 0 1 20 50
15 80 53 67 -2 0 2 0.00 M M 3.8 9 120 M M 0 1 11 100
16 85 59 72 3 0 7 0.00 M M 2.3 12 330 M M 0 1 15 330
17 79 56 68 0 0 3 0.00 M M 7.8 14 20 M M 2 20 350
18 74 54 64 -4 1 0 0.00 M M 6.5 14 40 M M 0 19 70
19 71 48 60 -8 5 0 0.00 M M 6.6 14 100 M M 0 8 19 50
20 76 46 61 -6 4 0 0.00 M M 6.8 14 120 M M 0 19 150
21 79 50 65 -2 0 0 0.00 M M 5.8 12 140 M M 0 17 200
22 77 54 66 0 0 1 0.00 M M 5.0 10 160 M M 1 15 150
23 79 58 69 3 0 4 0.00 M M 4.8 12 180 M M 5 15 190
24 80 55 68 2 0 3 0.00 M M 7.8 12 180 M M 0 16 200
25 86 57 72 7 0 7 0.00 M M 10.1 17 170 M M 0 24 210
26 89 63 76 11 0 11 0.00 M M 13.3 25 190 M M 0 33 200
27 74 52 63 -1 2 0 1.55 M M 10.1 30 300 M M 7 13 53 300
28 68 50 59 -5 6 0 0.00 M M 9.1 22 320 M M 4 8 32 290
29 68 46 57 -7 8 0 0.00 M M 8.5 17 230 M M 1 26 230
30 78 53 66 3 0 1 0.00 M M 12.1 26 330 M M 0 36 330
================================================================================
SM 2367 1715 33 130 2.07 M 213.3 M 79
================================================================================
AV 78.9 57.2 7.1 FASTST M M 3 MAX(MPH)
MISC ----> 30 300 53 300
================================================================================
NOTES:
# LAST OF SEVERAL OCCURRENCES
COLUMN 17 PEAK WIND IN M.P.H.
PRELIMINARY LOCAL CLIMATOLOGICAL DATA (WS FORM: F-6) , PAGE 2
STATION: SEDALIA MO
MONTH: SEPTEMBER
YEAR: 2020
LATITUDE: 38 42 N
LONGITUDE: 93 6 W
[TEMPERATURE DATA] [PRECIPITATION DATA] SYMBOLS USED IN COLUMN 16
AVERAGE MONTHLY: 68.0 TOTAL FOR MONTH: 2.07 1 = FOG OR MIST
DPTR FM NORMAL: -1.1 DPTR FM NORMAL: -2.04 2 = FOG REDUCING VISIBILITY
HIGHEST: 91 ON 7 GRTST 24HR 1.55 ON 27-27 TO 1/4 MILE OR LESS
LOWEST: 46 ON 29,20 3 = THUNDER
SNOW, ICE PELLETS, HAIL 4 = ICE PELLETS
TOTAL MONTH: M 5 = HAIL
GRTST 24HR M ON M 6 = FREEZING RAIN OR DRIZZLE
GRTST DEPTH: M ON M 7 = DUSTSTORM OR SANDSTORM:
VSBY 1/2 MILE OR LESS
8 = SMOKE OR HAZE
[NO. OF DAYS WITH] [WEATHER - DAYS WITH] 9 = BLOWING SNOW
X = TORNADO
MAX 32 OR BELOW: 0 0.01 INCH OR MORE: 5
MAX 90 OR ABOVE: 3 0.10 INCH OR MORE: 3
MIN 32 OR BELOW: 0 0.50 INCH OR MORE: 1
MIN 0 OR BELOW: 0 1.00 INCH OR MORE: 1
[HDD (BASE 65) ]
TOTAL THIS MO. 33 CLEAR (SCALE 0-3) 20
DPTR FM NORMAL -11 PTCLDY (SCALE 4-7) 7
TOTAL FM JUL 1 33 CLOUDY (SCALE 8-10) 3
DPTR FM NORMAL -10
[CDD (BASE 65) ]
TOTAL THIS MO. 130
DPTR FM NORMAL -35 [PRESSURE DATA]
TOTAL FM JAN 1 1329 HIGHEST SLP M ON M
DPTR FM NORMAL -121 LOWEST SLP 29.70 ON 7
[REMARKS]
#FINAL-09-20#