000
CXUS53 KEAX 011926
CLMDMO
CLIMATE REPORT
NATIONAL WEATHER SERVICE KANSAS CITY/PLEASANT HILL MO
222 PM CDT SAT APR 01 2023
...................................
...THE SEDALIA MO CLIMATE SUMMARY FOR THE MONTH OF MARCH 2023...
CLIMATE NORMAL PERIOD: 1991 TO 2020
CLIMATE RECORD PERIOD: 9999 TO 9999
WEATHER OBSERVED NORMAL DEPART LAST YEAR`S
VALUE DATE(S) VALUE FROM VALUE DATE(S)
NORMAL
................................................................
TEMPERATURE (F)
HIGHEST 80 03/31 79 1 79 03/02
03/17
LOWEST 18 03/18 15 3 5 03/12
03/19
AVG. MAXIMUM 53.9 55.2 -1.3 57.4
AVG. MINIMUM 35.2 34.5 0.7 35.6
MEAN 44.5 44.8 -0.3 46.5
DAYS MAX >= 90 0 0.0 0.0 0
DAYS MAX <= 32 1 0.8 0.2 2
DAYS MIN <= 32 10 11.2 -1.2 9
DAYS MIN <= 0 0 0.1 -0.1 0
PRECIPITATION (INCHES)
TOTALS 2.62R 2.49 0.13 3.79
DAILY AVG. 0.08 0.08 -0.00 0.12
DAYS >= .01 14 10.0 4.0 10
DAYS >= .10 7 5.6 1.4 6
DAYS >= .50 1 1.7 -0.7 3
DAYS >= 1.00 0 0.4 -0.4 1
GREATEST
24 HR. TOTAL 0.56 03/16 TO 03/16
DEGREE DAYS
HEATING TOTAL 631 628 3 568
SINCE 7/1 3975 4497 -522 MM
COOLING TOTAL 3 3 0 0
SINCE 1/1 3 3 0 MM
................................................................
WIND (MPH)
AVERAGE WIND SPEED 11.3
HIGHEST WIND SPEED/DIRECTION 38/230 DATE 03/31
HIGHEST GUST SPEED/DIRECTION 60/260 DATE 03/31
SKY COVER
POSSIBLE SUNSHINE (PERCENT) MM
AVERAGE SKY COVER 0.55
NUMBER OF DAYS FAIR 9
NUMBER OF DAYS PC 10
NUMBER OF DAYS CLOUDY 12
AVERAGE RH (PERCENT) 66
WEATHER CONDITIONS. NUMBER OF DAYS WITH
THUNDERSTORM 2 MIXED PRECIP 0
HEAVY RAIN 2 RAIN 8
LIGHT RAIN 14 FREEZING RAIN 0
LT FREEZING RAIN 0 HAIL 0
HEAVY SNOW 0 SNOW 0
LIGHT SNOW 2 SLEET 0
FOG 13 FOG W/VIS <= 1/4 MILE 2
HAZE 5
- INDICATES NEGATIVE NUMBERS.
R INDICATES RECORD WAS SET OR TIED.
MM INDICATES DATA IS MISSING.
T INDICATES TRACE AMOUNT.
$$