000
CXUS53 KEAX 011037 RRA
CLSDMO
CLIMATE REPORT
NATIONAL WEATHER SERVICE
527 AM CDT TUE JUN 01 2021
...................................
...THE SEDALIA MO CLIMATE SUMMARY FOR THE SEASON, FROM
3/1/2021 TO 5/31/2021...
CLIMATE NORMAL PERIOD: 1991 TO 2020
CLIMATE RECORD PERIOD: 9999 TO 9999
WEATHER OBSERVED NORMAL DEPART LAST YEAR`S
VALUE DATE(S) VALUE FROM VALUE DATE(S)
NORMAL
................................................................
TEMPERATURE (F)
HIGHEST 85 04/26 87 -2 88 05/24
05/26
LOWEST 26 03/01 15 11 27 03/21
AVG. MAXIMUM 66.0 65.0 1.0 64.9
AVG. MINIMUM 47.1 44.3 2.8 45.9
MEAN 56.5 54.6 1.9 55.4
DAYS MAX >= 90 0 1.0 -1.0 0
DAYS MAX <= 32 0 0.8 -0.8 0
DAYS MIN <= 32 8 13.8 -5.8 9
DAYS MIN <= 0 0 0.1 -0.1 0
PRECIPITATION (INCHES)
TOTALS 17.96 10.95 7.01 11.62
DAILY AVG. 0.20 0.12 0.08 0.13
DAYS >= .01 33 32.5 0.5 39
DAYS >= .10 28 19.3 8.7 25
DAYS >= .50 12 7.4 4.6 9
DAYS >= 1.00 6 2.4 3.6 2
GREATEST
24 HR. TOTAL 2.99
DEGREE DAYS
HEATING TOTAL 870 1069 -199 941
COOLING TOTAL 115 114 1 84
................................................................
WIND (MPH)
AVERAGE WIND SPEED 10.3
HIGHEST WIND SPEED/DIRECTION 36/200 DATE 03/10
HIGHEST GUST SPEED/DIRECTION 52/200 DATE 03/10
SKY COVER
POSSIBLE SUNSHINE (PERCENT) MM
AVERAGE SKY COVER 0.42
NUMBER OF DAYS FAIR 45
NUMBER OF DAYS PC 23
NUMBER OF DAYS CLOUDY 24
AVERAGE RH (PERCENT) 65
WEATHER CONDITIONS. NUMBER OF DAYS WITH
THUNDERSTORM 10
MIXED PRECIP 0
HEAVY RAIN 12
RAIN 19
LIGHT RAIN 44
LT FREEZING RAIN 0
HAIL 0
HEAVY SNOW 1
SNOW 1
LIGHT SNOW 2
SLEET 0
FOG 35
FOG W/VIS <= 1/4 MILE 4
HAZE 8
- INDICATES NEGATIVE NUMBERS.
R INDICATES RECORD WAS SET OR TIED.
MM INDICATES DATA IS MISSING.
T INDICATES TRACE AMOUNT.
>= INDICATES GREATER THAN OR EQUAL TO.
<= INDICATES LESS THAN OR EQUAL TO.
$$