824
CXUS53 KEAX 010745 RRA
CLSDMO
STLCLSWS4 000
TTAA00 EAX 010742
CLIMATE REPORT
NATIONAL WEATHER SERVICE
142 AM CST TUE DEC 01 2020
...................................
...THE SEDALIA MO CLIMATE SUMMARY FOR THE SEASON, FROM
9/1/2020 TO 11/30/2020...
CLIMATE NORMAL PERIOD: 1981 TO 2010
CLIMATE RECORD PERIOD: 9999 TO 9999
WEATHER OBSERVED NORMAL DEPART LAST YEAR`S
VALUE DATE(S) VALUE FROM VALUE DATE(S)
NORMAL
................................................................
TEMPERATURE (F)
HIGHEST 91 09/07 92 -1 91 09/16
LOWEST 22 11/30 17 5 5 11/12
AVG. MAXIMUM 68.3 67.9 0.4 65.8
AVG. MINIMUM 47.1 48.1 -1.0 46.2
MEAN 57.7 58.0 -0.3 56.0
DAYS MAX >= 90 3 3.2 -0.2 5
DAYS MAX <= 32 0 1.0 -1.0 1
DAYS MIN <= 32 12 19.2 -7.2 17
DAYS MIN <= 0 0 0.0 0.0 0
PRECIPITATION (INCHES)
TOTALS 6.63R 10.85 -4.22 11.62
DAILY AVG. 0.07 0.12 -0.05 0.13
DAYS >= .01 21 25.6 -4.6 33
DAYS >= .10 13 15.9 -2.9 14
DAYS >= .50 4 6.7 -2.7 8
DAYS >= 1.00 1 3.0 -2.0 3
GREATEST
24 HR. TOTAL 1.55 09/27 TO 09/27
DEGREE DAYS
HEATING TOTAL 829 844 -15 1094
COOLING TOTAL 184 206 -22 283
................................................................
WIND (MPH)
AVERAGE WIND SPEED 9.2
HIGHEST WIND SPEED/DIRECTION 33/220 DATE 11/19
HIGHEST GUST SPEED/DIRECTION 50/310 DATE 11/15
SKY COVER
POSSIBLE SUNSHINE (PERCENT) MM
AVERAGE SKY COVER 0.31
NUMBER OF DAYS FAIR 60
NUMBER OF DAYS PC 13
NUMBER OF DAYS CLOUDY 18
AVERAGE RH (PERCENT) 65
WEATHER CONDITIONS. NUMBER OF DAYS WITH
THUNDERSTORM 8 MIXED PRECIP 0
HEAVY RAIN 5 RAIN 12
LIGHT RAIN 24 FREEZING RAIN 1
LT FREEZING RAIN 2 HAIL 0
HEAVY SNOW 0 SNOW 0
LIGHT SNOW 4 SLEET 0
FOG 29 FOG W/VIS <= 1/4 MILE 5
HAZE 11
- INDICATES NEGATIVE NUMBERS.
R INDICATES RECORD WAS SET OR TIED.
MM INDICATES DATA IS MISSING.
T INDICATES TRACE AMOUNT.
$$