912
CXUS53 KEAX 172152 RRA
CLSDMO
CLIMATE REPORT
NATIONAL WEATHER SERVICE
344 PM CST TUE NOV 17 2020
...................................
...THE SEDALIA MO CLIMATE SUMMARY FOR THE SEASON, FROM
12/1/2019 TO 2/29/2020...
CLIMATE NORMAL PERIOD: 1981 TO 2010
CLIMATE RECORD PERIOD: 9999 TO 9999
WEATHER OBSERVED NORMAL DEPART LAST YEAR`S
VALUE DATE(S) VALUE FROM VALUE DATE(S)
NORMAL
................................................................
TEMPERATURE (F)
HIGHEST 69 12/25 70 -1 68 02/03
02/03
LOWEST -2 02/14 -1 -5 01/30
AVG. MAXIMUM 44.6 43.1 1.5 39.9
AVG. MINIMUM 27.8 25.3 2.5 23.9
MEAN 36.2 34.2 2.0 31.9
DAYS MAX >= 90 0 0.0 0.0 0
DAYS MAX <= 32 16 21.3 -5.3 29
DAYS MIN <= 32 64 75.5 -11.5 78
DAYS MIN <= 0 1 5.0 -4.0 1
PRECIPITATION (INCHES)
TOTALS 5.84R 5.92 -0.08 6.67
DAILY AVG. 0.06 0.07 -0.01 0.07
DAYS >= .01 20 20.1 -0.1 30
DAYS >= .10 10 11.1 -1.1 15
DAYS >= .50 4 3.5 0.5 3
DAYS >= 1.00 2 1.1 0.9 1
GREATEST
24 HR. TOTAL 1.57
DEGREE DAYS
HEATING TOTAL 2531 2772 -241 2931
COOLING TOTAL 0 0 0 0
................................................................
WIND (MPH)
AVERAGE WIND SPEED 9.8
HIGHEST WIND SPEED/DIRECTION 31/280 DATE 12/01
HIGHEST GUST SPEED/DIRECTION 44/310 DATE 01/18
SKY COVER
POSSIBLE SUNSHINE (PERCENT) MM
AVERAGE SKY COVER 0.49
NUMBER OF DAYS FAIR 34
NUMBER OF DAYS PC 29
NUMBER OF DAYS CLOUDY 27
AVERAGE RH (PERCENT) 72
WEATHER CONDITIONS. NUMBER OF DAYS WITH
THUNDERSTORM 1 MIXED PRECIP 0
HEAVY RAIN 3 RAIN 5
LIGHT RAIN 13 FREEZING RAIN 2
LT FREEZING RAIN 3 HAIL 0
HEAVY SNOW 0 SNOW 6
LIGHT SNOW 21 SLEET 0
FOG 42 FOG W/VIS <= 1/4 MILE 7
HAZE 15
- INDICATES NEGATIVE NUMBERS.
R INDICATES RECORD WAS SET OR TIED.
MM INDICATES DATA IS MISSING.
T INDICATES TRACE AMOUNT.
$$