000
CXUS53 KEAX 010735 RRA
CLSDMO
CLIMATE REPORT
NATIONAL WEATHER SERVICE
229 AM CDT MON JUN 01 2020
...................................
...THE SEDALIA MO CLIMATE SUMMARY FOR THE SEASON, FROM
3/1/2020 TO 5/31/2020...
CLIMATE NORMAL PERIOD: 1981 TO 2010
CLIMATE RECORD PERIOD: 9999 TO 9999
WEATHER OBSERVED NORMAL DEPART LAST YEAR`S
VALUE DATE(S) VALUE FROM VALUE DATE(S)
NORMAL
................................................................
TEMPERATURE (F)
HIGHEST 88 05/24 87 1 83 04/10
LOWEST 27 03/21 15 12 -2 03/04
AVG. MAXIMUM 64.9 66.6 -1.7 62.2
AVG. MINIMUM 45.9 45.8 0.1 43.5
MEAN 55.4 56.2 -0.8 52.8
DAYS MAX >= 90 0 0.4 -0.4 0
DAYS MAX <= 32 0 0.9 -0.9 4
DAYS MIN <= 32 9 21.6 -12.6 15
DAYS MIN <= 0 0 0.0 0.0 1
PRECIPITATION (INCHES)
TOTALS 11.62 11.55 0.07 12.58
DAILY AVG. 0.13 0.13 0.00 0.14
DAYS >= .01 39 31.5 7.5 MM
DAYS >= .10 25 20.0 5.0 MM
DAYS >= .50 9 7.9 1.1 MM
DAYS >= 1.00 2 3.0 -1.0 MM
GREATEST
24 HR. TOTAL 1.15 03/09 TO 03/09
DEGREE DAYS
HEATING TOTAL 941 948 -7 1159
COOLING TOTAL 84 140 -56 59
................................................................
WIND (MPH)
AVERAGE WIND SPEED 9.6
HIGHEST WIND SPEED/DIRECTION 39/220 DATE 03/28
HIGHEST GUST SPEED/DIRECTION 53/200 DATE 03/28
SKY COVER
POSSIBLE SUNSHINE (PERCENT) MM
AVERAGE SKY COVER 0.47
NUMBER OF DAYS FAIR 36
NUMBER OF DAYS PC 35
NUMBER OF DAYS CLOUDY 21
AVERAGE RH (PERCENT) 68
WEATHER CONDITIONS. NUMBER OF DAYS WITH
THUNDERSTORM 14 MIXED PRECIP 0
HEAVY RAIN 12 RAIN 24
LIGHT RAIN 42 FREEZING RAIN 0
LT FREEZING RAIN 0 HAIL 0
HEAVY SNOW 0 SNOW 0
LIGHT SNOW 4 SLEET 0
FOG 44 FOG W/VIS <= 1/4 MILE 2
HAZE 15
- INDICATES NEGATIVE NUMBERS.
R INDICATES RECORD WAS SET OR TIED.
MM INDICATES DATA IS MISSING.
T INDICATES TRACE AMOUNT.
$$