000
CXUS55 KDVN 011527
CF6DVN
PRELIMINARY LOCAL CLIMATOLOGICAL DATA (WS FORM: F-6)
STATION: DAVENPORT IA
MONTH: JANUARY
YEAR: 2023
LATITUDE: 41 37 N
LONGITUDE: 90 35 W
TEMPERATURE IN F: :PCPN: SNOW: WIND :SUNSHINE: SKY :PK WND
================================================================================
1 2 3 4 5 6A 6B 7 8 9 10 11 12 13 14 15 16 17 18
12Z AVG MX 2MIN
DY MAX MIN AVG DEP HDD CDD WTR SNW DPTH SPD SPD DIR MIN PSBL S-S WX SPD DR
================================================================================
1 43 26 35 12 30 0 0.01 0.0 0 2.7 7 220 M M 4 128 10 210
2 42 28 35 12 30 0 0.11 0.0 0 8.5 21 80 M M 3 12 27 80
3 49 36 43 20 22 0 0.51 0.0 0 10.1 23 60 M M 10 12 30 60
4 39 31 35 12 30 0 T 0.1 0 11.4 21 240 M M 10 18 26 240
5 32 24 28 5 37 0 0.04 0.9 T 13.7 21 290 M M 10 18 27 270
6 25 11 18 -4 47 0 0.00 0.0 1 6.6 16 290 M M 1 1 21 310
7 27 10 19 -3 46 0 0.00 0.0 1 6.1 13 20 M M 8 18 16 30
8 31 16 24 2 41 0 T T 1 3.5 14 290 M M 7 18 16 290
9 46 21 34 12 31 0 0.00 0.0 T 9.1 18 170 M M 0 18 26 170
10 42 30 36 14 29 0 0.00 0.0 0 5.9 13 300 M M 1 18 16 280
11 51 32 42 20 23 0 0.00 0.0 0 7.0 13 330 M M 4 18 16 290
12 36 28 32 10 33 0 T T 0 15.1 22 300 M M 8 18 30 310
13 32 25 29 7 36 0 T T T 11.5 22 340 M M 10 18 26 340
14 36 23 30 8 35 0 T T 0 9.4 17 150 M M 5 22 150
15 46 30 38 16 27 0 0.00 0.0 0 16.2 24 150 M M 1 31 160
16 54 40 47 25 18 0 0.35 0.0 0 15.3 25 240 M M 9 1 34 230
17 40 34 37 15 28 0 0.00 0.0 0 15.8 24 270 M M 10 33 240
18 37 31 34 13 31 0 0.33 T 0 12.5 28 70 M M 9 14 39 90
19 37 32 35 14 30 0 0.05 T 0 12.8 25 280 M M 10 12 36 280
20 32 23 28 7 37 0 0.00 0.0 0 15.2 25 290 M M 10 1 33 300
21 32 23 28 7 37 0 0.06 1.5 0 6.0 13 230 M M 10 18 15 220
22 32 25 29 8 36 0 0.05 0.8 2 7.9 14 330 M M 10 18 17 340
23 30 19 25 3 40 0 T T 1 11.4 17 230 M M 8 18 22 240
24 37 30 34 12 31 0 0.00 0.0 1 6.5 12 240 M M 9 18 15 240
25 33 22 28 6 37 0 0.25 3.2 2 9.6 21 270 M M 10 18 28 280
26 22 8 15 -7 50 0 T T 3 15.1 24 280 M M 7 18 34 280
27 37 10 24 2 41 0 T 0.2 3 16.2 31 280 M M 5 8 40 290
28 22 18 20 -2 45 0 0.04 0.5 1 12.0 22 10 M M 8 16 27 20
29 19 10 15 -7 50 0 T T 2 13.7 20 340 M M 10 168 24 330
30 11 0 6 -16 59 0 T T 2 11.6 22 330 M M 5 26 330
31 15 -4 6 -16 59 0 0.00 0.0 2 5.0 12 240 M M 0 14 200
================================================================================
SM 1067 692 1126 0 1.80 7.2 323.4 M 212
================================================================================
AV 34.4 22.3 10.4 FASTST M M 7 MAX(MPH)
MISC ----> 31 280 40 290
================================================================================
NOTES:
# LAST OF SEVERAL OCCURRENCES
COLUMN 17 PEAK WIND IN M.P.H.
PRELIMINARY LOCAL CLIMATOLOGICAL DATA (WS FORM: F-6) , PAGE 2
STATION: DAVENPORT IA
MONTH: JANUARY
YEAR: 2023
LATITUDE: 41 37 N
LONGITUDE: 90 35 W
[TEMPERATURE DATA] [PRECIPITATION DATA] SYMBOLS USED IN COLUMN 16
AVERAGE MONTHLY: 28.4 TOTAL FOR MONTH: 1.80 1 = FOG OR MIST
DPTR FM NORMAL: 6.5 DPTR FM NORMAL: 0.66 2 = FOG REDUCING VISIBILITY
HIGHEST: 54 ON 16 GRTST 24HR 0.72 ON 2- 3 TO 1/4 MILE OR LESS
LOWEST: -4 ON 31 3 = THUNDER
SNOW, ICE PELLETS, HAIL 4 = ICE PELLETS
TOTAL MONTH: 7.2 INCHES 5 = HAIL
GRTST 24HR 3.2 ON 25-25 6 = FREEZING RAIN OR DRIZZLE
GRTST DEPTH: 3 ON 27,26 7 = DUSTSTORM OR SANDSTORM:
VSBY 1/2 MILE OR LESS
8 = SMOKE OR HAZE
[NO. OF DAYS WITH] [WEATHER - DAYS WITH] 9 = BLOWING SNOW
X = TORNADO
MAX 32 OR BELOW: 14 0.01 INCH OR MORE: 11
MAX 90 OR ABOVE: 0 0.10 INCH OR MORE: 5
MIN 32 OR BELOW: 28 0.50 INCH OR MORE: 1
MIN 0 OR BELOW: 2 1.00 INCH OR MORE: 0
[HDD (BASE 65) ]
TOTAL THIS MO. 1126 CLEAR (SCALE 0-3) 5
DPTR FM NORMAL -208 PTCLDY (SCALE 4-7) 11
TOTAL FM JUL 1 3560 CLOUDY (SCALE 8-10) 15
DPTR FM NORMAL -229
[CDD (BASE 65) ]
TOTAL THIS MO. 0
DPTR FM NORMAL 0 [PRESSURE DATA]
TOTAL FM JAN 1 0 HIGHEST SLP 30.54 ON 31
DPTR FM NORMAL 0 LOWEST SLP 29.36 ON 16
[REMARKS]
#FINAL-01-23#