000
CXUS54 KHGX 011510
CF6DWH
PRELIMINARY LOCAL CLIMATOLOGICAL DATA (WS FORM: F-6)
STATION: HOUSTON/D.W._HOOKS
MONTH: NOVEMBER
YEAR: 2023
LATITUDE: 30 4 N
LONGITUDE: 95 33 W
TEMPERATURE IN F: :PCPN: SNOW: WIND :SUNSHINE: SKY :PK WND
================================================================================
1 2 3 4 5 6A 6B 7 8 9 10 11 12 13 14 15 16 17 18
12Z AVG MX 2MIN
DY MAX MIN AVG DEP HDD CDD WTR SNW DPTH SPD SPD DIR MIN PSBL S-S WX SPD DR
================================================================================
1 62 40 51 -14 14 0 0.00 0.0 0 3.6 13 60 M M 0 20 60
2 68 35 52 -13 13 0 0.00 0.0 0 2.3 8 110 M M 2 14 130
3 76 44 60 -4 5 0 0.00 0.0 0 3.1 8 120 M M 3 12 16 110
4 82 52 67 3 0 2 0.00 0.0 0 3.8 14 130 M M 5 12 18 120
5 83 56 70 6 0 5 0.00 0.0 0 2.4 10 130 M M 6 128 14 110
6 83 57 70 6 0 5 0.00 0.0 0 3.9 14 200 M M 1 12 20 190
7 87 61 74 11 0 9 0.00 0.0 0 6.5 16 190 M M 1 1 27 190
8 86 67 77 14 0 12 0.00 0.0 0 5.2 14 190 M M 3 23 220
9 85 63 74 11 0 9 1.05 0.0 0 2.9 17 300 M M 6 12 26 290
10 69 55 62 0 3 0 0.63 0.0 0 8.9 15 10 M M 10 1 23 350
11 59 56 58 -4 7 0 0.00 0.0 0 5.6 10 20 M M 10 1 14 30
12 71 59 65 3 0 0 0.14 0.0 0 5.5 10 30 M M 9 1 16 70
13 63 59 61 -1 4 0 0.47 0.0 0 6.9 10 30 M M 10 1 18 60
14 72 56 64 3 1 0 0.00 0.0 0 5.5 12 30 M M 8 1 16 30
15 75 52 64 3 1 0 0.00 0.0 0 5.9 15 340 M M 2 1 21 330
16 66 59 63 2 2 0 T 0.0 0 2.6 8 40 M M 10 18 14 50
17 78 56 67 7 0 2 0.00 0.0 0 5.1 12 360 M M 4 18 16 360
18 76 56 66 6 0 1 0.00 0.0 0 3.8 13 40 M M 6 1 20 30
19 75 51 63 3 2 0 T 0.0 0 6.2 14 130 M M 5 128 20 100
20 80 64 72 12 0 7 0.13 0.0 0 6.8 20 240 M M 6 18 29 230
21 64 44 54 -5 11 0 0.00 0.0 0 9.6 20 330 M M 5 30 330
22 60 40 50 -9 15 0 0.00 0.0 0 3.8 13 300 M M 0 1 19 340
23 55 39 47 -12 18 0 0.03 0.0 0 1.3 6 90 M M 6 8 130
24 68 43 56 -3 9 0 0.00 0.0 0 4.0 12 80 M M 0 1 16 70
25 68 46 57 -1 8 0 0.00 0.0 0 5.8 14 100 M M 4 21 60
26 60 43 52 -6 13 0 T 0.0 0 8.6 20 340 M M 5 30 350
27 58 40 49 -9 16 0 0.00 0.0 0 4.6 12 20 M M 1 18 360
28 63 42 53 -5 12 0 0.00 0.0 0 3.1 10 100 M M 6 16 80
29 68 39 54 -4 11 0 0.00 0.0 0 5.7 14 120 M M 5 20 110
30 70 58 64 7 1 0 0.48 0.0 0 6.5 16 130 M M 10 123 27 150
================================================================================
SM 2130 1532 166 52 2.93 0.0 149.5 M 149
================================================================================
AV 71.0 51.1 5.0 FASTST M M 5 MAX(MPH)
MISC ----> # 20 240 # 30 330
================================================================================
NOTES:
# LAST OF SEVERAL OCCURRENCES
COLUMN 17 PEAK WIND IN M.P.H.
PRELIMINARY LOCAL CLIMATOLOGICAL DATA (WS FORM: F-6) , PAGE 2
STATION: HOUSTON/D.W._HOOKS
MONTH: NOVEMBER
YEAR: 2023
LATITUDE: 30 4 N
LONGITUDE: 95 33 W
[TEMPERATURE DATA] [PRECIPITATION DATA] SYMBOLS USED IN COLUMN 16
AVERAGE MONTHLY: 61.0 TOTAL FOR MONTH: 2.93 1 = FOG OR MIST
DPTR FM NORMAL: 0.0 DPTR FM NORMAL: -1.05 2 = FOG REDUCING VISIBILITY
HIGHEST: 87 ON 7 GRTST 24HR 1.66 ON 9-10 TO 1/4 MILE OR LESS
LOWEST: 35 ON 2 3 = THUNDER
SNOW, ICE PELLETS, HAIL 4 = ICE PELLETS
TOTAL MONTH: 0.0 INCH 5 = HAIL
GRTST 24HR 0.0 6 = FREEZING RAIN OR DRIZZLE
GRTST DEPTH: 0 7 = DUSTSTORM OR SANDSTORM:
VSBY 1/2 MILE OR LESS
8 = SMOKE OR HAZE
[NO. OF DAYS WITH] [WEATHER - DAYS WITH] 9 = BLOWING SNOW
X = TORNADO
MAX 32 OR BELOW: 0 0.01 INCH OR MORE: 7
MAX 90 OR ABOVE: 0 0.10 INCH OR MORE: 6
MIN 32 OR BELOW: 0 0.50 INCH OR MORE: 2
MIN 0 OR BELOW: 0 1.00 INCH OR MORE: 1
[HDD (BASE 65) ]
TOTAL THIS MO. 166 CLEAR (SCALE 0-3) 10
DPTR FM NORMAL -11 PTCLDY (SCALE 4-7) 14
TOTAL FM JUL 1 205 CLOUDY (SCALE 8-10) 6
DPTR FM NORMAL -5
[CDD (BASE 65) ]
TOTAL THIS MO. 52
DPTR FM NORMAL -5 [PRESSURE DATA]
TOTAL FM JAN 1 3916 HIGHEST SLP 30.48 ON 1
DPTR FM NORMAL 796 LOWEST SLP 29.67 ON 20
[REMARKS]
#FINAL-11-23#