000
CXUS54 KEWX 011011
CF6DZB
PRELIMINARY LOCAL CLIMATOLOGICAL DATA (WS FORM: F-6)
STATION: HORSESHOE BAY
MONTH: SEPTEMBER
YEAR: 2023
LATITUDE: 30 31 N
LONGITUDE: 98 22 W
TEMPERATURE IN F: :PCPN: SNOW: WIND :SUNSHINE: SKY :PK WND
================================================================================
1 2 3 4 5 6A 6B 7 8 9 10 11 12 13 14 15 16 17 18
12Z AVG MX 2MIN
DY MAX MIN AVG DEP HDD CDD WTR SNW DPTH SPD SPD DIR MIN PSBL S-S WX SPD DR
================================================================================
1 102 71 87 M 0 22 0.00 M M 3.5 8 140 M M 1 M M
2 101 69 85 M 0 20 0.00 M M 3.1 9 170 M M 1 20 160
3 103 75 89 M 0 24 0.00 M M 4.6 10 180 M M 0 21 140
4 102 77 90 M 0 25 0.00 M M 8.3 12 200 M M 1 18 210
5 104 78 91 M 0 26 0.00 M M 9.1 15 170 M M 0 23 170
6 104 76 90 M 0 25 0.00 M M 4.3 14 170 M M 1 21 170
7 106 79 93 M 0 28 0.00 M M 5.0 9 200 M M 1 16 180
8 108 78 93 M 0 28 0.00 M M 5.9 12 180 M M 0 17 180
9 105 74 90 M 0 25 0.00 M M 5.5 16 200 M M 0 3 33 260
10 100 77 89 M 0 24 0.00 M M 4.4 10 130 M M 1 16 120
11 98 72 85 M 0 20 0.00 M M 5.4 10 180 M M 0 21 170
12 90 72 81 M 0 16 0.00 M M 7.0 13 360 M M 3 21 360
13 85 70 78 M 0 13 0.30 M M 2.0 5 330 M M 7 1 22 300
14 94 71 83 M 0 18 0.15 M M 3.7 15 290 M M 7 13 27 290
15 89 72 81 M 0 16 0.00 M M 2.0 8 100 M M 5 1 M M
16 81 67 74 M 0 9 1.39 M M 2.1 8 360 M M 4 3 25 300
17 92 67 80 M 0 15 0.00 M M 1.9 8 40 M M 1 M M
18 94 64 79 M 0 14 0.00 M M 2.0 8 30 M M 1 M M
19 96 72 84 M 0 19 0.00 M M 7.6 14 160 M M 1 22 160
20 100 72 86 M 0 21 0.00 M M 9.2 15 190 M M 0 25 200
21 98 74 86 M 0 21 0.00 M M 5.9 10 170 M M 2 20 170
22 98 73 86 M 0 21 0.00 M M 6.1 12 190 M M 1 21 190
23 101 77 89 M 0 24 0.00 M M 8.2 12 180 M M 0 24 180
24 105 74 90 M 0 25 0.02 M M 7.9 16 220 M M 2 3 28 180
25 92 74 83 M 0 18 0.00 M M 4.1 13 200 M M 2 24 200
26 94 70 82 M 0 17 0.00 M M 2.0 8 340 M M 0 M M
27 96 69 83 M 0 18 0.00 M M 2.4 7 180 M M 1 M M
28 96 69 83 M 0 18 0.00 M M 4.0 9 150 M M 1 17 120
29 95 69 82 M 0 17 0.00 M M 4.3 9 150 M M 1 M M
30 94 69 82 M 0 17 0.00 M M 4.8 10 90 M M 2 22 60
================================================================================
SM 2923 2171 0 604 1.86 M 146.3 M 47
================================================================================
AV 97.4 72.4 4.9 FASTST M M 2 MAX(MPH)
MISC ----> 16 200 33 260
================================================================================
NOTES:
# LAST OF SEVERAL OCCURRENCES
COLUMN 17 PEAK WIND IN M.P.H.
PRELIMINARY LOCAL CLIMATOLOGICAL DATA (WS FORM: F-6) , PAGE 2
STATION: HORSESHOE BAY
MONTH: SEPTEMBER
YEAR: 2023
LATITUDE: 30 31 N
LONGITUDE: 98 22 W
[TEMPERATURE DATA] [PRECIPITATION DATA] SYMBOLS USED IN COLUMN 16
AVERAGE MONTHLY: 84.9 TOTAL FOR MONTH: 1.86 1 = FOG OR MIST
DPTR FM NORMAL: 0.0 DPTR FM NORMAL: M 2 = FOG REDUCING VISIBILITY
HIGHEST: 108 ON 8 GRTST 24HR 1.39 ON 16-16 TO 1/4 MILE OR LESS
LOWEST: 64 ON 18 3 = THUNDER
SNOW, ICE PELLETS, HAIL 4 = ICE PELLETS
TOTAL MONTH: M 5 = HAIL
GRTST 24HR M ON M 6 = FREEZING RAIN OR DRIZZLE
GRTST DEPTH: M ON M 7 = DUSTSTORM OR SANDSTORM:
VSBY 1/2 MILE OR LESS
8 = SMOKE OR HAZE
[NO. OF DAYS WITH] [WEATHER - DAYS WITH] 9 = BLOWING SNOW
X = TORNADO
MAX 32 OR BELOW: 0 0.01 INCH OR MORE: 4
MAX 90 OR ABOVE: 27 0.10 INCH OR MORE: 3
MIN 32 OR BELOW: 0 0.50 INCH OR MORE: 1
MIN 0 OR BELOW: 0 1.00 INCH OR MORE: 1
[HDD (BASE 65) ]
TOTAL THIS MO. 0 CLEAR (SCALE 0-3) 26
DPTR FM NORMAL M PTCLDY (SCALE 4-7) 4
TOTAL FM JUL 1 0 CLOUDY (SCALE 8-10) 0
DPTR FM NORMAL M
[CDD (BASE 65) ]
TOTAL THIS MO. 604
DPTR FM NORMAL M [PRESSURE DATA]
TOTAL FM JAN 1 3295 HIGHEST SLP M ON M
DPTR FM NORMAL M LOWEST SLP M ON M
[REMARKS]
#FINAL-09-23#