000
CXUS53 KGID 010830
CF6EAR
PRELIMINARY LOCAL CLIMATOLOGICAL DATA (WS FORM: F-6)
STATION: KEARNEY NE
MONTH: APRIL
YEAR: 2023
LATITUDE: 40 43 N
LONGITUDE: 99 0 W
TEMPERATURE IN F: :PCPN: SNOW: WIND :SUNSHINE: SKY :PK WND
================================================================================
1 2 3 4 5 6A 6B 7 8 9 10 11 12 13 14 15 16 17 18
12Z AVG MX 2MIN
DY MAX MIN AVG DEP HDD CDD WTR SNW DPTH SPD SPD DIR MIN PSBL S-S WX SPD DR
================================================================================
1 63 25 44 0 21 0 0.00 M M 13.8 27 320 M M 1 36 320
2 69 33 51 6 14 0 0.00 M M 8.2 20 180 M M 0 17 350
3 61 35 48 3 17 0 0.00 M M 18.0 31 50 M M 4 38 60
4 40 24 32 -13 33 0 0.00 M M 20.4 30 60 M M 8 1 39 50
5 44 21 33 -13 32 0 0.00 M M 16.1 27 320 M M 3 38 320
6 60 18 39 -7 26 0 0.00 M M 9.5 20 250 M M 2 31 240
7 69 28 49 3 16 0 0.00 M M 16.5 29 200 M M 0 39 180
8 77 39 58 12 7 0 0.00 M M 19.9 30 180 M M 0 40 170
9 75 50 63 16 2 0 0.00 M M 10.5 20 170 M M 3 25 170
10 75 43 59 12 6 0 0.00 M M 8.3 12 140 M M 0 24 80
11 84 41 63 16 2 0 0.00 M M 16.1 25 190 M M 0 36 200
12 89 54 72 24 0 7 0.00 M M 23.1 33 180 M M 0 44 170
13 89 54 72 24 0 7 0.00 M M 24.0 33 170 M M 0 48 170
14 66 45 56 8 9 0 0.00 M M 19.9 28 360 M M 2 36 350
15 48 35 42 -6 23 0 0.03 M M 17.9 29 350 M M 9 37 350
16 60 33 47 -2 18 0 0.00 M M 16.3 30 320 M M 0 43 330
17 76 25 51 2 14 0 0.00 M M 10.3 20 110 M M 0 25 150
18 80 38 59 10 6 0 0.01 M M 20.2 32 140 M M 0 41 130
19 72 54 63 13 2 0 0.00 M M 17.6 27 10 M M 1 37 190
20 60 36 48 -2 17 0 0.01 M M 17.1 33 290 M M 5 44 290
21 51 28 40 -10 25 0 0.00 M M 15.8 25 300 M M 2 37 310
22 50 28 39 -11 26 0 0.00 M M 14.9 22 310 M M 2 33 330
23 60 21 41 -10 24 0 0.00 M M 6.4 13 260 M M 2 24 260
24 70 28 49 -2 16 0 0.00 M M 13.5 25 210 M M 3 32 190
25 60 29 45 -6 20 0 0.00 M M 9.3 18 130 M M 5 21 110
26 68 36 52 0 13 0 0.00 M M 8.4 15 210 M M 4 18 130
27 71 40 56 4 9 0 0.10 M M 13.6 21 170 M M 3 36 320
28 60 37 49 -3 16 0 0.05 M M 19.5 33 350 M M 8 41 360
29 70 35 53 0 12 0 0.00 M M 16.4 31 330 M M 0 50 340
30 59 34 47 -6 18 0 0.00 M M 16.2 27 350 M M 0 36 350
================================================================================
SM 1976 1047 444 14 0.20 M 457.7 M 67
================================================================================
AV 65.9 34.9 15.3 FASTST M M 2 MAX(MPH)
MISC ----> # 33 180 50 340
================================================================================
NOTES:
# LAST OF SEVERAL OCCURRENCES
COLUMN 17 PEAK WIND IN M.P.H.
PRELIMINARY LOCAL CLIMATOLOGICAL DATA (WS FORM: F-6) , PAGE 2
STATION: KEARNEY NE
MONTH: APRIL
YEAR: 2023
LATITUDE: 40 43 N
LONGITUDE: 99 0 W
[TEMPERATURE DATA] [PRECIPITATION DATA] SYMBOLS USED IN COLUMN 16
AVERAGE MONTHLY: 50.4 TOTAL FOR MONTH: 0.20 1 = FOG OR MIST
DPTR FM NORMAL: 1.8 DPTR FM NORMAL: -2.48 2 = FOG REDUCING VISIBILITY
HIGHEST: 89 ON 13,12 GRTST 24HR 0.15 ON 27-28 TO 1/4 MILE OR LESS
LOWEST: 18 ON 6 3 = THUNDER
SNOW, ICE PELLETS, HAIL 4 = ICE PELLETS
TOTAL MONTH: M 5 = HAIL
GRTST 24HR M ON M 6 = FREEZING RAIN OR DRIZZLE
GRTST DEPTH: M ON M 7 = DUSTSTORM OR SANDSTORM:
VSBY 1/2 MILE OR LESS
8 = SMOKE OR HAZE
[NO. OF DAYS WITH] [WEATHER - DAYS WITH] 9 = BLOWING SNOW
X = TORNADO
MAX 32 OR BELOW: 0 0.01 INCH OR MORE: 5
MAX 90 OR ABOVE: 0 0.10 INCH OR MORE: 1
MIN 32 OR BELOW: 11 0.50 INCH OR MORE: 0
MIN 0 OR BELOW: 0 1.00 INCH OR MORE: 0
[HDD (BASE 65) ]
TOTAL THIS MO. 444 CLEAR (SCALE 0-3) 21
DPTR FM NORMAL -52 PTCLDY (SCALE 4-7) 7
TOTAL FM JUL 1 5979 CLOUDY (SCALE 8-10) 2
DPTR FM NORMAL -283
[CDD (BASE 65) ]
TOTAL THIS MO. 14
DPTR FM NORMAL 7 [PRESSURE DATA]
TOTAL FM JAN 1 14 HIGHEST SLP 30.43 ON 6
DPTR FM NORMAL 7 LOWEST SLP 29.34 ON 19
[REMARKS]
#FINAL-04-23#