000
CXUS53 KEAX 011018
CF6EAX
PRELIMINARY LOCAL CLIMATOLOGICAL DATA (WS FORM: F-6)
STATION: PLEASANT HILL NWS MO
MONTH: MARCH
YEAR: 2022
LATITUDE: 38 48 N
LONGITUDE: 94 16 W
TEMPERATURE IN F: :PCPN: SNOW: WIND :SUNSHINE: SKY :PK WND
================================================================================
1 2 3 4 5 6A 6B 7 8 9 10 11 12 13 14 15 16 17 18
12Z AVG MX 2MIN
DY MAX MIN AVG DEP HDD CDD WTR SNW DPTH SPD SPD DIR MIN PSBL S-S WX SPD DR
================================================================================
1 75 39 57 18 8 0 0.00 0.0 0 M M M M M M M M
2 83 45 64 24 1 0 0.00 0.0 0 M M M M M M M M
3 60 38 49 9 16 0 0.00 0.0 0 M M M M M M M M
4 73 35 54 14 11 0 0.00 0.0 0 M M M M M M M M
5 73 37 55 14 10 0 0.06 T 0 M M M M M M 135 M M
6 43 28 36 -5 29 0 0.36 0.1 T M M M M M M 1345 M M
7 33 22 28 -14 37 0 0.07 0.2 T M M M M M M M M
8 42 20 31 -11 34 0 0.00 0.0 0 M M M M M M M M
9 44 28 36 -6 29 0 0.00 0.0 0 M M M M M M M M
10 29 18 24 -19 41 0 0.23 4.1 T M M M M M M M M
11 35 15 25 -18 40 0 0.02 0.2 4 M M M M M M M M
12 34 6 20 -24 45 0 0.00 0.0 2 M M M M M M M M
13 63 33 48 4 17 0 0.00 0.0 2 M M M M M M M M
14 60 39 50 6 15 0 0.00 0.0 0 M M M M M M M M
15 66 43 55 10 10 0 0.02 0.0 0 M M M M M M 8 M M
16 72 40 56 11 9 0 0.00 0.0 0 M M M M M M M M
17 77 48 63 18 2 0 T 0.0 0 M M M M M M M M
18 51 38 45 -1 20 0 0.10 0.0 0 M M M M M M M M
19 62 33 48 2 17 0 0.00 0.0 0 M M M M M M M M
20 76 41 59 13 6 0 0.00 0.0 0 M M M M M M M M
21 63 49 56 9 9 0 1.51 0.0 0 M M M M M M M M
22 60 39 50 3 15 0 0.33 0.0 0 M M M M M M M M
23 39 35 37 -10 28 0 0.36 T 0 M M M M M M M M
24 40 35 38 -10 27 0 0.04 0.0 0 M M M M M M M M
25 55 32 44 -4 21 0 0.00 0.0 0 M M M M M M M M
26 55 33 44 -4 21 0 0.00 0.0 0 M M M M M M M M
27 49 32 41 -8 24 0 0.00 0.0 0 M M M M M M M M
28 58 32 45 -4 20 0 0.00 0.0 0 M M M M M M M M
29 73 43 58 9 7 0 0.59 0.0 0 M M M M M M 3 M M
30 56 34 45 -5 20 0 0.28 T 0 M M M M M M M M
31 40 28 34 -16 31 0 T 0.0 0 M M M M M M M M
================================================================================
SM 1739 1038 620 0 3.97 4.6 M M M
================================================================================
AV 56.1 33.5 M FASTST M M M MAX(MPH)
MISC ----> M M M M
================================================================================
NOTES:
# LAST OF SEVERAL OCCURRENCES
COLUMN 17 PEAK WIND IN M.P.H.
PRELIMINARY LOCAL CLIMATOLOGICAL DATA (WS FORM: F-6) , PAGE 2
STATION: PLEASANT HILL NWS MO
MONTH: MARCH
YEAR: 2022
LATITUDE: 38 48 N
LONGITUDE: 94 16 W
[TEMPERATURE DATA] [PRECIPITATION DATA] SYMBOLS USED IN COLUMN 16
AVERAGE MONTHLY: 44.8 TOTAL FOR MONTH: 3.97 1 = FOG OR MIST
DPTR FM NORMAL: 0.0 DPTR FM NORMAL: 1.02 2 = FOG REDUCING VISIBILITY
HIGHEST: 83 ON 2 GRTST 24HR 1.51 ON 21-21 TO 1/4 MILE OR LESS
LOWEST: 6 ON 12 3 = THUNDER
SNOW, ICE PELLETS, HAIL 4 = ICE PELLETS
TOTAL MONTH: 4.6 INCHES 5 = HAIL
GRTST 24HR 4.1 ON 10-10 6 = FREEZING RAIN OR DRIZZLE
GRTST DEPTH: 4 ON 11 7 = DUSTSTORM OR SANDSTORM:
VSBY 1/2 MILE OR LESS
8 = SMOKE OR HAZE
[NO. OF DAYS WITH] [WEATHER - DAYS WITH] 9 = BLOWING SNOW
X = TORNADO
MAX 32 OR BELOW: 1 0.01 INCH OR MORE: 13
MAX 90 OR ABOVE: 0 0.10 INCH OR MORE: 8
MIN 32 OR BELOW: 11 0.50 INCH OR MORE: 2
MIN 0 OR BELOW: 0 1.00 INCH OR MORE: 1
[HDD (BASE 65) ]
TOTAL THIS MO. 620 CLEAR (SCALE 0-3) 0
DPTR FM NORMAL -9 PTCLDY (SCALE 4-7) 0
TOTAL FM JUL 1 3991 CLOUDY (SCALE 8-10) 31
DPTR FM NORMAL -494
[CDD (BASE 65) ]
TOTAL THIS MO. 0
DPTR FM NORMAL -3 [PRESSURE DATA]
TOTAL FM JAN 1 0 HIGHEST SLP M ON M
DPTR FM NORMAL -3 LOWEST SLP M ON M
[REMARKS]
#FINAL-03-22#