000
CXUS53 KEAX 310340
CF6EAX
PRELIMINARY LOCAL CLIMATOLOGICAL DATA (WS FORM: F-6)
STATION: PLEASANT HILL NWS MO
MONTH: FEBRUARY
YEAR: 2022
LATITUDE: 38 48 N
LONGITUDE: 94 16 W
TEMPERATURE IN F: :PCPN: SNOW: WIND :SUNSHINE: SKY :PK WND
================================================================================
1 2 3 4 5 6A 6B 7 8 9 10 11 12 13 14 15 16 17 18
12Z AVG MX 2MIN
DY MAX MIN AVG DEP HDD CDD WTR SNW DPTH SPD SPD DIR MIN PSBL S-S WX SPD DR
================================================================================
1 53 25 39 8 26 0 0.39 0.5 0 M M M M M M 4 M M
2 25 12 19 -12 46 0 0.12 2.7 1 M M M M M M M M
3 18 7 13 -18 52 0 0.01 0.2 3 M M M M M M M M
4 33 5 19 -12 46 0 0.00 0.0 2 M M M M M M M M
5 41 13 27 -5 38 0 0.00 0.0 2 M M M M M M M M
6 47 25 36 4 29 0 0.00 0.0 2 M M M M M M M M
7 52 23 38 6 27 0 0.00 0.0 T M M M M M M M M
8 62 33 48 16 17 0 0.00 0.0 0 M M M M M M M M
9 56 36 46 14 19 0 0.00 0.0 0 M M M M M M M M
10 51 29 40 7 25 0 0.00 0.0 0 M M M M M M M M
11 54 21 38 5 27 0 0.01 0.0 0 M M M M M M M M
12 29 12 21 -12 44 0 0.00 0.0 0 M M M M M M M M
13 32 21 27 -7 38 0 0.00 0.0 0 M M M M M M M M
14 51 22 37 3 28 0 0.00 0.0 0 M M M M M M M M
15 65 31 48 14 17 0 0.00 0.0 0 M M M M M M M M
16 64 34 49 14 16 0 0.60 0.0 0 M M M M M M 3 M M
17 34 10 22 -13 43 0 0.42 5.5 0 M M M M M M 469 M M
18 39 7 23 -12 42 0 0.00 0.0 6 M M M M M M M M
19 33 20 27 -9 38 0 0.00 0.0 4 M M M M M M M M
20 61 30 46 10 19 0 0.00 0.0 3 M M M M M M M M
21 68 40 54 18 11 0 0.00 0.0 0 M M M M M M M M
22 46 10 28 -9 37 0 T T 0 M M M M M M 69 M M
23 18 4 11 -26 54 0 T T 0 M M M M M M M M
24 20 13 17 -20 48 0 0.03 0.9 T M M M M M M 6 M M
25 27 7 17 -21 48 0 0.00 0.0 T M M M M M M M M
26 41 13 27 -11 38 0 0.00 0.0 0 M M M M M M M M
27 55 21 38 0 27 0 0.00 0.0 0 M M M M M M M M
28 65 32 49 10 16 0 0.00 0.0 0 M M M M M M M M
================================================================================
SM 1240 556 916 0 1.58 9.8 M M M
================================================================================
AV 44.3 19.9 M FASTST M M M MAX(MPH)
MISC ----> M M M M
================================================================================
NOTES:
# LAST OF SEVERAL OCCURRENCES
COLUMN 17 PEAK WIND IN M.P.H.
PRELIMINARY LOCAL CLIMATOLOGICAL DATA (WS FORM: F-6) , PAGE 2
STATION: PLEASANT HILL NWS MO
MONTH: FEBRUARY
YEAR: 2022
LATITUDE: 38 48 N
LONGITUDE: 94 16 W
[TEMPERATURE DATA] [PRECIPITATION DATA] SYMBOLS USED IN COLUMN 16
AVERAGE MONTHLY: 32.1 TOTAL FOR MONTH: 1.58 1 = FOG OR MIST
DPTR FM NORMAL: -2.3 DPTR FM NORMAL: -0.23 2 = FOG REDUCING VISIBILITY
HIGHEST: 68 ON 21 GRTST 24HR 0.60 ON 16-16 TO 1/4 MILE OR LESS
LOWEST: 4 ON 23 3 = THUNDER
SNOW, ICE PELLETS, HAIL 4 = ICE PELLETS
TOTAL MONTH: 9.8 INCHES 5 = HAIL
GRTST 24HR 5.5 ON 17-17 6 = FREEZING RAIN OR DRIZZLE
GRTST DEPTH: 6 ON 18 7 = DUSTSTORM OR SANDSTORM:
VSBY 1/2 MILE OR LESS
8 = SMOKE OR HAZE
[NO. OF DAYS WITH] [WEATHER - DAYS WITH] 9 = BLOWING SNOW
X = TORNADO
MAX 32 OR BELOW: 7 0.01 INCH OR MORE: 7
MAX 90 OR ABOVE: 0 0.10 INCH OR MORE: 4
MIN 32 OR BELOW: 24 0.50 INCH OR MORE: 1
MIN 0 OR BELOW: 0 1.00 INCH OR MORE: 0
[HDD (BASE 65) ]
TOTAL THIS MO. 916 CLEAR (SCALE 0-3) 0
DPTR FM NORMAL 58 PTCLDY (SCALE 4-7) 0
TOTAL FM JUL 1 3371 CLOUDY (SCALE 8-10) 28
DPTR FM NORMAL -483
[CDD (BASE 65) ]
TOTAL THIS MO. 0
DPTR FM NORMAL 0 [PRESSURE DATA]
TOTAL FM JAN 1 0 HIGHEST SLP M ON M
DPTR FM NORMAL 0 LOWEST SLP M ON M
[REMARKS]
#FINAL-02-22#