000
CXUS53 KEAX 010836
CF6EAX
PRELIMINARY LOCAL CLIMATOLOGICAL DATA (WS FORM: F-6)
STATION: PLEASANT HILL NWS MO
MONTH: DECEMBER
YEAR: 2021
LATITUDE: 38 48 N
LONGITUDE: 94 16 W
TEMPERATURE IN F: :PCPN: SNOW: WIND :SUNSHINE: SKY :PK WND
================================================================================
1 2 3 4 5 6A 6B 7 8 9 10 11 12 13 14 15 16 17 18
12Z AVG MX 2MIN
DY MAX MIN AVG DEP HDD CDD WTR SNW DPTH SPD SPD DIR MIN PSBL S-S WX SPD DR
================================================================================
1 65 39 52 14 13 0 0.00 0.0 0 M M M M M M M M
2 71 47 59 21 6 0 0.00 0.0 0 M M M M M M M M
3 68 47 58 20 7 0 0.00 0.0 0 M M M M M M M M
4 52 37 45 8 20 0 0.00 0.0 0 M M M M M M M M
5 65 43 54 17 11 0 T 0.0 0 M M M M M M M M
6 43 28 36 -1 29 0 0.00 0.0 0 M M M M M M M M
7 39 26 33 -3 32 0 0.00 0.0 0 M M M M M M M M
8 51 26 39 3 26 0 0.00 0.0 0 M M M M M M M M
9 64 41 53 17 12 0 0.00 0.0 0 M M M M M M M M
10 67 36 52 17 13 0 0.02 0.0 0 M M M M M M M M
11 47 32 40 5 25 0 0.00 0.0 0 M M M M M M M M
12 55 30 43 8 22 0 0.00 0.0 0 M M M M M M M M
13 58 32 45 11 20 0 0.00 0.0 0 M M M M M M M M
14 65 41 53 19 12 0 0.00 0.0 0 M M M M M M M M
15 73 49 61 27 4 0 0.05 0.0 0 M M M M M M M M
16 55 32 44 10 21 0 0.00 0.0 0 M M M M M M M M
17 45 32 39 6 26 0 0.00 0.0 0 M M M M M M M M
18 37 26 32 -1 33 0 0.00 0.0 0 M M M M M M M M
19 37 24 31 -2 34 0 0.00 0.0 0 M M M M M M M M
20 49 23 36 3 29 0 0.00 0.0 0 M M M M M M M M
21 48 21 35 3 30 0 0.00 0.0 0 M M M M M M M M
22 53 24 39 7 26 0 0.00 0.0 0 M M M M M M M M
23 57 41 49 17 16 0 0.00 0.0 0 M M M M M M 1 M M
24 73 43 58 26 7 0 T 0.0 0 M M M M M M 1 M M
25 59 41 50 18 15 0 0.00 0.0 0 M M M M M M M M
26 65 37 51 19 14 0 T 0.0 0 M M M M M M M M
27 64 39 52 21 13 0 0.00 0.0 0 M M M M M M M M
28 56 27 42 11 23 0 0.69 0.0 0 M M M M M M M M
29 33 22 28 -3 37 0 T 0.0 0 M M M M M M M M
30 45 28 37 6 28 0 T 0.0 0 M M M M M M M M
31 M M M M M M M M M M M M M M M M M
================================================================================
SM 1659 1014 604 0 0.76 0.0 M M M
================================================================================
AV 55.3 33.8 M FASTST M M M MAX(MPH)
MISC ----> M M M M
================================================================================
NOTES:
# LAST OF SEVERAL OCCURRENCES
COLUMN 17 PEAK WIND IN M.P.H.
PRELIMINARY LOCAL CLIMATOLOGICAL DATA (WS FORM: F-6) , PAGE 2
STATION: PLEASANT HILL NWS MO
MONTH: DECEMBER
YEAR: 2021
LATITUDE: 38 48 N
LONGITUDE: 94 16 W
[TEMPERATURE DATA] [PRECIPITATION DATA] SYMBOLS USED IN COLUMN 16
AVERAGE MONTHLY: 44.6 TOTAL FOR MONTH: 0.76 1 = FOG OR MIST
DPTR FM NORMAL: 10.6 DPTR FM NORMAL: -1.10 2 = FOG REDUCING VISIBILITY
HIGHEST: 73 ON 24,15 GRTST 24HR 0.69 ON 28-28 TO 1/4 MILE OR LESS
LOWEST: 21 ON 21 3 = THUNDER
SNOW, ICE PELLETS, HAIL 4 = ICE PELLETS
TOTAL MONTH: 0.0 INCH 5 = HAIL
GRTST 24HR 0.0 6 = FREEZING RAIN OR DRIZZLE
GRTST DEPTH: 0 7 = DUSTSTORM OR SANDSTORM:
VSBY 1/2 MILE OR LESS
8 = SMOKE OR HAZE
[NO. OF DAYS WITH] [WEATHER - DAYS WITH] 9 = BLOWING SNOW
X = TORNADO
MAX 32 OR BELOW: 0 0.01 INCH OR MORE: 3
MAX 90 OR ABOVE: 0 0.10 INCH OR MORE: 1
MIN 32 OR BELOW: 16 0.50 INCH OR MORE: 1
MIN 0 OR BELOW: 0 1.00 INCH OR MORE: 0
[HDD (BASE 65) ]
TOTAL THIS MO. 604 CLEAR (SCALE 0-3) 0
DPTR FM NORMAL -358 PTCLDY (SCALE 4-7) 0
TOTAL FM JUL 1 1358 CLOUDY (SCALE 8-10) 31
DPTR FM NORMAL -550
[CDD (BASE 65) ]
TOTAL THIS MO. 0
DPTR FM NORMAL 0 [PRESSURE DATA]
TOTAL FM JAN 1 1455 HIGHEST SLP M ON M
DPTR FM NORMAL 68 LOWEST SLP M ON M
[REMARKS]
#FINAL-12-21#