000
CXUS53 KEAX 010736
CF6EAX
PRELIMINARY LOCAL CLIMATOLOGICAL DATA (WS FORM: F-6)
STATION: PLEASANT HILL NWS MO
MONTH: OCTOBER
YEAR: 2021
LATITUDE: 38 48 N
LONGITUDE: 94 16 W
TEMPERATURE IN F: :PCPN: SNOW: WIND :SUNSHINE: SKY :PK WND
================================================================================
1 2 3 4 5 6A 6B 7 8 9 10 11 12 13 14 15 16 17 18
12Z AVG MX 2MIN
DY MAX MIN AVG DEP HDD CDD WTR SNW DPTH SPD SPD DIR MIN PSBL S-S WX SPD DR
================================================================================
1 77 65 71 8 0 6 0.04 0.0 0 M M M M M M M M
2 74 63 69 6 0 4 0.05 0.0 0 M M M M M M M M
3 75 59 67 5 0 2 0.00 0.0 0 M M M M M M M M
4 79 53 66 4 0 1 0.00 0.0 0 M M M M M M M M
5 74 54 64 2 1 0 T 0.0 0 M M M M M M M M
6 71 59 65 4 0 0 0.23 0.0 0 M M M M M M M M
7 77 61 69 8 0 4 0.02 0.0 0 M M M M M M M M
8 84 59 72 12 0 7 0.00 0.0 0 M M M M M M M M
9 88 64 76 16 0 11 0.00 0.0 0 M M M M M M M M
10 81 57 69 10 0 4 0.87 0.0 0 M M M M M M 3 M M
11 61 52 57 -2 8 0 0.75 0.0 0 M M M M M M 13 M M
12 77 50 64 5 1 0 0.08 0.0 0 M M M M M M 13 M M
13 74 59 67 9 0 2 0.53 0.0 0 M M M M M M 13 M M
14 73 53 63 5 2 0 0.00 0.0 0 M M M M M M M M
15 63 45 54 -3 11 0 T 0.0 0 M M M M M M M M
16 65 42 54 -3 11 0 0.00 0.0 0 M M M M M M M M
17 72 42 57 0 8 0 0.00 0.0 0 M M M M M M M M
18 73 47 60 4 5 0 0.00 0.0 0 M M M M M M M M
19 74 49 62 6 3 0 T 0.0 0 M M M M M M M M
20 72 49 61 6 4 0 T 0.0 0 M M M M M M M M
21 60 42 51 -4 14 0 0.00 0.0 0 M M M M M M M M
22 67 39 53 -2 12 0 0.00 0.0 0 M M M M M M M M
23 60 47 54 0 11 0 0.03 0.0 0 M M M M M M M M
24 74 49 62 8 3 0 0.15 0.0 0 M M M M M M 3 M M
25 49 46 48 -5 17 0 0.00 0.0 0 M M M M M M M M
26 60 42 51 -2 14 0 0.00 0.0 0 M M M M M M M M
27 58 50 54 2 11 0 0.68 0.0 0 M M M M M M 1 M M
28 51 44 48 -4 17 0 0.59 0.0 0 M M M M M M M M
29 50 43 47 -5 18 0 0.27 0.0 0 M M M M M M M M
30 63 38 51 0 14 0 0.00 0.0 0 M M M M M M M M
31 57 43 50 -1 15 0 0.00 0.0 0 M M M M M M M M
================================================================================
SM 2133 1565 200 41 4.29 0.0 M M M
================================================================================
AV 68.8 50.5 M FASTST M M M MAX(MPH)
MISC ----> M M M M
================================================================================
NOTES:
# LAST OF SEVERAL OCCURRENCES
COLUMN 17 PEAK WIND IN M.P.H.
PRELIMINARY LOCAL CLIMATOLOGICAL DATA (WS FORM: F-6) , PAGE 2
STATION: PLEASANT HILL NWS MO
MONTH: OCTOBER
YEAR: 2021
LATITUDE: 38 48 N
LONGITUDE: 94 16 W
[TEMPERATURE DATA] [PRECIPITATION DATA] SYMBOLS USED IN COLUMN 16
AVERAGE MONTHLY: 59.6 TOTAL FOR MONTH: 4.29 1 = FOG OR MIST
DPTR FM NORMAL: 2.6 DPTR FM NORMAL: 0.86 2 = FOG REDUCING VISIBILITY
HIGHEST: 88 ON 9 GRTST 24HR 0.87 ON 10-10 TO 1/4 MILE OR LESS
LOWEST: 38 ON 30 3 = THUNDER
SNOW, ICE PELLETS, HAIL 4 = ICE PELLETS
TOTAL MONTH: 0.0 INCH 5 = HAIL
GRTST 24HR 0.0 6 = FREEZING RAIN OR DRIZZLE
GRTST DEPTH: 0 7 = DUSTSTORM OR SANDSTORM:
VSBY 1/2 MILE OR LESS
8 = SMOKE OR HAZE
[NO. OF DAYS WITH] [WEATHER - DAYS WITH] 9 = BLOWING SNOW
X = TORNADO
MAX 32 OR BELOW: 0 0.01 INCH OR MORE: 13
MAX 90 OR ABOVE: 0 0.10 INCH OR MORE: 8
MIN 32 OR BELOW: 0 0.50 INCH OR MORE: 5
MIN 0 OR BELOW: 0 1.00 INCH OR MORE: 0
[HDD (BASE 65) ]
TOTAL THIS MO. 200 CLEAR (SCALE 0-3) 0
DPTR FM NORMAL -79 PTCLDY (SCALE 4-7) 0
TOTAL FM JUL 1 208 CLOUDY (SCALE 8-10) 31
DPTR FM NORMAL -120
[CDD (BASE 65) ]
TOTAL THIS MO. 41
DPTR FM NORMAL 10 [PRESSURE DATA]
TOTAL FM JAN 1 1455 HIGHEST SLP M ON M
DPTR FM NORMAL 69 LOWEST SLP M ON M
[REMARKS]
#FINAL-10-21#