000
CXUS53 KEAX 010736
CF6EAX
PRELIMINARY LOCAL CLIMATOLOGICAL DATA (WS FORM: F-6)
STATION: PLEASANT HILL NWS MO
MONTH: JULY
YEAR: 2021
LATITUDE: 38 48 N
LONGITUDE: 94 16 W
TEMPERATURE IN F: :PCPN: SNOW: WIND :SUNSHINE: SKY :PK WND
================================================================================
1 2 3 4 5 6A 6B 7 8 9 10 11 12 13 14 15 16 17 18
12Z AVG MX 2MIN
DY MAX MIN AVG DEP HDD CDD WTR SNW DPTH SPD SPD DIR MIN PSBL S-S WX SPD DR
================================================================================
1 83 71 77 0 0 12 0.58 0.0 0 M M M M M M M M
2 84 66 75 -3 0 10 0.00 0.0 0 M M M M M M M M
3 85 68 77 -1 0 12 0.00 0.0 0 M M M M M M M M
4 88 66 77 -1 0 12 0.00 0.0 0 M M M M M M M M
5 88 66 77 -1 0 12 0.00 0.0 0 M M M M M M M M
6 87 66 77 -1 0 12 0.00 0.0 0 M M M M M M M M
7 84 67 76 -2 0 11 0.96 0.0 0 M M M M M M 3 M M
8 83 65 74 -4 0 9 0.00 0.0 0 M M M M M M M M
9 90 66 78 0 0 13 0.00 0.0 0 M M M M M M M M
10 83 66 75 -3 0 10 0.35 0.0 0 M M M M M M 3 M M
11 72 64 68 -10 0 3 0.04 0.0 0 M M M M M M M M
12 74 63 69 -9 0 4 0.01 0.0 0 M M M M M M M M
13 85 63 74 -4 0 9 0.00 0.0 0 M M M M M M M M
14 88 69 79 0 0 14 0.00 0.0 0 M M M M M M M M
15 78 69 74 -5 0 9 0.82 0.0 0 M M M M M M 3 M M
16 84 67 76 -3 0 11 0.00 0.0 0 M M M M M M M M
17 83 68 76 -3 0 11 0.26 0.0 0 M M M M M M 3 M M
18 82 67 75 -4 0 10 0.00 0.0 0 M M M M M M M M
19 83 65 74 -5 0 9 0.00 0.0 0 M M M M M M M M
20 85 66 76 -3 0 11 0.00 0.0 0 M M M M M M M M
21 86 65 76 -3 0 11 0.00 0.0 0 M M M M M M M M
22 87 67 77 -2 0 12 0.00 0.0 0 M M M M M M M M
23 89 70 80 1 0 15 0.00 0.0 0 M M M M M M 8 M M
24 93 73 83 4 0 18 0.00 0.0 0 M M M M M M M M
25 89 72 81 2 0 16 0.03 0.0 0 M M M M M M M M
26 89 69 79 0 0 14 0.00 0.0 0 M M M M M M M M
27 92 68 80 1 0 15 0.00 M 0 M M M M M M M M
28 95 71 83 4 0 18 0.00 0.0 0 M M M M M M M M
29 96 73 85 6 0 20 0.00 0.0 0 M M M M M M M M
30 95 75 85 6 0 20 0.35 0.0 0 M M M M M M 3 M M
31 86 69 78 -1 0 13 0.06 0.0 0 M M M M M M 3 M M
================================================================================
SM 2666 2100 0 376 3.46 0.0 M M M
================================================================================
AV 86.0 67.7 M FASTST M M M MAX(MPH)
MISC ----> M M M M
================================================================================
NOTES:
# LAST OF SEVERAL OCCURRENCES
COLUMN 17 PEAK WIND IN M.P.H.
PRELIMINARY LOCAL CLIMATOLOGICAL DATA (WS FORM: F-6) , PAGE 2
STATION: PLEASANT HILL NWS MO
MONTH: JULY
YEAR: 2021
LATITUDE: 38 48 N
LONGITUDE: 94 16 W
[TEMPERATURE DATA] [PRECIPITATION DATA] SYMBOLS USED IN COLUMN 16
AVERAGE MONTHLY: 76.9 TOTAL FOR MONTH: 3.46 1 = FOG OR MIST
DPTR FM NORMAL: -1.5 DPTR FM NORMAL: -1.28 2 = FOG REDUCING VISIBILITY
HIGHEST: 96 ON 29 GRTST 24HR 0.96 ON 7- 7 TO 1/4 MILE OR LESS
LOWEST: 63 ON 13,12 3 = THUNDER
SNOW, ICE PELLETS, HAIL 4 = ICE PELLETS
TOTAL MONTH: 0.0 INCH 5 = HAIL
GRTST 24HR 0.0 6 = FREEZING RAIN OR DRIZZLE
GRTST DEPTH: 0 7 = DUSTSTORM OR SANDSTORM:
VSBY 1/2 MILE OR LESS
8 = SMOKE OR HAZE
[NO. OF DAYS WITH] [WEATHER - DAYS WITH] 9 = BLOWING SNOW
X = TORNADO
MAX 32 OR BELOW: 0 0.01 INCH OR MORE: 10
MAX 90 OR ABOVE: 6 0.10 INCH OR MORE: 6
MIN 32 OR BELOW: 0 0.50 INCH OR MORE: 3
MIN 0 OR BELOW: 0 1.00 INCH OR MORE: 0
[HDD (BASE 65) ]
TOTAL THIS MO. 0 CLEAR (SCALE 0-3) 0
DPTR FM NORMAL 0 PTCLDY (SCALE 4-7) 0
TOTAL FM JUL 1 0 CLOUDY (SCALE 8-10) 31
DPTR FM NORMAL 0
[CDD (BASE 65) ]
TOTAL THIS MO. 376
DPTR FM NORMAL -41 [PRESSURE DATA]
TOTAL FM JAN 1 781 HIGHEST SLP M ON M
DPTR FM NORMAL -35 LOWEST SLP M ON M
[REMARKS]
#FINAL-07-21#