000
CXUS55 KEAX 010836
CF6EAX
PRELIMINARY LOCAL CLIMATOLOGICAL DATA (WS FORM: F-6)
STATION: PLEASANT HILL NWS MO
MONTH: FEBRUARY
YEAR: 2021
LATITUDE: 38 48 N
LONGITUDE: 94 16 W
TEMPERATURE IN F: :PCPN: SNOW: WIND :SUNSHINE: SKY :PK WND
================================================================================
1 2 3 4 5 6A 6B 7 8 9 10 11 12 13 14 15 16 17 18
12Z AVG MX 2MIN
DY MAX MIN AVG DEP HDD CDD WTR SNW DPTH SPD SPD DIR MIN PSBL S-S WX SPD DR
================================================================================
1 35 23 29 -1 36 0 0.00 0.0 0 M M M M M M M M
2 40 23 32 2 33 0 0.00 0.0 0 M M M M M M M M
3 58 27 43 13 22 0 0.00 0.0 0 M M M M M M M M
4 45 24 35 5 30 0 0.03 0.4 0 M M M M M M M M
5 42 23 33 2 32 0 T T 0 M M M M M M M M
6 26 7 17 -14 48 0 0.01 0.4 0 M M M M M M M M
7 8 4 6 -25 59 0 0.02 0.2 T M M M M M M M M
8 8 4 6 -25 59 0 0.02 0.6 T M M M M M M M M
9 11 6 9 -23 56 0 T T 1 M M M M M M M M
10 13 8 11 -21 54 0 T 0.2 1 M M M M M M M M
11 13 7 10 -22 55 0 T T 1 M M M M M M M M
12 10 1 6 -26 59 0 T T 1 M M M M M M M M
13 8 -3 3 -30 62 0 T T 1 M M M M M M M M
14 1 -5 -2 -35 67 0 0.13 2.5 3 M M M M M M M M
15 -2 -9 -5 -38 70 0 0.12 1.7 3 M M M M M M M M
16 10 -11 0 -34 65 0 0.00 0.0 4 M M M M M M M M
17 22 2 12 -22 53 0 0.08 1.7 4 M M M M M M M M
18 24 4 14 -20 51 0 T T 5 M M M M M M 1 M M
19 34 7 21 -13 44 0 0.00 0.0 3 M M M M M M M M
20 39 16 28 -7 37 0 0.00 0.0 3 M M M M M M M M
21 42 31 37 2 28 0 0.02 0.0 1 M M M M M M M M
22 58 27 43 7 22 0 0.00 0.0 1 M M M M M M M M
23 67 36 52 16 13 0 0.00 0.0 0 M M M M M M M M
24 49 28 39 3 26 0 0.00 0.0 0 M M M M M M M M
25 45 27 36 -1 29 0 0.00 0.0 0 M M M M M M M M
26 46 31 39 2 26 0 0.00 0.0 0 M M M M M M M M
27 63 32 48 11 17 0 T 0.0 0 M M M M M M M M
28 52 30 41 3 24 0 0.01 0.0 0 M M M M M M M M
================================================================================
SM 867 400 1177 0 0.44 7.7 M M M
================================================================================
AV 31.0 14.3 M FASTST M M M MAX(MPH)
MISC ----> M M M M
================================================================================
NOTES:
# LAST OF SEVERAL OCCURRENCES
COLUMN 17 PEAK WIND IN M.P.H.
PRELIMINARY LOCAL CLIMATOLOGICAL DATA (WS FORM: F-6) , PAGE 2
STATION: PLEASANT HILL NWS MO
MONTH: FEBRUARY
YEAR: 2021
LATITUDE: 38 48 N
LONGITUDE: 94 16 W
[TEMPERATURE DATA] [PRECIPITATION DATA] SYMBOLS USED IN COLUMN 16
AVERAGE MONTHLY: 22.6 TOTAL FOR MONTH: 0.44 1 = FOG OR MIST
DPTR FM NORMAL: -10.7 DPTR FM NORMAL: -1.28 2 = FOG REDUCING VISIBILITY
HIGHEST: 67 ON 23 GRTST 24HR 0.13 ON 14-14 TO 1/4 MILE OR LESS
LOWEST: -11 ON 16 3 = THUNDER
SNOW, ICE PELLETS, HAIL 4 = ICE PELLETS
TOTAL MONTH: 7.7 INCHES 5 = HAIL
GRTST 24HR 2.5 ON 14-14 6 = FREEZING RAIN OR DRIZZLE
GRTST DEPTH: 5 ON 18 7 = DUSTSTORM OR SANDSTORM:
VSBY 1/2 MILE OR LESS
8 = SMOKE OR HAZE
[NO. OF DAYS WITH] [WEATHER - DAYS WITH] 9 = BLOWING SNOW
X = TORNADO
MAX 32 OR BELOW: 13 0.01 INCH OR MORE: 9
MAX 90 OR ABOVE: 0 0.10 INCH OR MORE: 2
MIN 32 OR BELOW: 27 0.50 INCH OR MORE: 0
MIN 0 OR BELOW: 4 1.00 INCH OR MORE: 0
[HDD (BASE 65) ]
TOTAL THIS MO. 1177 CLEAR (SCALE 0-3) 0
DPTR FM NORMAL 291 PTCLDY (SCALE 4-7) 0
TOTAL FM JUL 1 3903 CLOUDY (SCALE 8-10) 28
DPTR FM NORMAL -124
[CDD (BASE 65) ]
TOTAL THIS MO. 0
DPTR FM NORMAL 0 [PRESSURE DATA]
TOTAL FM JAN 1 0 HIGHEST SLP M ON M
DPTR FM NORMAL 0 LOWEST SLP M ON M
[REMARKS]
#FINAL-02-21#