000
CXUS51 KAKQ 010810
CF6ECG
PRELIMINARY LOCAL CLIMATOLOGICAL DATA (WS FORM: F-6)
STATION: ELIZABETH CITY NC
MONTH: DECEMBER
YEAR: 2022
LATITUDE: 36 16 N
LONGITUDE: 76 11 W
TEMPERATURE IN F: :PCPN: SNOW: WIND :SUNSHINE: SKY :PK WND
================================================================================
1 2 3 4 5 6A 6B 7 8 9 10 11 12 13 14 15 16 17 18
12Z AVG MX 2MIN
DY MAX MIN AVG DEP HDD CDD WTR SNW DPTH SPD SPD DIR MIN PSBL S-S WX SPD DR
================================================================================
1 53 29 41 -8 24 0 0.00 0.0 0 8.4 22 340 M M 0 24 340
2 57 27 42 -7 23 0 0.00 0.0 0 3.7 13 100 M M 1 15 110
3 67 50 59 11 6 0 0.13 0.0 0 8.3 16 180 M M 6 1 28 270
4 60 40 50 2 15 0 0.00 0.0 0 10.0 20 20 M M 0 26 30
5 56 30 43 -5 22 0 0.00 0.0 0 6.3 14 50 M M 1 17 50
6 67 49 58 10 7 0 T 0.0 0 5.3 13 150 M M 9 16 190
7 70 58 64 16 1 0 T 0.0 0 6.2 16 210 M M 8 12 19 220
8 63 52 58 10 7 0 0.00 0.0 0 10.2 21 30 M M 7 12 24 30
9 56 43 50 3 15 0 T 0.0 0 11.2 17 360 M M 7 20 360
10 55 40 48 1 17 0 0.00 0.0 0 9.8 16 350 M M 1 29 20
11 58 47 53 6 12 0 0.00 0.0 0 6.1 14 340 M M 7 17 340
12 50 40 45 -2 20 0 0.00 0.0 0 10.6 18 350 M M 7 23 360
13 47 25 36 -10 29 0 0.00 0.0 0 8.0 20 10 M M 6 24 10
14 48 25 37 -9 28 0 T 0.0 0 4.3 10 50 M M 2 13 350
15 65 44 55 9 10 0 0.92 0.0 0 13.5 25 120 M M 10 1 32 110
16 56 41 49 3 16 0 0.00 0.0 0 11.3 21 270 M M 3 27 280
17 53 36 45 -1 20 0 0.00 0.0 0 6.7 15 260 M M 0 29 100
18 50 32 41 -5 24 0 0.00 0.0 0 9.3 20 320 M M 0 26 320
19 44 24 34 -11 31 0 0.00 0.0 0 6.3 14 280 M M 0 20 270
20 45 29 37 -8 28 0 0.00 0.0 0 7.0 13 20 M M 0 17 210
21 50 34 42 -3 23 0 0.00 0.0 0 9.1 16 40 M M 3 19 40
22 61 49 55 10 10 0 0.47 0.0 0 14.1 24 240 M M 8 1 33 140
23 56 20 38 -7 27 0 T 0.0 0 20.9 44 230 M M 10 56 220
24 26 14 20 -24 45 0 0.00 0.0 0 14.8 31 280 M M M 38 290
25 37 18 28 -16 37 0 0.00 0.0 0 8.8 15 250 M M 0 20 260
26 43 19 31 -13 34 0 0.00 0.0 0 3.0 9 180 M M 0 15 350
27 48 19 34 -10 31 0 0.00 0.0 0 1.9 8 70 M M 0 9 60
28 55 23 39 -5 26 0 0.00 0.0 0 1.5 9 260 M M 0 14 200
29 60 25 43 -1 22 0 0.00 0.0 0 2.1 12 210 M M 0 27 210
30 69 35 52 8 13 0 0.00 0.0 0 3.1 14 90 M M 4 29 90
31 67 50 59 15 6 0 1.36 0.0 0 7.2 16 210 M M 8 1 21 210
================================================================================
SM 1692 1067 629 0 2.88 0.0 249.0 M 108
================================================================================
AV 54.6 34.4 8.0 FASTST M M 4 MAX(MPH)
MISC ----> 44 230 56 220
================================================================================
NOTES:
# LAST OF SEVERAL OCCURRENCES
COLUMN 17 PEAK WIND IN M.P.H.
PRELIMINARY LOCAL CLIMATOLOGICAL DATA (WS FORM: F-6) , PAGE 2
STATION: ELIZABETH CITY NC
MONTH: DECEMBER
YEAR: 2022
LATITUDE: 36 16 N
LONGITUDE: 76 11 W
[TEMPERATURE DATA] [PRECIPITATION DATA] SYMBOLS USED IN COLUMN 16
AVERAGE MONTHLY: 44.5 TOTAL FOR MONTH: 2.88 1 = FOG OR MIST
DPTR FM NORMAL: -1.5 DPTR FM NORMAL: -0.23 2 = FOG REDUCING VISIBILITY
HIGHEST: 70 ON 7 GRTST 24HR 1.36 ON 31-31 TO 1/4 MILE OR LESS
LOWEST: 14 ON 24 3 = THUNDER
SNOW, ICE PELLETS, HAIL 4 = ICE PELLETS
TOTAL MONTH: 0.0 INCH 5 = HAIL
GRTST 24HR 0.0 6 = FREEZING RAIN OR DRIZZLE
GRTST DEPTH: 0 7 = DUSTSTORM OR SANDSTORM:
VSBY 1/2 MILE OR LESS
8 = SMOKE OR HAZE
[NO. OF DAYS WITH] [WEATHER - DAYS WITH] 9 = BLOWING SNOW
X = TORNADO
MAX 32 OR BELOW: 1 0.01 INCH OR MORE: 4
MAX 90 OR ABOVE: 0 0.10 INCH OR MORE: 4
MIN 32 OR BELOW: 15 0.50 INCH OR MORE: 2
MIN 0 OR BELOW: 0 1.00 INCH OR MORE: 1
[HDD (BASE 65) ]
TOTAL THIS MO. 629 CLEAR (SCALE 0-3) 16
DPTR FM NORMAL 39 PTCLDY (SCALE 4-7) 9
TOTAL FM JUL 1 1093 CLOUDY (SCALE 8-10) 6
DPTR FM NORMAL -12
[CDD (BASE 65) ]
TOTAL THIS MO. 0
DPTR FM NORMAL -3 [PRESSURE DATA]
TOTAL FM JAN 1 1875 HIGHEST SLP 30.59 ON 2
DPTR FM NORMAL 118 LOWEST SLP 29.43 ON 23
[REMARKS]
#FINAL-12-22#