000
CXUS51 KAKQ 010710
CF6ECG
PRELIMINARY LOCAL CLIMATOLOGICAL DATA (WS FORM: F-6)
STATION: ELIZABETH CITY NC
MONTH: MARCH
YEAR: 2022
LATITUDE: 36 16 N
LONGITUDE: 76 11 W
TEMPERATURE IN F: :PCPN: SNOW: WIND :SUNSHINE: SKY :PK WND
================================================================================
1 2 3 4 5 6A 6B 7 8 9 10 11 12 13 14 15 16 17 18
12Z AVG MX 2MIN
DY MAX MIN AVG DEP HDD CDD WTR SNW DPTH SPD SPD DIR MIN PSBL S-S WX SPD DR
================================================================================
1 67 36 52 5 13 0 0.00 0.0 0 6.6 14 220 M M 1 20 110
2 70 43 57 10 8 0 0.00 0.0 0 7.7 14 100 M M 0 17 100
3 82 45 64 16 1 0 0.00 0.0 0 14.1 26 290 M M 1 33 290
4 49 41 45 -3 20 0 0.00 0.0 0 13.2 29 40 M M 6 33 40
5 64 45 55 7 10 0 0.00 0.0 0 6.7 13 200 M M 7 19 180
6 82 60 71 23 0 6 0.00 0.0 0 15.3 30 220 M M 1 35 220
7 83 63 73 25 0 8 0.00 0.0 0 16.5 30 210 M M 2 42 210
8 71 46 59 10 6 0 0.32 0.0 0 13.4 21 340 M M 6 1 26 360
9 60 45 53 4 12 0 0.90 0.0 0 12.0 23 340 M M 10 1 26 320
10 47 44 46 -3 19 0 0.16 0.0 0 12.7 21 30 M M 8 1 34 20
11 55 45 50 1 15 0 0.16 0.0 0 5.3 13 280 M M 8 1 17 160
12 68 28 48 -2 17 0 0.57 T 0 16.6 38 340 M M 10 138 45 330
13 43 22 33 -17 32 0 0.00 0.0 0 10.8 20 290 M M 0 27 290
14 58 33 46 -4 19 0 0.00 0.0 0 6.4 13 100 M M 0 8 16 100
15 68 37 53 3 12 0 0.00 0.0 0 7.0 16 200 M M 0 19 200
16 71 45 58 7 7 0 T 0.0 0 4.0 13 110 M M 3 18 15 110
17 74 57 66 15 0 1 0.94 0.0 0 10.8 24 250 M M 8 13 31 250
18 72 52 62 11 3 0 0.00 0.0 0 7.5 17 220 M M 2 1 26 190
19 80 63 72 20 0 7 0.00 0.0 0 13.8 25 240 M M 3 34 140
20 70 50 60 8 5 0 0.00 0.0 0 14.8 29 310 M M 2 34 280
21 67 42 55 3 10 0 0.00 0.0 0 9.5 21 340 M M 0 29 330
22 73 46 60 8 5 0 0.00 0.0 0 8.6 15 220 M M 0 20 130
23 73 52 63 10 2 0 0.03 0.0 0 9.1 20 180 M M 5 27 170
24 70 63 67 14 0 2 1.04 0.0 0 12.8 25 210 M M 9 13 32 220
25 67 53 60 7 5 0 0.15 0.0 0 8.0 16 210 M M 7 1 27 110
26 60 40 50 -4 15 0 0.00 0.0 0 15.1 31 250 M M 1 39 250
27 55 36 46 -8 19 0 0.00 0.0 0 13.7 24 290 M M 1 32 270
28 56 28 42 -12 23 0 0.00 0.0 0 13.9 29 280 M M 0 37 270
29 51 30 41 -14 24 0 0.00 0.0 0 9.4 20 340 M M 0 25 350
30 63 39 51 -4 14 0 0.00 0.0 0 8.5 17 190 M M 7 27 190
31 75 62 69 14 0 4 0.06 0.0 0 17.3 29 180 M M 5 13 43 180
================================================================================
SM 2044 1391 316 28 4.33 T 341.1 M 113
================================================================================
AV 65.9 44.9 11.0 FASTST M M 4 MAX(MPH)
MISC ----> 38 340 45 330
================================================================================
NOTES:
# LAST OF SEVERAL OCCURRENCES
COLUMN 17 PEAK WIND IN M.P.H.
PRELIMINARY LOCAL CLIMATOLOGICAL DATA (WS FORM: F-6) , PAGE 2
STATION: ELIZABETH CITY NC
MONTH: MARCH
YEAR: 2022
LATITUDE: 36 16 N
LONGITUDE: 76 11 W
[TEMPERATURE DATA] [PRECIPITATION DATA] SYMBOLS USED IN COLUMN 16
AVERAGE MONTHLY: 55.4 TOTAL FOR MONTH: 4.33 1 = FOG OR MIST
DPTR FM NORMAL: 4.5 DPTR FM NORMAL: 0.74 2 = FOG REDUCING VISIBILITY
HIGHEST: 83 ON 7 GRTST 24HR 1.22 ON 8- 9 TO 1/4 MILE OR LESS
LOWEST: 22 ON 13 3 = THUNDER
SNOW, ICE PELLETS, HAIL 4 = ICE PELLETS
TOTAL MONTH: T 5 = HAIL
GRTST 24HR T ON 12-12 6 = FREEZING RAIN OR DRIZZLE
GRTST DEPTH: 0 7 = DUSTSTORM OR SANDSTORM:
VSBY 1/2 MILE OR LESS
8 = SMOKE OR HAZE
[NO. OF DAYS WITH] [WEATHER - DAYS WITH] 9 = BLOWING SNOW
X = TORNADO
MAX 32 OR BELOW: 0 0.01 INCH OR MORE: 10
MAX 90 OR ABOVE: 0 0.10 INCH OR MORE: 8
MIN 32 OR BELOW: 4 0.50 INCH OR MORE: 4
MIN 0 OR BELOW: 0 1.00 INCH OR MORE: 1
[HDD (BASE 65) ]
TOTAL THIS MO. 316 CLEAR (SCALE 0-3) 18
DPTR FM NORMAL -130 PTCLDY (SCALE 4-7) 9
TOTAL FM JUL 1 2449 CLOUDY (SCALE 8-10) 4
DPTR FM NORMAL -356
[CDD (BASE 65) ]
TOTAL THIS MO. 28
DPTR FM NORMAL 19 [PRESSURE DATA]
TOTAL FM JAN 1 33 HIGHEST SLP M ON M
DPTR FM NORMAL 21 LOWEST SLP 29.23 ON 12
[REMARKS]
#FINAL-03-22#