000
CXUS55 KGJT 010959
CLMEEO
CLIMATE REPORT
NATIONAL WEATHER SERVICE GRAND JUNCTION CO
359 AM MDT WED NOV 01 2023
...................................
...THE MEEKER CO CLIMATE SUMMARY FOR THE MONTH OF OCTOBER 2023...
CLIMATE NORMAL PERIOD 1991 TO 2020
CLIMATE RECORD PERIOD 9999 TO 9999
WEATHER OBSERVED NORMAL DEPART LAST YEAR`S
VALUE DATE(S) VALUE FROM VALUE DATE(S)
NORMAL
................................................................
TEMPERATURE (F)
HIGHEST 76 10/20 MM MM 71 10/20
LOWEST 7 10/30 MM MM 16 10/28
AVG. MAXIMUM 61.9 61.9 0.0 61.0
AVG. MINIMUM 27.7 29.5 -1.8 28.5
MEAN 44.8 45.7 -0.9 44.7
DAYS MAX >= 90 0 0.1 -0.1 0
DAYS MAX <= 32 0 0.3 -0.3 0
DAYS MIN <= 32 25 21.1 3.9 23
DAYS MIN <= 0 0 0.2 -0.2 0
PRECIPITATION (INCHES)
TOTALS 1.22 1.60 -0.38 1.46
DAILY AVG. 0.04 0.05 -0.01 0.05
DAYS >= .01 7 8.5 -1.5 6
DAYS >= .10 5 4.8 0.2 5
DAYS >= .50 0 0.7 -0.7 1
DAYS >= 1.00 0 0.0 0.0 0
GREATEST
24 HR. TOTAL 0.54 10/11 TO 10/12 0.93
SNOWFALL (INCHES)
TOTALS MM MM MM MM
SINCE 7/1 MM MM MM MM
SNOWDEPTH AVG. MM MM
DAYS >= 1.0 MM MM MM MM
GREATEST
SNOW DEPTH MM MM MM
24 HR TOTAL MM MM
DEGREE DAYS
HEATING TOTAL 617 598 19 621
SINCE 7/1 875 837 38 795
COOLING TOTAL 0 0 0 0
SINCE 1/1 187 244 -57 293
................................................................
WIND (MPH)
AVERAGE WIND SPEED 4.7
HIGHEST WIND SPEED/DIRECTION 33/200 DATE 10/26
HIGHEST GUST SPEED/DIRECTION 50/210 DATE 10/26
SKY COVER
POSSIBLE SUNSHINE (PERCENT) MM
AVERAGE SKY COVER 0.24
NUMBER OF DAYS FAIR 23
NUMBER OF DAYS PC 5
NUMBER OF DAYS CLOUDY 3
AVERAGE RH (PERCENT) 58
WEATHER CONDITIONS. NUMBER OF DAYS WITH
THUNDERSTORM 1 MIXED PRECIP 0
HEAVY RAIN 3 RAIN 5
LIGHT RAIN 8 FREEZING RAIN 0
LT FREEZING RAIN 0 HAIL 0
HEAVY SNOW 0 SNOW 2
LIGHT SNOW 3 SLEET 0
FOG 6 FOG W/VIS <= 1/4 MILE 1
HAZE 4
- INDICATES NEGATIVE NUMBERS.
R INDICATES RECORD WAS SET OR TIED.
MM INDICATES DATA IS MISSING.
T INDICATES TRACE AMOUNT.
$$