000
CXUS56 KEKA 012231
CF6EKA
PRELIMINARY LOCAL CLIMATOLOGICAL DATA (WS FORM: F-6)
STATION: EUREKA CA
MONTH: APRIL
YEAR: 2022
LATITUDE: 40 47 N
LONGITUDE: 124 10 W
TEMPERATURE IN F: :PCPN: SNOW: WIND :SUNSHINE: SKY :PK WND
================================================================================
1 2 3 4 5 6A 6B 7 8 9 10 11 12 13 14 15 16 17 18
12Z AVG MX 2MIN
DY MAX MIN AVG DEP HDD CDD WTR SNW DPTH SPD SPD DIR MIN PSBL S-S WX SPD DR
================================================================================
1 55 42 49 -1 16 0 0.00 0.0 0 5.8 14 360 M M 5 17 M
2 55 40 48 -2 17 0 0.00 0.0 0 7.6 14 340 M M 0 22 340
3 55 40 48 -2 17 0 0.00 0.0 0 3.0 9 330 M M 7 14 360
4 54 44 49 -1 16 0 0.39 0.0 0 4.8 13 270 M M 9 1 15 M
5 55 39 47 -3 18 0 0.00 0.0 0 6.0 16 360 M M 1 1 22 M
6 60 38 49 -1 16 0 0.00 0.0 0 3.0 7 340 M M 1 8 10 M
7 63 41 52 2 13 0 0.00 0.0 0 2.6 8 340 M M 4 1 10 M
8 55 46 51 1 14 0 T 0.0 0 11.9 18 360 M M 6 1 24 10
9 53 44 49 -1 16 0 0.00 0.0 0 14.8 21 10 M M 0 35 10
10 54 40 47 -3 18 0 0.20 0.0 0 8.9 14 350 M M 4 1 21 M
11 50 42 46 -4 19 0 0.53 T 0 11.5 21 310 M M 8 15 31 M
12 52 38 45 -5 20 0 0.21 0.0 0 5.6 12 270 M M 7 15 M
13 53 42 48 -3 17 0 0.70 0.0 0 7.6 14 160 M M 10 1 21 160
14 52 37 45 -6 20 0 0.27 0.0 0 5.0 10 360 M M 7 1 14 M
15 49 33 41 -10 24 0 0.35 0.0 0 3.5 8 350 M M 9 10 M
16 53 40 47 -4 18 0 0.32 0.0 0 5.8 9 20 M M 3 14 M
17 55 37 46 -5 19 0 0.00 0.0 0 4.9 10 290 M M 5 14 0
18 56 39 48 -3 17 0 0.93 0.0 0 8.8 16 190 M M 10 26 160
19 57 42 50 -1 15 0 0.06 0.0 0 6.8 12 260 M M 7 16 M
20 61 47 54 3 11 0 0.28 0.0 0 9.7 18 180 M M 10 1 39 170
21 60 44 52 1 13 0 0.13 0.0 0 6.8 12 180 M M 8 20 210
22 57 43 50 -1 15 0 0.03 0.0 0 4.7 12 290 M M 5 12 290
23 54 44 49 -2 16 0 0.00 0.0 0 3.6 9 30 M M 9 1 9 M
24 56 45 51 0 14 0 0.00 0.0 0 3.3 9 310 M M 6 12 M
25 57 44 51 0 14 0 0.00 0.0 0 3.9 8 10 M M 9 8 11 M
26 57 43 50 -2 15 0 0.00 0.0 0 5.5 12 360 M M 2 16 M
27 56 42 49 -3 16 0 0.00 0.0 0 5.0 12 350 M M 5 16 M
28 57 43 50 -2 15 0 0.01 0.0 0 3.3 12 300 M M 4 13 M
29 58 39 49 -3 16 0 T 0.0 0 2.3 7 340 M M 6 9 M
30 59 49 54 2 11 0 0.16 0.0 0 3.6 8 340 M M 9 1 15 M
================================================================================
SM 1668 1247 486 0 4.57 T 179.6 M 176
================================================================================
AV 55.6 41.6 6.0 FASTST M M 6 MAX(MPH)
MISC ----> # 21 10 39 170
================================================================================
NOTES:
# LAST OF SEVERAL OCCURRENCES
COLUMN 17 PEAK WIND IN M.P.H.
PRELIMINARY LOCAL CLIMATOLOGICAL DATA (WS FORM: F-6) , PAGE 2
STATION: EUREKA CA
MONTH: APRIL
YEAR: 2022
LATITUDE: 40 47 N
LONGITUDE: 124 10 W
[TEMPERATURE DATA] [PRECIPITATION DATA] SYMBOLS USED IN COLUMN 16
AVERAGE MONTHLY: 48.6 TOTAL FOR MONTH: 4.57 1 = FOG OR MIST
DPTR FM NORMAL: -2.2 DPTR FM NORMAL: 0.93 2 = FOG REDUCING VISIBILITY
HIGHEST: 63 ON 7 GRTST 24HR 0.99 ON 18-19 TO 1/4 MILE OR LESS
LOWEST: 33 ON 15 3 = THUNDER
SNOW, ICE PELLETS, HAIL 4 = ICE PELLETS
TOTAL MONTH: T 5 = HAIL
GRTST 24HR T ON 11-11 6 = FREEZING RAIN OR DRIZZLE
GRTST DEPTH: 0 7 = DUSTSTORM OR SANDSTORM:
VSBY 1/2 MILE OR LESS
8 = SMOKE OR HAZE
[NO. OF DAYS WITH] [WEATHER - DAYS WITH] 9 = BLOWING SNOW
X = TORNADO
MAX 32 OR BELOW: 0 0.01 INCH OR MORE: 15
MAX 90 OR ABOVE: 0 0.10 INCH OR MORE: 12
MIN 32 OR BELOW: 0 0.50 INCH OR MORE: 3
MIN 0 OR BELOW: 0 1.00 INCH OR MORE: 0
[HDD (BASE 65) ]
TOTAL THIS MO. 486 CLEAR (SCALE 0-3) 6
DPTR FM NORMAL 60 PTCLDY (SCALE 4-7) 16
TOTAL FM JUL 1 4031 CLOUDY (SCALE 8-10) 8
DPTR FM NORMAL 147
[CDD (BASE 65) ]
TOTAL THIS MO. 0
DPTR FM NORMAL 0 [PRESSURE DATA]
TOTAL FM JAN 1 0 HIGHEST SLP M ON M
DPTR FM NORMAL 0 LOWEST SLP 29.65 ON 20
[REMARKS]
#FINAL-04-22#