826
CXUS56 KEKA 040146
CF6EKA
PRELIMINARY LOCAL CLIMATOLOGICAL DATA (WS FORM: F-6)
STATION: EUREKA CA
MONTH: JUNE
YEAR: 2020
LATITUDE: 40 47 N
LONGITUDE: 124 10 W
TEMPERATURE IN F: :PCPN: SNOW: WIND :SUNSHINE: SKY :PK WND
================================================================================
1 2 3 4 5 6A 6B 7 8 9 10 11 12 13 14 15 16 17 18
12Z AVG MX 2MIN
DY MAX MIN AVG DEP HDD CDD WTR SNW DPTH SPD SPD DIR MIN PSBL S-S WX SPD DR
================================================================================
1 62 50 56 1 9 0 0.00 0.0 0 4.4 12 330 M M 2 14 M
2 62 49 56 1 9 0 0.00 0.0 0 4.4 12 360 M M 1 14 M
3 62 49 56 1 9 0 0.00 0.0 0 5.6 12 340 M M 4 15 M
4 60 50 55 0 10 0 0.00 0.0 0 4.9 9 360 M M 4 1 16 M
5 60 50 55 -1 10 0 0.02 0.0 0 2.5 6 360 M M 10 1 8 M
6 62 51 57 1 8 0 T 0.0 0 5.9 10 330 M M 7 1 15 M
7 59 49 54 -2 11 0 0.09 0.0 0 5.3 10 290 M M 3 13 M
8 62 44 53 -3 12 0 0.00 0.0 0 3.3 9 310 M M 3 12 M
9 67 47 57 1 8 0 0.00 0.0 0 3.0 7 310 M M 3 9 M
10 70 54 62 6 3 0 0.00 0.0 0 3.3 8 M M M 5 1 12 M
11 65 54 60 4 5 0 0.00 0.0 0 5.6 9 30 M M 10 10 M
12 62 54 58 2 7 0 0.02 0.0 0 5.2 12 320 M M 9 1 13 M
13 63 54 59 3 6 0 T 0.0 0 4.5 13 300 M M 8 13 M
14 66 55 61 5 4 0 0.00 0.0 0 3.3 8 350 M M 6 10 M
15 63 52 58 2 7 0 0.07 0.0 0 4.5 12 300 M M 9 1 13 M
16 64 52 58 2 7 0 0.00 0.0 0 6.4 12 10 M M 4 16 M
17 64 49 57 1 8 0 0.00 0.0 0 7.1 16 10 M M 0 24 10
18 64 49 57 1 8 0 0.00 0.0 0 3.0 9 350 M M 4 12 M
19 60 51 56 0 9 0 0.00 0.0 0 4.1 7 290 M M 8 1 12 M
20 66 53 60 4 5 0 T 0.0 0 3.4 7 340 M M 8 1 9 M
21 64 55 60 3 5 0 T 0.0 0 7.1 10 360 M M 8 1 16 M
22 65 54 60 3 5 0 0.00 0.0 0 4.2 7 320 M M 4 1 9 M
23 64 53 59 2 6 0 0.00 0.0 0 5.2 10 290 M M 3 13 M
24 65 54 60 3 5 0 0.00 0.0 0 5.0 9 320 M M 9 18 13 M
25 61 54 58 1 7 0 T 0.0 0 5.2 10 350 M M 7 1 10 M
26 62 53 58 1 7 0 0.00 0.0 0 4.7 12 320 M M 4 2 12 M
27 64 M M M M M 0.00 0.0 0 6.6 12 340 M M 7 1 20 M
28 61 51 56 -1 9 0 0.00 0.0 0 10.1 17 360 M M 1 27 350
29 61 48 55 -2 10 0 0.00 0.0 0 6.7 14 350 M M 1 26 10
30 64 51 58 1 7 0 0.00 0.0 0 6.5 13 350 M M 4 17 330
================================================================================
SM 1894 1489 216 0 0.20 0.0 151.0 M 156
================================================================================
AV 63.1 51.3 5.0 FASTST M M 5 MAX(MPH)
MISC ----> # 17 360 # 27 350
================================================================================
NOTES:
# LAST OF SEVERAL OCCURRENCES
COLUMN 17 PEAK WIND IN M.P.H.
PRELIMINARY LOCAL CLIMATOLOGICAL DATA (WS FORM: F-6) , PAGE 2
STATION: EUREKA CA
MONTH: JUNE
YEAR: 2020
LATITUDE: 40 47 N
LONGITUDE: 124 10 W
[TEMPERATURE DATA] [PRECIPITATION DATA] SYMBOLS USED IN COLUMN 16
AVERAGE MONTHLY: 57.2 TOTAL FOR MONTH: 0.20 1 = FOG OR MIST
DPTR FM NORMAL: 1.1 DPTR FM NORMAL: -0.55 2 = FOG REDUCING VISIBILITY
HIGHEST: 70 ON 10 GRTST 24HR 0.09 ON 7- 7 TO 1/4 MILE OR LESS
LOWEST: 44 ON 8 3 = THUNDER
SNOW, ICE PELLETS, HAIL 4 = ICE PELLETS
TOTAL MONTH: 0.0 INCH 5 = HAIL
GRTST 24HR 0.0 6 = FREEZING RAIN OR DRIZZLE
GRTST DEPTH: 0 7 = DUSTSTORM OR SANDSTORM:
VSBY 1/2 MILE OR LESS
8 = SMOKE OR HAZE
[NO. OF DAYS WITH] [WEATHER - DAYS WITH] 9 = BLOWING SNOW
X = TORNADO
MAX 32 OR BELOW: 0 0.01 INCH OR MORE: 4
MAX 90 OR ABOVE: 0 0.10 INCH OR MORE: 0
MIN 32 OR BELOW: 0 0.50 INCH OR MORE: 0
MIN 0 OR BELOW: 0 1.00 INCH OR MORE: 0
[HDD (BASE 65) ]
TOTAL THIS MO. 216 CLEAR (SCALE 0-3) 7
DPTR FM NORMAL -50 PTCLDY (SCALE 4-7) 17
TOTAL FM JUL 1 4122 CLOUDY (SCALE 8-10) 6
DPTR FM NORMAL -312
[CDD (BASE 65) ]
TOTAL THIS MO. 0
DPTR FM NORMAL 0 [PRESSURE DATA]
TOTAL FM JAN 1 0 HIGHEST SLP 30.31 ON 8
DPTR FM NORMAL 0 LOWEST SLP 29.80 ON 5
[REMARKS]
#FINAL-06-20#