000
CXUS56 KLKN 011210
CF6ELY
PRELIMINARY LOCAL CLIMATOLOGICAL DATA (WS FORM: F-6)
STATION: ELY AIRPORT NV
MONTH: MAY
YEAR: 2023
LATITUDE: 39 16 N
LONGITUDE: 114 51 W
TEMPERATURE IN F: :PCPN: SNOW: WIND :SUNSHINE: SKY :PK WND
================================================================================
1 2 3 4 5 6A 6B 7 8 9 10 11 12 13 14 15 16 17 18
12Z AVG MX 2MIN
DY MAX MIN AVG DEP HDD CDD WTR SNW DPTH SPD SPD DIR MIN PSBL S-S WX SPD DR
================================================================================
1 73 41 57 10 8 0 0.00 0.0 0 19.3 38 160 M M 0 54 160
2 65 39 52 5 13 0 0.00 0.0 0 19.5 33 160 M M 0 45 160
3 67 31 49 2 16 0 0.04 0.0 0 15.7 41 140 M M 2 56 180
4 50 35 43 -5 22 0 0.11 0.2 T 12.7 35 180 M M 7 13 45 180
5 51 32 42 -6 23 0 0.01 0.0 0 9.3 28 250 M M 7 40 250
6 48 29 39 -9 26 0 0.16 T 0 5.6 31 200 M M 7 13 41 190
7 58 32 45 -4 20 0 0.04 M M 5.7 21 240 M M 7 1 29 240
8 64 29 47 -2 18 0 0.00 0.0 0 7.2 29 300 M M 4 38 180
9 62 31 47 -2 18 0 0.00 0.0 0 8.9 20 20 M M 1 26 20
10 61 30 46 -4 19 0 T 0.0 0 7.6 25 310 M M 3 33 320
11 64 29 47 -3 18 0 0.00 0.0 0 6.6 13 360 M M 2 19 310
12 68 30 49 -1 16 0 0.00 0.0 0 8.4 20 40 M M 0 29 350
13 66 34 50 0 15 0 T 0.0 0 10.5 28 10 M M 1 37 360
14 60 33 47 -4 18 0 0.12 0.0 0 10.3 31 230 M M 5 13 49 220
15 73 41 57 6 8 0 T 0.0 0 8.3 25 190 M M 4 35 190
16 76 39 58 6 7 0 0.02 0.0 0 7.1 22 30 M M 3 29 40
17 73 41 57 5 8 0 T 0.0 0 8.3 26 140 M M 4 3 36 220
18 74 37 56 4 9 0 0.02 0.0 0 7.9 24 300 M M 2 38 33 260
19 76 37 57 5 8 0 0.00 0.0 0 7.0 16 360 M M 0 24 20
20 78 38 58 5 7 0 0.00 0.0 0 6.8 16 40 M M 0 22 30
21 78 40 59 6 6 0 0.05 0.0 0 7.9 24 220 M M 1 3 33 220
22 73 46 60 7 5 0 0.07 0.0 0 9.5 30 330 M M 4 3 43 330
23 69 42 56 2 9 0 0.10 0.0 0 13.4 33 150 M M 5 1 46 140
24 71 40 56 2 9 0 0.03 0.0 0 10.1 29 210 M M 4 41 180
25 70 35 53 -1 12 0 T 0.0 0 10.0 33 160 M M 3 3 45 160
26 68 34 51 -4 14 0 T 0.0 0 8.3 25 170 M M 4 35 200
27 70 39 55 0 10 0 0.00 0.0 0 6.0 16 260 M M 6 23 270
28 71 44 58 3 7 0 0.01 0.0 0 10.4 28 30 M M 7 37 30
29 74 38 56 0 9 0 0.00 0.0 0 9.1 22 150 M M 1 1 33 200
30 74 38 56 0 9 0 0.00 0.0 0 7.7 30 170 M M 1 46 180
31 69 36 53 -3 12 0 T 0.0 0 8.3 21 330 M M 3 28 330
================================================================================
SM 2094 1120 399 0 0.78 0.2 293.4 M 98
================================================================================
AV 67.5 36.1 9.5 FASTST M M 3 MAX(MPH)
MISC ----> 41 140 56 180
================================================================================
NOTES:
# LAST OF SEVERAL OCCURRENCES
COLUMN 17 PEAK WIND IN M.P.H.
PRELIMINARY LOCAL CLIMATOLOGICAL DATA (WS FORM: F-6) , PAGE 2
STATION: ELY AIRPORT NV
MONTH: MAY
YEAR: 2023
LATITUDE: 39 16 N
LONGITUDE: 114 51 W
[TEMPERATURE DATA] [PRECIPITATION DATA] SYMBOLS USED IN COLUMN 16
AVERAGE MONTHLY: 51.8 TOTAL FOR MONTH: 0.78 1 = FOG OR MIST
DPTR FM NORMAL: 0.3 DPTR FM NORMAL: -0.27 2 = FOG REDUCING VISIBILITY
HIGHEST: 78 ON 21,20 GRTST 24HR 0.19 ON 6- 7 TO 1/4 MILE OR LESS
LOWEST: 29 ON 11, 8 3 = THUNDER
SNOW, ICE PELLETS, HAIL 4 = ICE PELLETS
TOTAL MONTH: 0.2 INCH 5 = HAIL
GRTST 24HR 0.2 ON 4- 4 6 = FREEZING RAIN OR DRIZZLE
GRTST DEPTH: T 7 = DUSTSTORM OR SANDSTORM:
VSBY 1/2 MILE OR LESS
8 = SMOKE OR HAZE
[NO. OF DAYS WITH] [WEATHER - DAYS WITH] 9 = BLOWING SNOW
X = TORNADO
MAX 32 OR BELOW: 0 0.01 INCH OR MORE: 13
MAX 90 OR ABOVE: 0 0.10 INCH OR MORE: 4
MIN 32 OR BELOW: 9 0.50 INCH OR MORE: 0
MIN 0 OR BELOW: 0 1.00 INCH OR MORE: 0
[HDD (BASE 65) ]
TOTAL THIS MO. 399 CLEAR (SCALE 0-3) 17
DPTR FM NORMAL -23 PTCLDY (SCALE 4-7) 14
TOTAL FM JUL 1 7932 CLOUDY (SCALE 8-10) 0
DPTR FM NORMAL 913
[CDD (BASE 65) ]
TOTAL THIS MO. 0
DPTR FM NORMAL -2 [PRESSURE DATA]
TOTAL FM JAN 1 0 HIGHEST SLP 30.24 ON 15
DPTR FM NORMAL -2 LOWEST SLP 29.39 ON 1
[REMARKS]
#FINAL-05-23#