000
CXUS51 KCLE 011754
CLMERI
CLIMATE REPORT
NATIONAL WEATHER SERVICE CLEVELAND, OH
154 PM EDT MON APR 01 2024
...................................
...THE ERIE PA CLIMATE SUMMARY FOR THE MONTH OF MARCH 2024...
CLIMATE NORMAL PERIOD 1991 TO 2020
CLIMATE RECORD PERIOD 1873 TO 2024
WEATHER OBSERVED NORMAL DEPART LAST YEAR`S
VALUE DATE(S) VALUE FROM VALUE
NORMAL
..............................................................
TEMPERATURE (F)
RECORD
HIGH 82 03/31/1998
03/30/1998
03/28/1945
LOW -10 03/12/1948
HIGHEST 76 03/04
LOWEST 20 03/22
AVG. MAXIMUM 50.4 44.3 6.1 43.0
AVG. MINIMUM 34.1 27.9 6.2 29.9
MEAN 42.3 36.1 6.2 36.4
DAYS MAX >= 90 0 0.0 0.0 0
DAYS MAX <= 32 1 6.1 -5.1 3
DAYS MIN <= 32 13 21.8 -8.8 23
DAYS MIN <= 0 0 0.1 -0.1 0
PRECIPITATION (INCHES)
RECORD
MAXIMUM 7.36 1913
MINIMUM 0.53 1910
TOTALS 1.92 3.08 -1.16 4.68
DAYS >= .01 16 14.3 1.7 17
DAYS >= .10 8 8.2 -0.2 8
DAYS >= .50 0 1.5 -1.5 5
DAYS >= 1.00 0 0.3 -0.3 0
GREATEST
24 HR. TOTAL 0.32 03/09 TO 03/10 0.92
SNOWFALL (INCHES)
RECORDS
TOTAL 36.0 2018
TOTALS 2.5 14.5 -12.0 9.8
SINCE 7/1 24.8 101.7 -76.9 52.0
DAYS >= 1.0 0 3.7 -3.7 2
GREATEST
24 HR TOTAL 0.7 03/20 TO 03/20
DEGREE DAYS
HEATING TOTAL 698 897 -199 877
SINCE 7/1 MM 5086 MM 4726
COOLING TOTAL 0 1 -1 0
SINCE 1/1 0 1 -1 0
..............................................................
WIND (MPH)
AVERAGE WIND SPEED 10.7
HIGHEST WIND SPEED/DIRECTION 39/140 DATE 03/26
HIGHEST GUST SPEED/DIRECTION 56/160 DATE 03/26
SKY COVER
AVERAGE SKY COVER 0.59
AVERAGE RH (PERCENT) 67
WEATHER CONDITIONS. NUMBER OF DAYS WITH
THUNDERSTORM 2 MIXED PRECIP 0
HEAVY RAIN 1 RAIN 3
LIGHT RAIN 12 FREEZING RAIN 0
LT FREEZING RAIN 0 HAIL 0
HEAVY SNOW 0 SNOW 4
LIGHT SNOW 8 SLEET 0
FOG 18 FOG W/VIS <= 1/4 MILE 6
HAZE 5
- INDICATES NEGATIVE NUMBERS.
R INDICATES RECORD WAS SET OR TIED.
MM INDICATES DATA IS MISSING.
T INDICATES TRACE AMOUNT.
$$