000
CXUS53 KPAH 012010
CLSEVV
CLIMATE REPORT
NATIONAL WEATHER SERVICE PADUCAH
310 PM CDT TUE SEP 01 2020
...................................
...THE EVANSVILLE IN CLIMATE SUMMARY FOR THE SUMMER SEASON, FROM
6/1/2020 TO 8/31/2020...
CLIMATE NORMAL PERIOD 1981 TO 2010
CLIMATE RECORD PERIOD 1896 TO 2020
WEATHER OBSERVED NORMAL DEPART LAST YEAR`S
VALUE DATE(S) VALUE FROM VALUE
NORMAL
..............................................................
TEMPERATURE (F)
RECORD
HIGH 111 07/28/1930
LOW 41 06/01/1966
06/02/1956
HIGHEST 95 07/07 88 7
LOWEST 52 06/01 65 -13
AVG. MAXIMUM 87.1 87.4 -0.3
AVG. MINIMUM 67.3 65.6 1.7
MEAN 77.3 76.5 0.8
DAYS MAX >= 90 33 32.8 0.2
DAYS MAX <= 32 0 0.0 0.0
DAYS MIN <= 32 0 0.0 0.0
DAYS MIN <= 0 0 0.0 0.0
PRECIPITATION (INCHES)
RECORD
MAXIMUM 19.83 1977
MINIMUM 2.59 1936
TOTALS 19.55 10.68 8.87
DAILY AVG. 0.21 0.12 0.09
DAYS >= .01 30 25.8 4.2
DAYS >= .10 25 17.1 7.9
DAYS >= .50 12 7.3 4.7
DAYS >= 1.00 9 3.0 6.0
GREATEST
24 HR. TOTAL 3.36 06/27 TO 06/28
STORM TOTAL 2.28
(MM/DD(HH))
SNOWFALL (INCHES)
TOTALS 0.0
LIQUID EQUIV 0.00
SINCE 7/1 0.0
LIQUID 7/1 0.00
SNOWDEPTH AVG. 0
DAYS >= TRACE 0
DAYS >= 1.0 0
GREATEST
SNOW DEPTH 0
24 HR TOTAL 0.0
STORM TOTAL 0.0
(MM/DD(HH))
DEGREE DAYS
HEATING TOTAL 0 7 -7
SINCE 7/1 0 0 0
COOLING TOTAL 1153 1065 88
SINCE 1/1 1278 1199 79
FREEZE DATES
RECORD
EARLIEST 10/03/1974
LATEST 05/10/1966
EARLIEST MM
LATEST 04/18
..............................................................
WIND (MPH)
AVERAGE WIND SPEED 4.9
HIGHEST WIND SPEED/DIRECTION 36/230 DATE 06/29
HIGHEST GUST SPEED/DIRECTION 49/230 DATE 06/29
SKY COVER
POSSIBLE SUNSHINE (PERCENT) MM
AVERAGE SKY COVER 0.28
NUMBER OF DAYS FAIR 40
NUMBER OF DAYS PC 20
NUMBER OF DAYS CLOUDY 2
AVERAGE RH (PERCENT) 69
WEATHER CONDITIONS. NUMBER OF DAYS WITH
THUNDERSTORM 30 MIXED PRECIP 0
HEAVY RAIN 20 RAIN 22
LIGHT RAIN 38 FREEZING RAIN 0
LT FREEZING RAIN 0 HAIL 0
HEAVY SNOW 0 SNOW 0
LIGHT SNOW 0 SLEET 0
FOG 50 FOG W/VIS <= 1/4 MILE 6
HAZE 25
- INDICATES NEGATIVE NUMBERS.
R INDICATES RECORD WAS SET OR TIED.
MM INDICATES DATA IS MISSING.
T INDICATES TRACE AMOUNT.
$$