000
CXUS51 KOKX 011010
CF6EWR
PRELIMINARY LOCAL CLIMATOLOGICAL DATA (WS FORM: F-6)
STATION: NEWARK NJ
MONTH: FEBRUARY
YEAR: 2024
LATITUDE: 40 42 N
LONGITUDE: 74 10 W
TEMPERATURE IN F: :PCPN: SNOW: WIND :SUNSHINE: SKY :PK WND
================================================================================
1 2 3 4 5 6A 6B 7 8 9 10 11 12 13 14 15 16 17 18
12Z AVG MX 2MIN
DY MAX MIN AVG DEP HDD CDD WTR SNW DPTH SPD SPD DIR MIN PSBL S-S WX SPD DR
================================================================================
1 47 32 40 7 25 0 0.00 0.0 0 5.9 15 270 M M 9 20 260
2 46 39 43 10 22 0 0.20 0.0 0 9.5 21 360 M M 9 1 26 360
3 47 33 40 7 25 0 0.00 0.0 0 11.1 21 350 M M 5 25 360
4 50 29 40 7 25 0 0.00 0.0 0 7.5 13 10 M M 1 18 360
5 48 30 39 6 26 0 0.00 0.0 0 12.8 23 10 M M 1 28 360
6 45 27 36 3 29 0 0.00 0.0 0 10.2 22 10 M M 0 25 10
7 50 29 40 6 25 0 0.00 0.0 0 5.8 14 360 M M 3 17 360
8 54 32 43 9 22 0 0.00 0.0 0 3.3 10 80 M M 6 13 80
9 56 41 49 15 16 0 0.00 0.0 0 4.4 12 110 M M 7 17 110
10 60 42 51 17 14 0 0.00 0.0 0 5.9 14 220 M M 10 17 230
11 52 44 48 14 17 0 0.00 0.0 0 9.3 18 330 M M 9 23 320
12 49 36 43 9 22 0 T T 0 6.3 13 40 M M 9 4 15 30
13 42 33 38 3 27 0 0.58 4.9 1 13.7 25 10 M M 8 124 29 10
14 39 30 35 0 30 0 0.00 0.0 2 17.7 33 300 M M 3 41 300
15 39 27 33 -2 32 0 T T 1 8.4 21 310 M M 5 30 310
16 45 34 40 5 25 0 T T T 15.7 33 290 M M 5 43 310
17 37 27 32 -4 33 0 0.33 4.2 4 9.2 24 290 M M 8 1 32 290
18 41 19 30 -6 35 0 0.00 0.0 2 13.8 31 250 M M 2 41 250
19 43 26 35 -1 30 0 0.00 0.0 T 10.0 26 320 M M 1 35 320
20 40 24 32 -4 33 0 0.00 0.0 0 4.7 12 10 M M 2 13 360
21 41 24 33 -3 32 0 0.00 0.0 0 4.4 12 100 M M 7 15 90
22 46 31 39 2 26 0 0.04 0.0 0 5.8 13 130 M M 9 1 16 120
23 49 42 46 9 19 0 0.03 0.0 0 5.9 13 340 M M 9 18 19 310
24 46 29 38 1 27 0 0.00 0.0 0 12.0 22 340 M M 5 34 310
25 43 21 32 -5 33 0 0.00 0.0 0 7.6 17 350 M M 1 23 360
26 56 33 45 7 20 0 T 0.0 0 5.8 16 200 M M 7 20 200
27 58 36 47 9 18 0 0.42 0.0 0 5.8 14 180 M M 8 18 21 170
28 63 45 54 16 11 0 0.15 0.0 0 12.5 43 280 M M 10 18 64 270
29 44 32 38 0 27 0 0.00 0.0 0 16.1 33 300 M M 4 48 290
================================================================================
SM 1376 927 726 0 1.75 9.1 261.1 M 163
================================================================================
AV 47.4 32.0 9.0 FASTST M M 6 MAX(MPH)
MISC ----> 43 280 64 270
================================================================================
NOTES:
# LAST OF SEVERAL OCCURRENCES
COLUMN 17 PEAK WIND IN M.P.H.
PRELIMINARY LOCAL CLIMATOLOGICAL DATA (WS FORM: F-6) , PAGE 2
STATION: NEWARK NJ
MONTH: FEBRUARY
YEAR: 2024
LATITUDE: 40 42 N
LONGITUDE: 74 10 W
[TEMPERATURE DATA] [PRECIPITATION DATA] SYMBOLS USED IN COLUMN 16
AVERAGE MONTHLY: 39.7 TOTAL FOR MONTH: 1.75 1 = FOG OR MIST
DPTR FM NORMAL: 4.6 DPTR FM NORMAL: -1.23 2 = FOG REDUCING VISIBILITY
HIGHEST: 63 ON 28 GRTST 24HR 0.58 ON 13-13 TO 1/4 MILE OR LESS
LOWEST: 19 ON 18 3 = THUNDER
SNOW, ICE PELLETS, HAIL 4 = ICE PELLETS
TOTAL MONTH: 9.1 INCHES 5 = HAIL
GRTST 24HR 4.9 ON 13-13 6 = FREEZING RAIN OR DRIZZLE
GRTST DEPTH: 4 ON 17 7 = DUSTSTORM OR SANDSTORM:
VSBY 1/2 MILE OR LESS
8 = SMOKE OR HAZE
[NO. OF DAYS WITH] [WEATHER - DAYS WITH] 9 = BLOWING SNOW
X = TORNADO
MAX 32 OR BELOW: 0 0.01 INCH OR MORE: 7
MAX 90 OR ABOVE: 0 0.10 INCH OR MORE: 5
MIN 32 OR BELOW: 17 0.50 INCH OR MORE: 1
MIN 0 OR BELOW: 0 1.00 INCH OR MORE: 0
[HDD (BASE 65) ]
TOTAL THIS MO. 726 CLEAR (SCALE 0-3) 9
DPTR FM NORMAL -111 PTCLDY (SCALE 4-7) 11
TOTAL FM JUL 1 2916 CLOUDY (SCALE 8-10) 9
DPTR FM NORMAL -641
[CDD (BASE 65) ]
TOTAL THIS MO. 0
DPTR FM NORMAL 0 [PRESSURE DATA]
TOTAL FM JAN 1 0 HIGHEST SLP M ON M
DPTR FM NORMAL 0 LOWEST SLP 29.43 ON 13
[REMARKS]
#FINAL-02-24#