000
CXUS51 KOKX 011010
CF6EWR
PRELIMINARY LOCAL CLIMATOLOGICAL DATA (WS FORM: F-6)
STATION: NEWARK NJ
MONTH: JANUARY
YEAR: 2024
LATITUDE: 40 42 N
LONGITUDE: 74 10 W
TEMPERATURE IN F: :PCPN: SNOW: WIND :SUNSHINE: SKY :PK WND
================================================================================
1 2 3 4 5 6A 6B 7 8 9 10 11 12 13 14 15 16 17 18
12Z AVG MX 2MIN
DY MAX MIN AVG DEP HDD CDD WTR SNW DPTH SPD SPD DIR MIN PSBL S-S WX SPD DR
================================================================================
1 50 36 43 9 22 0 T 0.0 0 7.4 16 340 M M 7 21 320
2 45 30 38 4 27 0 0.00 0.0 0 8.4 15 330 M M 1 20 320
3 47 31 39 5 26 0 0.00 0.0 0 8.1 16 290 M M 6 20 300
4 48 29 39 5 26 0 0.00 0.0 0 11.7 26 320 M M 6 36 310
5 40 26 33 -1 32 0 0.00 0.0 0 9.9 18 330 M M 3 25 290
6 39 25 32 -1 33 0 0.46 0.4 0 8.4 22 40 M M 8 1 29 40
7 41 35 38 5 27 0 0.17 T 0 12.6 22 30 M M 9 1 27 20
8 48 35 42 9 23 0 0.00 0.0 0 10.4 24 320 M M 3 32 310
9 58 31 45 12 20 0 2.05 0.0 0 11.8 32 110 M M 9 1 44 150
10 59 44 52 19 13 0 0.17 0.0 0 19.7 36 240 M M 8 1 44 240
11 48 41 45 12 20 0 0.00 0.0 0 12.1 22 260 M M 7 30 250
12 50 34 42 9 23 0 0.10 0.0 0 8.5 23 90 M M 6 1 36 100
13 61 36 49 16 16 0 0.82 0.0 0 19.7 38 270 M M 8 1 49 290
14 45 27 36 4 29 0 T T 0 17.7 40 260 M M 3 50 270
15 30 24 27 -5 38 0 0.03 0.4 0 7.3 15 240 M M 8 1 19 270
16 32 22 27 -5 38 0 0.24 1.7 2 10.7 25 320 M M 9 146 33 320
17 26 17 22 -10 43 0 0.00 0.0 1 10.2 16 290 M M 1 22 300
18 34 17 26 -6 39 0 T T 1 6.7 13 230 M M 8 23 280
19 33 27 30 -2 35 0 0.01 0.6 1 10.5 22 310 M M 9 1 28 310
20 27 18 23 -9 42 0 0.00 0.0 1 11.7 21 310 M M 6 27 290
21 33 21 27 -5 38 0 0.00 0.0 1 11.8 26 310 M M 2 32 300
22 39 20 30 -2 35 0 0.00 0.0 1 9.0 20 240 M M 4 26 250
23 41 32 37 5 28 0 0.01 0.0 0 7.0 17 230 M M 9 23 230
24 46 39 43 11 22 0 0.04 0.0 0 2.4 8 100 M M 10 18 11 110
25 59 45 52 20 13 0 0.21 0.0 0 5.0 13 100 M M 10 1 17 100
26 49 42 46 14 19 0 0.25 0.0 0 5.9 16 360 M M 10 1 19 90
27 48 42 45 13 20 0 T 0.0 0 6.4 13 20 M M 9 1 16 320
28 44 38 41 9 24 0 0.92 0.0 0 12.5 23 40 M M 10 1 31 40
29 42 37 40 8 25 0 0.03 0.0 0 13.5 24 330 M M 9 1 35 330
30 39 35 37 5 28 0 0.01 T 0 6.5 15 10 M M 10 19 40
31 41 35 38 5 27 0 T T 0 4.6 9 150 M M 10 13 150
================================================================================
SM 1342 971 851 0 5.52 3.1 308.1 M 218
================================================================================
AV 43.3 31.3 9.9 FASTST M M 7 MAX(MPH)
MISC ----> 40 260 50 270
================================================================================
NOTES:
# LAST OF SEVERAL OCCURRENCES
COLUMN 17 PEAK WIND IN M.P.H.
PRELIMINARY LOCAL CLIMATOLOGICAL DATA (WS FORM: F-6) , PAGE 2
STATION: NEWARK NJ
MONTH: JANUARY
YEAR: 2024
LATITUDE: 40 42 N
LONGITUDE: 74 10 W
[TEMPERATURE DATA] [PRECIPITATION DATA] SYMBOLS USED IN COLUMN 16
AVERAGE MONTHLY: 37.3 TOTAL FOR MONTH: 5.52 1 = FOG OR MIST
DPTR FM NORMAL: 4.5 DPTR FM NORMAL: 2.10 2 = FOG REDUCING VISIBILITY
HIGHEST: 61 ON 13 GRTST 24HR 3.50 ON 9-10 TO 1/4 MILE OR LESS
LOWEST: 17 ON 18,17 3 = THUNDER
SNOW, ICE PELLETS, HAIL 4 = ICE PELLETS
TOTAL MONTH: 3.1 INCHES 5 = HAIL
GRTST 24HR 1.7 ON 16-16 6 = FREEZING RAIN OR DRIZZLE
GRTST DEPTH: 2 ON 16 7 = DUSTSTORM OR SANDSTORM:
VSBY 1/2 MILE OR LESS
8 = SMOKE OR HAZE
[NO. OF DAYS WITH] [WEATHER - DAYS WITH] 9 = BLOWING SNOW
X = TORNADO
MAX 32 OR BELOW: 4 0.01 INCH OR MORE: 16
MAX 90 OR ABOVE: 0 0.10 INCH OR MORE: 10
MIN 32 OR BELOW: 16 0.50 INCH OR MORE: 3
MIN 0 OR BELOW: 0 1.00 INCH OR MORE: 1
[HDD (BASE 65) ]
TOTAL THIS MO. 851 CLEAR (SCALE 0-3) 3
DPTR FM NORMAL -149 PTCLDY (SCALE 4-7) 14
TOTAL FM JUL 1 2190 CLOUDY (SCALE 8-10) 14
DPTR FM NORMAL -477
[CDD (BASE 65) ]
TOTAL THIS MO. 0
DPTR FM NORMAL 0 [PRESSURE DATA]
TOTAL FM JAN 1 0 HIGHEST SLP M ON M
DPTR FM NORMAL 0 LOWEST SLP 28.99 ON 10
[REMARKS]
#FINAL-01-24#