000
CXUS53 KIND 010700
CF6EYE
PRELIMINARY LOCAL CLIMATOLOGICAL DATA (WS FORM: F-6)
STATION: INDIANAPOLIS EAGLE CREEK IN
MONTH: NOVEMBER
YEAR: 2023
LATITUDE: 39 49 N
LONGITUDE: 86 18 W
TEMPERATURE IN F: :PCPN: SNOW: WIND :SUNSHINE: SKY :PK WND
================================================================================
1 2 3 4 5 6A 6B 7 8 9 10 11 12 13 14 15 16 17 18
12Z AVG MX 2MIN
DY MAX MIN AVG DEP HDD CDD WTR SNW DPTH SPD SPD DIR MIN PSBL S-S WX SPD DR
================================================================================
1 46 31 39 -10 26 0 0.00 M M 4.5 12 290 M M 4 19 210
2 55 30 43 -6 22 0 0.00 M M 6.4 17 210 M M 0 28 210
3 60 35 48 0 17 0 0.00 M M 7.4 21 210 M M 0 32 210
4 64 47 56 8 9 0 T M M 6.0 16 290 M M 4 23 270
5 63 37 50 3 15 0 0.00 M M 1.9 7 100 M M 1 12 10 100
6 75 39 57 10 8 0 0.00 M M 6.7 22 210 M M 4 35 250
7 68 50 59 12 6 0 0.00 M M 4.7 9 340 M M 1 1 13 70
8 78 49 64 18 1 0 0.07 M M 9.9 18 270 M M 6 1 31 190
9 67 46 57 11 8 0 T M M 8.6 20 310 M M 5 1 31 300
10 56 37 47 2 18 0 0.00 M M 7.1 16 320 M M 0 23 320
11 52 31 42 -3 23 0 0.00 M M 5.2 13 330 M M 0 17 320
12 56 36 46 1 19 0 0.00 M M 4.9 12 120 M M 1 19 130
13 65 33 49 5 16 0 0.00 M M 5.1 15 330 M M 0 21 350
14 62 30 46 2 19 0 0.00 M M 3.7 14 130 M M 0 1 18 150
15 66 30 48 4 17 0 0.00 M M 1.8 10 200 M M 0 15 200
16 66 34 50 7 15 0 0.00 M M 3.9 13 170 M M 1 20 170
17 62 38 50 7 15 0 0.42 M M 8.3 17 340 M M 8 1 24 330
18 51 31 41 -1 24 0 T M M 3.0 13 360 M M 0 19 360
19 60 31 46 4 19 0 0.00 M M 1.5 8 90 M M 0 8 12 70
20 53 43 48 6 17 0 0.11 M M 9.5 18 100 M M 5 27 60
21 51 41 46 5 19 0 0.14 M M 10.2 21 100 M M 10 1 32 110
22 46 36 41 0 24 0 0.00 M M 8.1 14 300 M M 7 21 260
23 53 34 44 4 21 0 0.00 M M 6.9 13 280 M M 1 19 230
24 40 31 36 -4 29 0 0.00 M M 10.4 21 10 M M 0 29 30
25 42 28 35 -5 30 0 0.00 M M 3.9 10 110 M M 0 14 100
26 40 27 34 -6 31 0 0.14 M M 7.4 26 300 M M 7 1 38 270
27 34 22 28 -11 37 0 0.00 M M 12.2 23 290 M M 7 34 270
28 26 18 22 -17 43 0 T M M 8.4 22 290 M M 5 33 280
29 47 19 33 -5 32 0 0.00 M M 5.2 14 200 M M 1 22 250
30 57 28 43 5 22 0 0.01 M M 7.2 21 200 M M 4 31 190
================================================================================
SM 1661 1022 602 0 0.89 M 190.0 M 82
================================================================================
AV 55.4 34.1 6.3 FASTST M M 3 MAX(MPH)
MISC ----> 26 300 38 270
================================================================================
NOTES:
# LAST OF SEVERAL OCCURRENCES
COLUMN 17 PEAK WIND IN M.P.H.
PRELIMINARY LOCAL CLIMATOLOGICAL DATA (WS FORM: F-6) , PAGE 2
STATION: INDIANAPOLIS EAGLE CREEK IN
MONTH: NOVEMBER
YEAR: 2023
LATITUDE: 39 49 N
LONGITUDE: 86 18 W
[TEMPERATURE DATA] [PRECIPITATION DATA] SYMBOLS USED IN COLUMN 16
AVERAGE MONTHLY: 44.7 TOTAL FOR MONTH: 0.89 1 = FOG OR MIST
DPTR FM NORMAL: 1.3 DPTR FM NORMAL: -2.36 2 = FOG REDUCING VISIBILITY
HIGHEST: 78 ON 8 GRTST 24HR 0.42 ON 17-17 TO 1/4 MILE OR LESS
LOWEST: 18 ON 28 3 = THUNDER
SNOW, ICE PELLETS, HAIL 4 = ICE PELLETS
TOTAL MONTH: M 5 = HAIL
GRTST 24HR M ON M 6 = FREEZING RAIN OR DRIZZLE
GRTST DEPTH: M ON M 7 = DUSTSTORM OR SANDSTORM:
VSBY 1/2 MILE OR LESS
8 = SMOKE OR HAZE
[NO. OF DAYS WITH] [WEATHER - DAYS WITH] 9 = BLOWING SNOW
X = TORNADO
MAX 32 OR BELOW: 1 0.01 INCH OR MORE: 6
MAX 90 OR ABOVE: 0 0.10 INCH OR MORE: 4
MIN 32 OR BELOW: 14 0.50 INCH OR MORE: 0
MIN 0 OR BELOW: 0 1.00 INCH OR MORE: 0
[HDD (BASE 65) ]
TOTAL THIS MO. 602 CLEAR (SCALE 0-3) 17
DPTR FM NORMAL -46 PTCLDY (SCALE 4-7) 11
TOTAL FM JUL 1 877 CLOUDY (SCALE 8-10) 2
DPTR FM NORMAL -145
[CDD (BASE 65) ]
TOTAL THIS MO. 0
DPTR FM NORMAL 0 [PRESSURE DATA]
TOTAL FM JAN 1 1105 HIGHEST SLP M ON M
DPTR FM NORMAL -23 LOWEST SLP 29.61 ON 8
[REMARKS]
#FINAL-11-23#