000
CXUS53 KIND 011539
CLMEYE
CLIMATE REPORT
NATIONAL WEATHER SERVICE INDIANAPOLIS IN
1139 AM EDT MON MAY 01 2023
...................................
...THE INDIANAPOLIS EAGLE CREEK IN CLIMATE SUMMARY FOR THE MONTH OF APRIL 2023...
CLIMATE NORMAL PERIOD 1991 TO 2020
CLIMATE RECORD PERIOD 9999 TO 9999
WEATHER OBSERVED NORMAL DEPART LAST YEAR`S
VALUE DATE(S) VALUE FROM VALUE DATE(S)
NORMAL
................................................................
TEMPERATURE (F)
HIGHEST 84 04/20 86 04/23
LOWEST 30 04/24 27 04/02
AVG. MAXIMUM 65.6 64.0 1.6 61.6
AVG. MINIMUM 42.1 43.1 -1.0 42.1
MEAN 53.9 53.6 0.3 51.8
DAYS MAX >= 90 0 0.0 0.0 0
DAYS MAX <= 32 0 0.0 0.0 0
DAYS MIN <= 32 2 3.3 -1.3 4
DAYS MIN <= 0 0 0.0 0.0 0
PRECIPITATION (INCHES)
TOTALS 2.65 4.08 -1.43 4.54
DAILY AVG. 0.09 0.14 -0.05 0.15
DAYS >= .01 11 11.6 -0.6 18
DAYS >= .10 8 7.5 0.5 9
DAYS >= .50 2 2.8 -0.8 3
DAYS >= 1.00 0 1.0 -1.0 1
GREATEST
24 HR. TOTAL 0.80 04/05 TO 04/05
DEGREE DAYS
HEATING TOTAL 345 357 -12 405
SINCE 7/1 4571 5082 -511 MM
COOLING TOTAL 20 14 6 18
SINCE 1/1 20 17 3 MM
................................................................
WIND (MPH)
AVERAGE WIND SPEED 6.8
HIGHEST WIND SPEED/DIRECTION 35/210 DATE 04/05
HIGHEST GUST SPEED/DIRECTION 70/200 DATE 04/05
SKY COVER
AVERAGE SKY COVER 0.34
AVERAGE RH (PERCENT) 61
WEATHER CONDITIONS. NUMBER OF DAYS WITH
THUNDERSTORM 2 MIXED PRECIP 0
HEAVY RAIN 6 RAIN 7
LIGHT RAIN 14 FREEZING RAIN 0
LT FREEZING RAIN 0 HAIL 0
HEAVY SNOW 0 SNOW 0
LIGHT SNOW 1 SLEET 0
FOG 11 FOG W/VIS <= 1/4 MILE 0
HAZE 2
- INDICATES NEGATIVE NUMBERS.
R INDICATES RECORD WAS SET OR TIED.
MM INDICATES DATA IS MISSING.
T INDICATES TRACE AMOUNT.
$$