000
CXUS53 KFGF 010915
CF6FGF
PRELIMINARY LOCAL CLIMATOLOGICAL DATA (WS FORM: F-6)
STATION: GRAND FORKS UNIV. (NWS) ND
MONTH: FEBRUARY
YEAR: 2023
LATITUDE: 47 55 N
LONGITUDE: 97 6 W
TEMPERATURE IN F: :PCPN: SNOW: WIND :SUNSHINE: SKY :PK WND
================================================================================
1 2 3 4 5 6A 6B 7 8 9 10 11 12 13 14 15 16 17 18
12Z AVG MX 2MIN
DY MAX MIN AVG DEP HDD CDD WTR SNW DPTH SPD SPD DIR MIN PSBL S-S WX SPD DR
================================================================================
1 8 -13 -2 -10 67 0 T 0.2 13 M M M M M M M M
2 9 -22 -6 -14 71 0 0.01 0.3 13 M M M M M M M M
3 0 -19 -9 -18 74 0 0.00 0.0 13 M M M M M M M M
4 24 -2 11 2 54 0 T T 13 M M M M M M M M
5 20 10 15 6 50 0 T T 13 M M M M M M M M
6 34 15 25 16 40 0 T T 13 M M M M M M M M
7 32 11 22 12 43 0 0.00 0.0 13 M M M M M M M M
8 32 19 26 16 39 0 0.00 0.0 13 M M M M M M M M
9 30 3 17 7 48 0 T T 13 M M M M M M M M
10 25 4 15 5 50 0 0.00 0.0 13 M M M M M M M M
11 39 28 34 23 31 0 0.00 0.0 13 M M M M M M M M
12 37 16 27 16 38 0 0.00 0.0 13 M M M M M M M M
13 35 17 26 15 39 0 0.00 0.0 13 M M M M M M M M
14 36 8 22 10 43 0 T T 13 M M M M M M M M
15 10 0 5 -7 60 0 T T 13 M M M M M M M M
16 10 -7 2 -10 63 0 0.00 0.0 13 M M M M M M M M
17 34 -4 15 2 50 0 0.00 0.0 13 M M M M M M M M
18 31 12 22 9 43 0 0.00 0.0 13 M M M M M M M M
19 30 1 16 2 49 0 0.03 0.6 13 M M M M M M M M
20 16 -6 5 -9 60 0 0.15 3.9 17 M M M M M M M M
21 4 -13 -4 -18 69 0 0.00 0.0 17 M M M M M M M M
22 -3 -19 -11 -26 76 0 0.00 0.0 17 M M M M M M M M
23 -5 -12 -8 -23 73 0 0.00 0.0 17 M M M M M M M M
24 -2 -21 -11 -27 76 0 T T 15 M M M M M M M M
25 13 -8 3 -13 62 0 0.00 0.0 15 M M M M M M M M
26 27 -4 12 -4 53 0 0.00 0.0 15 M M M M M M M M
27 36 17 27 10 38 0 0.00 0.0 15 M M M M M M 1 M M
28 25 7 16 -1 49 0 T T 14 M M M M M M M M
================================================================================
SM 587 18 1508 0 0.19 5.0 M M M
================================================================================
AV 21.0 0.6 M FASTST M M M MAX(MPH)
MISC ----> M M M M
================================================================================
NOTES:
# LAST OF SEVERAL OCCURRENCES
COLUMN 17 PEAK WIND IN M.P.H.
PRELIMINARY LOCAL CLIMATOLOGICAL DATA (WS FORM: F-6) , PAGE 2
STATION: GRAND FORKS UNIV. (NWS) ND
MONTH: FEBRUARY
YEAR: 2023
LATITUDE: 47 55 N
LONGITUDE: 97 6 W
[TEMPERATURE DATA] [PRECIPITATION DATA] SYMBOLS USED IN COLUMN 16
AVERAGE MONTHLY: 10.8 TOTAL FOR MONTH: 0.19 1 = FOG OR MIST
DPTR FM NORMAL: -1.4 DPTR FM NORMAL: -0.37 2 = FOG REDUCING VISIBILITY
HIGHEST: 39 ON 11 GRTST 24HR 0.15 ON 20-20 TO 1/4 MILE OR LESS
LOWEST: -22 ON 2 3 = THUNDER
SNOW, ICE PELLETS, HAIL 4 = ICE PELLETS
TOTAL MONTH: 5.0 INCHES 5 = HAIL
GRTST 24HR 3.9 ON 20-20 6 = FREEZING RAIN OR DRIZZLE
GRTST DEPTH: 17 ON 23,22 7 = DUSTSTORM OR SANDSTORM:
VSBY 1/2 MILE OR LESS
8 = SMOKE OR HAZE
[NO. OF DAYS WITH] [WEATHER - DAYS WITH] 9 = BLOWING SNOW
X = TORNADO
MAX 32 OR BELOW: 21 0.01 INCH OR MORE: 3
MAX 90 OR ABOVE: 0 0.10 INCH OR MORE: 1
MIN 32 OR BELOW: 28 0.50 INCH OR MORE: 0
MIN 0 OR BELOW: 14 1.00 INCH OR MORE: 0
[HDD (BASE 65) ]
TOTAL THIS MO. 1508 CLEAR (SCALE 0-3) 0
DPTR FM NORMAL 28 PTCLDY (SCALE 4-7) 0
TOTAL FM JUL 1 6820 CLOUDY (SCALE 8-10) 28
DPTR FM NORMAL -127
[CDD (BASE 65) ]
TOTAL THIS MO. 0
DPTR FM NORMAL 0 [PRESSURE DATA]
TOTAL FM JAN 1 0 HIGHEST SLP M ON M
DPTR FM NORMAL 0 LOWEST SLP M ON M
[REMARKS]
#FINAL-02-23#