000
CXUS55 KFGZ 011211
CLMFLG
CLIMATE REPORT
NATIONAL WEATHER SERVICE FLAGSTAFF AZ
511 AM MST FRI DEC 01 2023
...................................
...THE FLAGSTAFF AZ AIRPORT CLIMATE SUMMARY FOR THE MONTH OF NOVEMBER 2023...
CLIMATE NORMAL PERIOD 1991 TO 2020
CLIMATE RECORD PERIOD 1898 TO 2023
WEATHER OBSERVED NORMAL DEPART LAST YEAR`S
VALUE DATE(S) VALUE FROM VALUE DATE(S)
NORMAL
................................................................
TEMPERATURE (F)
RECORD
HIGH 74 11/03/1977
11/08/1973
LOW -13 11/18/1958
HIGHEST 72 11/04 60 11/05
LOWEST 17 11/11 9 11/17
AVG. MAXIMUM 54.4 52.1 2.3 48.7
AVG. MINIMUM 25.9 23.0 2.9 20.4
MEAN 40.2 37.5 2.7 34.5
DAYS MAX >= 90 0 0.0 0.0 0
DAYS MAX <= 32 0 0.7 -0.7 0
DAYS MIN <= 32 25 27.8 -2.8 28
DAYS MIN <= 0 0 0.1 -0.1 0
PRECIPITATION (INCHES)
RECORD
MAXIMUM 7.10 1905
MINIMUM 0.00 1999
TOTALS 0.86 1.55 -0.69 1.09
DAILY AVG. 0.03 0.05 -0.02 0.04
DAYS >= .01 5 4.4 0.6 4
DAYS >= .10 4 3.1 0.9 3
DAYS >= .50 0 0.9 -0.9 0
DAYS >= 1.00 0 0.3 -0.3 0
GREATEST
24 HR. TOTAL 0.30 11/24 TO 11/24 0.64
SNOWFALL (INCHES)
RECORDS
TOTAL 42.6 1902
TOTALS 4.1 8.2 3.5
SINCE 7/1 4.1 9.7 -5.6 3.5
SNOWDEPTH AVG. MM 0
GREATEST
SNOW DEPTH 2 11/30 2 11/04
24 HR TOTAL 2.7 11/30 TO 11/30 3.2
DEGREE DAYS
HEATING TOTAL 737 824 -87 904
SINCE 7/1 1369 1636 -267 1557
COOLING TOTAL 0 0 0 0
SINCE 1/1 276 146 130 219
................................................................
WIND (MPH)
AVERAGE WIND SPEED 6.7
HIGHEST WIND SPEED/DIRECTION 36/220 DATE 11/07
HIGHEST GUST SPEED/DIRECTION 47/220 DATE 11/07
47/050 11/20
SKY COVER
POSSIBLE SUNSHINE (PERCENT) MM
AVERAGE SKY COVER 0.15
NUMBER OF DAYS FAIR 24
NUMBER OF DAYS PC 5
NUMBER OF DAYS CLOUDY 1
AVERAGE RH (PERCENT) 53
WEATHER CONDITIONS. NUMBER OF DAYS WITH
THUNDERSTORM 1 MIXED PRECIP 0
HEAVY RAIN 0 RAIN 0
LIGHT RAIN 3 FREEZING RAIN 0
LT FREEZING RAIN 0 HAIL 0
HEAVY SNOW 0 SNOW 0
LIGHT SNOW 3 SLEET 1
FOG 6 FOG W/VIS <= 1/4 MILE 1
HAZE 7
- INDICATES NEGATIVE NUMBERS.
R INDICATES RECORD WAS SET OR TIED.
MM INDICATES DATA IS MISSING.
T INDICATES TRACE AMOUNT.
$$