000
CXUS54 KLZK 011131
CF6FLP
PRELIMINARY LOCAL CLIMATOLOGICAL DATA (WS FORM: F-6)
STATION: Flippin
MONTH: AUGUST
YEAR: 2020
LATITUDE: 36 17 N
LONGITUDE: 92 28 W
TEMPERATURE IN F: :PCPN: SNOW: WIND :SUNSHINE: SKY :PK WND
================================================================================
1 2 3 4 5 6A 6B 7 8 9 10 11 12 13 14 15 16 17 18
12Z AVG MX 2MIN
DY MAX MIN AVG DEP HDD CDD WTR SNW DPTH SPD SPD DIR MIN PSBL S-S WX SPD DR
================================================================================
1 84 65 75 M 0 10 0.00 M M 5.7 9 330 M M 5 16 350
2 86 61 74 M 0 9 0.07 M M 2.6 8 230 M M 1 3 M M
3 85 64 75 M 0 10 0.00 M M 4.3 9 10 M M 5 M M
4 82 60 71 M 0 6 0.00 M M 4.0 9 10 M M 4 M M
5 84 56 70 M 0 5 0.00 M M 1.9 7 40 M M 2 1 M M
6 88 60 74 M 0 9 T M M 3.0 9 100 M M 0 38 M M
7 87 66 77 M 0 12 0.00 M M 1.7 8 180 M M 1 M M
8 91 68 80 M 0 15 T M M 2.8 8 220 M M 2 M M
9 96 70 83 M 0 18 0.00 M M 1.8 7 180 M M 1 138 M M
10 99 72 86 M 0 21 0.00 M M 5.0 13 240 M M 2 21 250
11 84 69 77 M 0 12 0.64 M M 2.0 7 70 M M 2 13 M M
12 86 69 78 M 0 13 0.00 M M 3.0 8 120 M M 8 1 M M
13 90 72 81 M 0 16 0.00 M M 1.9 7 60 M M 5 1 M M
14 93 71 82 M 0 17 0.00 M M 1.5 5 30 M M 2 8 M M
15 96 70 83 M 0 18 T M M 2.6 6 360 M M 2 8 M M
16 92 64 78 M 0 13 0.00 M M 3.7 8 30 M M 1 M M
17 95 59 77 M 0 12 0.00 M M 3.8 13 280 M M 1 M M
18 88 65 77 M 0 12 0.00 M M 5.8 10 320 M M 0 18 330
19 88 61 75 M 0 10 0.00 M M 3.9 9 40 M M 2 M M
20 88 56 72 M 0 7 0.00 M M 1.4 6 180 M M 0 8 M M
21 92 59 76 M 0 11 0.00 M M 1.7 9 260 M M 0 M M
22 94 61 78 M 0 13 0.00 M M 1.7 6 99 M M 1 M M
23 96 64 80 M 0 15 0.00 M M 2.7 8 230 M M 1 M M
24 98 65 82 M 0 17 0.00 M M 1.9 8 30 M M 1 M M
25 98 66 82 M 0 17 0.00 M M 2.8 7 80 M M 1 M M
26 85 72 79 M 0 14 0.05 M M 2.6 7 99 M M 5 M M
27 M M M M M M 0.77 M M 5.5 16 30 M M 6 1 22 30
28 92 71 82 M 0 17 0.18 M M 6.6 18 290 M M 5 1 23 290
29 93 69 81 M 0 16 0.16 M M 1.9 9 350 M M 2 13 M M
30 82 69 76 M 0 11 0.05 M M 2.5 7 120 M M 8 1 M M
31 84 68 76 M 0 11 0.03 M M 3.0 13 230 M M 4 12 22 230
================================================================================
SM 2696 1962 0 387 1.95 M 95.3 M 80
================================================================================
AV 89.9 65.4 3.1 FASTST M M 3 MAX(MPH)
MISC ----> # 18 290 # 23 290
================================================================================
NOTES:
# LAST OF SEVERAL OCCURRENCES
COLUMN 17 PEAK WIND IN M.P.H.
PRELIMINARY LOCAL CLIMATOLOGICAL DATA (WS FORM: F-6) , PAGE 2
STATION: Flippin
MONTH: AUGUST
YEAR: 2020
LATITUDE: 36 17 N
LONGITUDE: 92 28 W
[TEMPERATURE DATA] [PRECIPITATION DATA] SYMBOLS USED IN COLUMN 16
AVERAGE MONTHLY: 77.6 TOTAL FOR MONTH: 1.95 1 = FOG OR MIST
DPTR FM NORMAL: M DPTR FM NORMAL: M 2 = FOG REDUCING VISIBILITY
HIGHEST: 99 ON 10 GRTST 24HR 0.77 ON 27-27 TO 1/4 MILE OR LESS
LOWEST: 56 ON 20, 5 3 = THUNDER
SNOW, ICE PELLETS, HAIL 4 = ICE PELLETS
TOTAL MONTH: M 5 = HAIL
GRTST 24HR M ON M 6 = FREEZING RAIN OR DRIZZLE
GRTST DEPTH: M ON M 7 = DUSTSTORM OR SANDSTORM:
VSBY 1/2 MILE OR LESS
8 = SMOKE OR HAZE
[NO. OF DAYS WITH] [WEATHER - DAYS WITH] 9 = BLOWING SNOW
X = TORNADO
MAX 32 OR BELOW: 0 0.01 INCH OR MORE: 8
MAX 90 OR ABOVE: 15 0.10 INCH OR MORE: 4
MIN 32 OR BELOW: 0 0.50 INCH OR MORE: 2
MIN 0 OR BELOW: 0 1.00 INCH OR MORE: 0
[HDD (BASE 65) ]
TOTAL THIS MO. 0 CLEAR (SCALE 0-3) 21
DPTR FM NORMAL M PTCLDY (SCALE 4-7) 10
TOTAL FM JUL 1 0 CLOUDY (SCALE 8-10) 0
DPTR FM NORMAL M
[CDD (BASE 65) ]
TOTAL THIS MO. 387
DPTR FM NORMAL M [PRESSURE DATA]
TOTAL FM JAN 1 1358 HIGHEST SLP 30.15 ON 8
DPTR FM NORMAL M LOWEST SLP 29.60 ON 28
[REMARKS]
#FINAL-08-20#