000
CXUS52 KTBW 021826
CF6FMY
PRELIMINARY LOCAL CLIMATOLOGICAL DATA (WS FORM: F-6)
STATION: FORT MYERS
MONTH: MAY
YEAR: 2021
LATITUDE: 26 34 N
LONGITUDE: 81 52 W
TEMPERATURE IN F: :PCPN: SNOW: WIND :SUNSHINE: SKY :PK WND
================================================================================
1 2 3 4 5 6A 6B 7 8 9 10 11 12 13 14 15 16 17 18
12Z AVG MX 2MIN
DY MAX MIN AVG DEP HDD CDD WTR SNW DPTH SPD SPD DIR MIN PSBL S-S WX SPD DR
================================================================================
1 88 68 78 1 0 13 0.00 0.0 0 5.2 15 250 M M 1 20 270
2 89 71 80 3 0 15 0.00 0.0 0 6.3 16 200 M M 0 1 24 210
3 90 73 82 4 0 17 0.00 0.0 0 8.1 17 220 M M 1 25 180
4 92 74 83 5 0 18 0.00 0.0 0 7.1 17 210 M M 1 25 220
5 92 72 82 4 0 17 0.00 0.0 0 6.8 16 240 M M 2 25 240
6 91 75 83 5 0 18 0.00 0.0 0 6.2 17 280 M M 2 1 29 230
7 90 69 80 2 0 15 0.00 0.0 0 9.8 17 330 M M 1 25 320
8 90 66 78 0 0 13 0.00 0.0 0 8.2 16 110 M M 1 21 120
9 92 68 80 2 0 15 T 0.0 0 8.2 20 120 M M 2 3 27 140
10 92 72 82 4 0 17 0.00 0.0 0 7.0 15 250 M M 1 23 230
11 93 71 82 3 0 17 0.04 0.0 0 4.9 17 340 M M 3 38 26 240
12 93 76 85 6 0 20 0.00 0.0 0 7.0 15 290 M M 1 21 260
13 91 74 83 4 0 18 T 0.0 0 6.5 21 20 M M 2 3 27 20
14 91 70 81 2 0 16 0.00 0.0 0 9.8 17 60 M M 5 28 350
15 92 69 81 2 0 16 0.00 0.0 0 11.2 17 80 M M 2 27 80
16 92 67 80 1 0 15 0.00 0.0 0 10.4 20 110 M M 1 26 70
17 92 67 80 0 0 15 0.00 0.0 0 9.8 17 100 M M 1 24 100
18 92 68 80 0 0 15 0.00 0.0 0 11.2 23 110 M M 2 29 110
19 92 71 82 2 0 17 T 0.0 0 13.1 24 90 M M 2 33 90
20 90 73 82 2 0 17 0.00 0.0 0 13.9 24 100 M M 5 34 100
21 90 67 79 -1 0 14 0.00 0.0 0 12.6 25 100 M M 2 37 70
22 90 67 79 -1 0 14 T 0.0 0 12.0 22 90 M M 2 30 110
23 91 66 79 -1 0 14 0.00 0.0 0 9.2 16 110 M M 1 23 90
24 93 66 80 0 0 15 0.00 0.0 0 6.9 14 110 M M 0 21 280
25 94 68 81 1 0 16 0.00 0.0 0 7.2 18 120 M M 2 24 130
26 92 67 80 -1 0 15 0.00 0.0 0 6.6 16 280 M M 3 26 250
27 93 70 82 1 0 17 0.00 0.0 0 4.8 15 290 M M 2 28 310
28 90 71 81 0 0 16 0.00 0.0 0 6.6 17 270 M M 1 29 240
29 91 72 82 1 0 17 0.00 0.0 0 6.3 17 260 M M 1 21 260
30 93 72 83 2 0 18 0.00 0.0 0 4.7 23 350 M M 2 3 29 350
31 95 69 82 1 0 17 0.00 0.0 0 8.6 20 80 M M 1 25 90
================================================================================
SM 2836 2169 0 497 0.04 0.0 256.2 M 53
================================================================================
AV 91.5 70.0 8.3 FASTST M M 2 MAX(MPH)
MISC ----> 25 100 37 70
================================================================================
NOTES:
# LAST OF SEVERAL OCCURRENCES
COLUMN 17 PEAK WIND IN M.P.H.
PRELIMINARY LOCAL CLIMATOLOGICAL DATA (WS FORM: F-6) , PAGE 2
STATION: FORT MYERS
MONTH: MAY
YEAR: 2021
LATITUDE: 26 34 N
LONGITUDE: 81 52 W
[TEMPERATURE DATA] [PRECIPITATION DATA] SYMBOLS USED IN COLUMN 16
AVERAGE MONTHLY: 80.7 TOTAL FOR MONTH: 0.04 1 = FOG OR MIST
DPTR FM NORMAL: 1.4 DPTR FM NORMAL: -3.42 2 = FOG REDUCING VISIBILITY
HIGHEST: 95 ON 31 GRTST 24HR 0.04 ON 11-11 TO 1/4 MILE OR LESS
LOWEST: 66 ON 24,23 3 = THUNDER
SNOW, ICE PELLETS, HAIL 4 = ICE PELLETS
TOTAL MONTH: 0.0 INCH 5 = HAIL
GRTST 24HR 0.0 6 = FREEZING RAIN OR DRIZZLE
GRTST DEPTH: 0 7 = DUSTSTORM OR SANDSTORM:
VSBY 1/2 MILE OR LESS
8 = SMOKE OR HAZE
[NO. OF DAYS WITH] [WEATHER - DAYS WITH] 9 = BLOWING SNOW
X = TORNADO
MAX 32 OR BELOW: 0 0.01 INCH OR MORE: 1
MAX 90 OR ABOVE: 29 0.10 INCH OR MORE: 0
MIN 32 OR BELOW: 0 0.50 INCH OR MORE: 0
MIN 0 OR BELOW: 0 1.00 INCH OR MORE: 0
[HDD (BASE 65) ]
TOTAL THIS MO. 0 CLEAR (SCALE 0-3) 28
DPTR FM NORMAL 0 PTCLDY (SCALE 4-7) 3
TOTAL FM JUL 1 193 CLOUDY (SCALE 8-10) 0
DPTR FM NORMAL -60
[CDD (BASE 65) ]
TOTAL THIS MO. 497
DPTR FM NORMAL 54 [PRESSURE DATA]
TOTAL FM JAN 1 1303 HIGHEST SLP 30.23 ON 22
DPTR FM NORMAL 174 LOWEST SLP 29.89 ON 29
[REMARKS]
#FINAL-05-21#