000
CXUS53 KOAX 011030
CF6FNB
PRELIMINARY LOCAL CLIMATOLOGICAL DATA (WS FORM: F-6)
STATION: FALLS CITY NE
MONTH: NOVEMBER
YEAR: 2022
LATITUDE: 40 4 N
LONGITUDE: 95 35 W
TEMPERATURE IN F: :PCPN: SNOW: WIND :SUNSHINE: SKY :PK WND
================================================================================
1 2 3 4 5 6A 6B 7 8 9 10 11 12 13 14 15 16 17 18
12Z AVG MX 2MIN
DY MAX MIN AVG DEP HDD CDD WTR SNW DPTH SPD SPD DIR MIN PSBL S-S WX SPD DR
================================================================================
1 80 40 60 12 5 0 0.00 M M 8.5 21 200 M M 0 31 210
2 75 49 62 15 3 0 0.00 M M 14.8 26 160 M M 0 40 170
3 77 52 65 18 0 0 0.00 M M 17.4 31 180 M M 5 48 180
4 52 38 45 -1 20 0 2.19 M M 11.8 24 320 M M 10 13 34 330
5 56 35 46 0 19 0 0.53 M M 13.7 23 280 M M 4 1 31 290
6 63 38 51 6 14 0 0.00 M M 7.6 20 200 M M 0 28 360
7 57 34 46 1 19 0 0.00 M M 9.2 18 100 M M 0 25 80
8 64 45 55 11 10 0 T M M 13.6 22 150 M M 9 1 27 160
9 77 61 69 25 0 4 T M M 15.5 25 180 M M 7 1 40 170
10 71 30 51 7 14 0 T M M 15.9 29 290 M M 7 38 290
11 36 20 28 -15 37 0 0.00 M M 12.4 22 320 M M 0 31 320
12 30 16 23 -20 42 0 T M M 10.0 21 320 M M 6 28 320
13 40 10 25 -17 40 0 0.00 M M 6.6 18 120 M M 1 24 130
14 46 28 37 -5 28 0 0.06 M M 6.6 14 170 M M 7 1 18 180
15 33 23 28 -13 37 0 0.02 M M 9.7 20 310 M M 6 1 25 320
16 31 15 23 -18 42 0 0.00 M M 10.7 22 310 M M 2 31 290
17 38 16 27 -13 38 0 0.00 M M 10.4 24 310 M M 4 35 310
18 27 13 20 -20 45 0 0.00 M M 12.5 21 290 M M 1 28 290
19 33 14 24 -16 41 0 0.00 M M 12.7 26 310 M M 1 39 320
20 53 13 33 -6 32 0 0.00 M M 9.7 25 220 M M 0 36 210
21 54 23 39 0 26 0 0.00 M M 2.2 14 230 M M 0 19 220
22 64 18 41 3 24 0 0.00 M M 4.2 15 210 M M 0 21 230
23 60 31 46 8 19 0 0.00 M M 9.2 20 150 M M 2 12 27 170
24 52 M M M M M M M M M M M M M M 1 M M
25 55 24 40 3 25 0 0.00 M M 5.8 13 220 M M 0 17 250
26 53 26 40 3 25 0 T M M 6.5 17 320 M M 1 8 24 330
27 46 25 36 0 29 0 0.15 M M 11.0 21 340 M M 3 1 34 340
28 55 22 39 3 26 0 0.00 M M 8.1 20 200 M M 0 28 180
29 45 22 34 -2 31 0 T M M 15.0 30 320 M M 4 16 41 340
30 34 16 25 -10 40 0 0.00 M M 9.7 20 290 M M 0 24 260
================================================================================
SM 1557 797 731 4 2.95 M 301.0 M 80
================================================================================
AV 51.9 27.5 10.4 FASTST M M 3 MAX(MPH)
MISC ----> 31 180 48 180
================================================================================
NOTES:
# LAST OF SEVERAL OCCURRENCES
COLUMN 17 PEAK WIND IN M.P.H.
PRELIMINARY LOCAL CLIMATOLOGICAL DATA (WS FORM: F-6) , PAGE 2
STATION: FALLS CITY NE
MONTH: NOVEMBER
YEAR: 2022
LATITUDE: 40 4 N
LONGITUDE: 95 35 W
[TEMPERATURE DATA] [PRECIPITATION DATA] SYMBOLS USED IN COLUMN 16
AVERAGE MONTHLY: 39.7 TOTAL FOR MONTH: 2.95 1 = FOG OR MIST
DPTR FM NORMAL: -1.5 DPTR FM NORMAL: 1.15 2 = FOG REDUCING VISIBILITY
HIGHEST: 80 ON 1 GRTST 24HR 2.49 ON 4- 5 TO 1/4 MILE OR LESS
LOWEST: 10 ON 13 3 = THUNDER
SNOW, ICE PELLETS, HAIL 4 = ICE PELLETS
TOTAL MONTH: M 5 = HAIL
GRTST 24HR M ON M 6 = FREEZING RAIN OR DRIZZLE
GRTST DEPTH: M ON M 7 = DUSTSTORM OR SANDSTORM:
VSBY 1/2 MILE OR LESS
8 = SMOKE OR HAZE
[NO. OF DAYS WITH] [WEATHER - DAYS WITH] 9 = BLOWING SNOW
X = TORNADO
MAX 32 OR BELOW: 3 0.01 INCH OR MORE: 5
MAX 90 OR ABOVE: 0 0.10 INCH OR MORE: 3
MIN 32 OR BELOW: 20 0.50 INCH OR MORE: 2
MIN 0 OR BELOW: 0 1.00 INCH OR MORE: 1
[HDD (BASE 65) ]
TOTAL THIS MO. 731 CLEAR (SCALE 0-3) 17
DPTR FM NORMAL 16 PTCLDY (SCALE 4-7) 10
TOTAL FM JUL 1 1094 CLOUDY (SCALE 8-10) 3
DPTR FM NORMAL -42
[CDD (BASE 65) ]
TOTAL THIS MO. 4
DPTR FM NORMAL 3 [PRESSURE DATA]
TOTAL FM JAN 1 1446 HIGHEST SLP 30.53 ON 18
DPTR FM NORMAL 208 LOWEST SLP 29.39 ON 29
[REMARKS]
#FINAL-11-22#