129
CXUS55 KBOU 012358
CF6FNL
PRELIMINARY LOCAL CLIMATOLOGICAL DATA (WS FORM: F-6)
STATION: FT COLLINS/LOVELAND CO
MONTH: SEPTEMBER
YEAR: 2020
LATITUDE: 40 27 N
LONGITUDE: 105 1 W
TEMPERATURE IN F: :PCPN: SNOW: WIND :SUNSHINE: SKY :PK WND
================================================================================
1 2 3 4 5 6A 6B 7 8 9 10 11 12 13 14 15 16 17 18
12Z AVG MX 2MIN
DY MAX MIN AVG DEP HDD CDD WTR SNW DPTH SPD SPD DIR MIN PSBL S-S WX SPD DR
================================================================================
1 82 48 65 M 0 0 M M M 5.3 10 150 M M 1 8 21 130
2 91 51 71 M 0 6 M M M 3.9 9 190 M M 0 8 M M
3 84 52 68 M 0 3 M M M 7.9 23 20 M M 0 8 36 30
4 94 54 74 M 0 9 M M M 5.0 10 130 M M 0 8 M M
5 100 55 78 M 0 13 M M M 4.4 9 180 M M 2 8 M M
6 99 63 81 M 0 16 M M M 7.0 17 350 M M 2 8 23 350
7 77 41 59 M 6 0 M M M 9.7 24 10 M M 5 1 38 360
8 41 32 37 M 28 0 M M M 11.5 22 30 M M 10 1 24 10
9 43 32 38 M 27 0 M M M 6.4 10 130 M M 10 1 M M
10 51 38 45 M 20 0 M M M 3.2 7 99 M M 10 M M
11 62 38 50 M 15 0 M M M 5.5 10 200 M M 4 12 M M
12 84 42 63 M 2 0 M M M 4.2 9 360 M M 0 18 M M
13 88 46 67 M 0 2 M M M 3.9 7 360 M M 0 8 M M
14 89 46 68 M 0 3 M M M 4.3 10 10 M M 0 8 M M
15 90 49 70 M 0 5 M M M 5.8 18 360 M M 0 8 22 360
16 77 51 64 M 1 0 M M M 5.7 10 90 M M 0 8 M M
17 87 47 67 M 0 2 M M M 5.7 10 10 M M 0 18 M M
18 80 50 65 M 0 0 M M M 3.7 9 20 M M 0 8 M M
19 90 54 72 M 0 7 M M M 5.3 13 30 M M 0 8 36 270
20 84 54 69 M 0 4 M M M 7.0 14 10 M M 1 8 16 120
21 87 48 68 M 0 3 M M M 4.2 9 60 M M 0 8 M M
22 88 52 70 M 0 5 M M M 4.6 9 10 M M 0 8 M M
23 87 56 72 M 0 7 M M M 5.4 10 180 M M 1 8 M M
24 91 50 71 M 0 6 M M M 4.5 13 150 M M 0 8 M M
25 81 52 67 M 0 2 M M M 3.8 13 90 M M 0 M M
26 84 52 68 M 0 3 M M M 7.0 24 80 M M 0 8 30 80
27 55 38 47 M 18 0 M M M 7.8 20 330 M M 6 31 330
28 67 36 52 M 13 0 M M M 7.0 21 360 M M 1 27 360
29 83 37 60 M 5 0 M M M 3.5 8 190 M M 1 8 M M
30 75 44 60 M 5 0 M M M 6.3 16 40 M M 2 8 17 120
================================================================================
SM 2391 1408 140 96 M M 169.5 M 56
================================================================================
AV 79.7 46.9 5.7 FASTST M M 2 MAX(MPH)
MISC ----> # 24 10 38 360
================================================================================
NOTES:
# LAST OF SEVERAL OCCURRENCES
COLUMN 17 PEAK WIND IN M.P.H.
PRELIMINARY LOCAL CLIMATOLOGICAL DATA (WS FORM: F-6) , PAGE 2
STATION: FT COLLINS/LOVELAND CO
MONTH: SEPTEMBER
YEAR: 2020
LATITUDE: 40 27 N
LONGITUDE: 105 1 W
[TEMPERATURE DATA] [PRECIPITATION DATA] SYMBOLS USED IN COLUMN 16
AVERAGE MONTHLY: 63.3 TOTAL FOR MONTH: M 1 = FOG OR MIST
DPTR FM NORMAL: 0.0 DPTR FM NORMAL: M 2 = FOG REDUCING VISIBILITY
HIGHEST: 100 ON 5 GRTST 24HR 0.75 ON 9-10 TO 1/4 MILE OR LESS
LOWEST: 32 ON 8, 9 3 = THUNDER
SNOW, ICE PELLETS, HAIL 4 = ICE PELLETS
TOTAL MONTH: M 5 = HAIL
GRTST 24HR M ON M 6 = FREEZING RAIN OR DRIZZLE
GRTST DEPTH: M ON M 7 = DUSTSTORM OR SANDSTORM:
VSBY 1/2 MILE OR LESS
8 = SMOKE OR HAZE
[NO. OF DAYS WITH] [WEATHER - DAYS WITH] 9 = BLOWING SNOW
X = TORNADO
MAX 32 OR BELOW: 0 0.01 INCH OR MORE: 0
MAX 90 OR ABOVE: 7 0.10 INCH OR MORE: 0
MIN 32 OR BELOW: 2 0.50 INCH OR MORE: 0
MIN 0 OR BELOW: 0 1.00 INCH OR MORE: 0
[HDD (BASE 65) ]
TOTAL THIS MO. 140 CLEAR (SCALE 0-3) 24
DPTR FM NORMAL M PTCLDY (SCALE 4-7) 3
TOTAL FM JUL 1 145 CLOUDY (SCALE 8-10) 3
DPTR FM NORMAL M
[CDD (BASE 65) ]
TOTAL THIS MO. 96
DPTR FM NORMAL M [PRESSURE DATA]
TOTAL FM JAN 1 998 HIGHEST SLP 30.48 ON 9
DPTR FM NORMAL M LOWEST SLP 29.60 ON 26
[REMARKS]
#FINAL-09-20#