000
CXUS52 KMLB 180622
CF6FPR
PRELIMINARY LOCAL CLIMATOLOGICAL DATA (WS FORM: F-6)
STATION: FORT PIERCE
MONTH: APRIL
YEAR: 2024
LATITUDE: 27 30 N
LONGITUDE: 80 22 W
TEMPERATURE IN F: :PCPN: SNOW: WIND :SUNSHINE: SKY :PK WND
================================================================================
1 2 3 4 5 6A 6B 7 8 9 10 11 12 13 14 15 16 17 18
12Z AVG MX 2MIN
DY MAX MIN AVG DEP HDD CDD WTR SNW DPTH SPD SPD DIR MIN PSBL S-S WX SPD DR
================================================================================
1 82 54 68 -1 0 3 0.00 0.0 0 8.2 23 130 M M 0 1 29 130
2 88 59 74 5 0 9 0.00 0.0 0 5.6 17 240 M M 2 1 25 230
3 90 66 78 9 0 13 0.03 0.0 0 13.7 29 240 M M 5 1 42 230
4 82 55 69 -1 0 4 0.01 0.0 0 10.5 18 260 M M 3 26 270
5 83 47 65 -5 0 0 0.00 0.0 0 6.4 17 280 M M 0 27 300
6 79 51 65 -5 0 0 0.00 0.0 0 5.5 14 70 M M 0 24 290
7 77 52 65 -5 0 0 0.00 0.0 0 6.5 14 60 M M 0 22 340
8 78 53 66 -4 0 1 0.00 0.0 0 10.3 21 100 M M 4 29 100
9 79 69 74 4 0 9 0.00 0.0 0 15.5 23 130 M M 4 30 120
10 85 72 79 9 0 14 0.00 0.0 0 17.4 29 130 M M 4 37 130
11 92 72 82 11 0 17 0.03 0.0 0 14.2 30 200 M M 7 138 43 190
12 79 60 70 -1 0 5 0.00 0.0 0 7.0 14 360 M M 2 22 10
13 78 47 63 -8 2 0 0.00 0.0 0 4.9 14 30 M M 0 1 25 350
14 81 46 64 -7 1 0 0.00 0.0 0 5.1 15 110 M M 0 21 40
15 80 52 66 -5 0 1 0.00 0.0 0 4.9 14 100 M M 1 19 100
16 82 54 68 -4 0 3 0.00 0.0 0 7.8 20 110 M M 1 29 120
17 82 61 72 0 0 7 0.00 0.0 0 10.1 20 110 M M 2 29 110
================================================================================
SM 1397 970 3 86 0.07 0.0 153.6 M 35
================================================================================
AV 82.2 57.1 9.0 FASTST M M 2 MAX(MPH)
MISC ----> 30 200 43 190
================================================================================
NOTES:
# LAST OF SEVERAL OCCURRENCES
COLUMN 17 PEAK WIND IN M.P.H.
PRELIMINARY LOCAL CLIMATOLOGICAL DATA (WS FORM: F-6) , PAGE 2
STATION: FORT PIERCE
MONTH: APRIL
YEAR: 2024
LATITUDE: 27 30 N
LONGITUDE: 80 22 W
[TEMPERATURE DATA] [PRECIPITATION DATA] SYMBOLS USED IN COLUMN 16
AVERAGE MONTHLY: 69.6 TOTAL FOR MONTH: 0.07 1 = FOG OR MIST
DPTR FM NORMAL: -0.7 DPTR FM NORMAL: -1.62 2 = FOG REDUCING VISIBILITY
HIGHEST: 92 ON 11 GRTST 24HR 0.04 ON 3- 4 TO 1/4 MILE OR LESS
LOWEST: 46 ON 14 3 = THUNDER
SNOW, ICE PELLETS, HAIL 4 = ICE PELLETS
TOTAL MONTH: 0.0 INCH 5 = HAIL
GRTST 24HR 0.0 6 = FREEZING RAIN OR DRIZZLE
GRTST DEPTH: 0 7 = DUSTSTORM OR SANDSTORM:
VSBY 1/2 MILE OR LESS
8 = SMOKE OR HAZE
[NO. OF DAYS WITH] [WEATHER - DAYS WITH] 9 = BLOWING SNOW
X = TORNADO
MAX 32 OR BELOW: 0 0.01 INCH OR MORE: 3
MAX 90 OR ABOVE: 2 0.10 INCH OR MORE: 0
MIN 32 OR BELOW: 0 0.50 INCH OR MORE: 0
MIN 0 OR BELOW: 0 1.00 INCH OR MORE: 0
[HDD (BASE 65) ]
TOTAL THIS MO. 3 CLEAR (SCALE 0-3) 12
DPTR FM NORMAL -7 PTCLDY (SCALE 4-7) 5
TOTAL FM JUL 1 241 CLOUDY (SCALE 8-10) 0
DPTR FM NORMAL -174
[CDD (BASE 65) ]
TOTAL THIS MO. 86
DPTR FM NORMAL -15 [PRESSURE DATA]
TOTAL FM JAN 1 400 HIGHEST SLP M ON M
DPTR FM NORMAL 30 LOWEST SLP 29.66 ON 3
[REMARKS]