000
CXUS54 KTSA 011349
CF6FSM
PRELIMINARY LOCAL CLIMATOLOGICAL DATA (WS FORM: F-6)
STATION: FORT SMITH ARKANSAS
MONTH: APRIL
YEAR: 2023
LATITUDE: 35 19 N
LONGITUDE: 94 22 W
TEMPERATURE IN F: :PCPN: SNOW: WIND :SUNSHINE: SKY :PK WND
================================================================================
1 2 3 4 5 6A 6B 7 8 9 10 11 12 13 14 15 16 17 18
12Z AVG MX 2MIN
DY MAX MIN AVG DEP HDD CDD WTR SNW DPTH SPD SPD DIR MIN PSBL S-S WX SPD DR
================================================================================
1 68 46 57 -1 8 0 0.00 0.0 0 9.7 23 310 M M 1 32 310
2 81 41 61 2 4 0 0.00 0.0 0 8.7 29 200 M M 2 3 42 190
3 88 57 73 14 0 8 0.00 0.0 0 8.2 21 190 M M 2 30 190
4 83 67 75 16 0 10 0.00 0.0 0 8.7 20 170 M M 3 29 170
5 79 49 64 5 1 0 0.07 0.0 0 12.0 29 300 M M 2 13 46 290
6 61 45 53 -7 12 0 0.00 0.0 0 6.7 15 80 M M 0 24 70
7 68 43 56 -4 9 0 0.00 0.0 0 6.1 17 70 M M 0 22 80
8 76 40 58 -2 7 0 0.00 0.0 0 3.2 9 90 M M 0 13 120
9 70 48 59 -1 6 0 0.00 0.0 0 7.7 16 70 M M 1 22 80
10 76 51 64 3 1 0 0.00 0.0 0 3.0 9 80 M M 0 11 40
11 79 51 65 4 0 0 0.00 0.0 0 3.2 12 120 M M 2 8 20 140
12 81 50 66 5 0 1 0.00 0.0 0 2.9 14 180 M M 1 8 19 180
13 81 54 68 6 0 3 0.00 0.0 0 3.2 9 260 M M 0 12 250
14 85 53 69 7 0 4 0.00 0.0 0 4.9 15 160 M M 1 8 23 130
15 85 52 69 7 0 4 0.04 0.0 0 11.2 33 290 M M 6 3 45 270
16 69 43 56 -6 9 0 0.00 0.0 0 12.5 28 280 M M 0 38 290
17 80 41 61 -2 4 0 0.00 0.0 0 5.7 15 200 M M 0 20 190
18 84 52 68 5 0 3 0.00 0.0 0 7.0 24 190 M M 1 35 190
19 78 60 69 6 0 4 T 0.0 0 6.7 16 190 M M 7 24 160
20 79 61 70 7 0 5 0.39 0.0 0 9.9 24 280 M M 8 13 36 190
21 74 50 62 -2 3 0 0.00 0.0 0 4.2 17 290 M M 1 22 290
22 62 43 53 -11 12 0 0.04 0.0 0 6.9 20 10 M M 5 27 10
23 67 46 57 -7 8 0 T 0.0 0 4.6 14 310 M M 2 17 310
24 69 41 55 -9 10 0 T 0.0 0 8.3 17 80 M M 2 25 80
25 58 50 54 -11 11 0 0.85 0.0 0 7.2 14 80 M M 10 1 18 120
26 59 52 56 -9 9 0 0.13 0.0 0 10.3 21 90 M M 10 1 27 80
27 64 56 60 -5 5 0 0.24 0.0 0 7.4 16 260 M M 10 1 22 260
28 69 54 62 -3 3 0 0.62 0.0 0 4.1 16 360 M M 9 1 20 360
29 71 51 61 -5 4 0 0.30 0.0 0 9.4 21 300 M M 6 1 27 300
30 72 46 59 -7 6 0 0.00 0.0 0 10.9 26 280 M M 0 36 290
================================================================================
SM 2216 1493 132 42 2.68 0.0 214.5 M 92
================================================================================
AV 73.9 49.8 7.1 FASTST M M 3 MAX(MPH)
MISC ----> 33 290 46 290
================================================================================
NOTES:
# LAST OF SEVERAL OCCURRENCES
COLUMN 17 PEAK WIND IN M.P.H.
PRELIMINARY LOCAL CLIMATOLOGICAL DATA (WS FORM: F-6) , PAGE 2
STATION: FORT SMITH ARKANSAS
MONTH: APRIL
YEAR: 2023
LATITUDE: 35 19 N
LONGITUDE: 94 22 W
[TEMPERATURE DATA] [PRECIPITATION DATA] SYMBOLS USED IN COLUMN 16
AVERAGE MONTHLY: 61.8 TOTAL FOR MONTH: 2.68 1 = FOG OR MIST
DPTR FM NORMAL: -0.3 DPTR FM NORMAL: -2.19 2 = FOG REDUCING VISIBILITY
HIGHEST: 88 ON 3 GRTST 24HR 0.92 ON 28-29 TO 1/4 MILE OR LESS
LOWEST: 40 ON 8 3 = THUNDER
SNOW, ICE PELLETS, HAIL 4 = ICE PELLETS
TOTAL MONTH: 0.0 INCH 5 = HAIL
GRTST 24HR 0.0 6 = FREEZING RAIN OR DRIZZLE
GRTST DEPTH: 0 7 = DUSTSTORM OR SANDSTORM:
VSBY 1/2 MILE OR LESS
8 = SMOKE OR HAZE
[NO. OF DAYS WITH] [WEATHER - DAYS WITH] 9 = BLOWING SNOW
X = TORNADO
MAX 32 OR BELOW: 0 0.01 INCH OR MORE: 9
MAX 90 OR ABOVE: 0 0.10 INCH OR MORE: 6
MIN 32 OR BELOW: 0 0.50 INCH OR MORE: 2
MIN 0 OR BELOW: 0 1.00 INCH OR MORE: 0
[HDD (BASE 65) ]
TOTAL THIS MO. 132 CLEAR (SCALE 0-3) 21
DPTR FM NORMAL -10 PTCLDY (SCALE 4-7) 4
TOTAL FM JUL 1 2693 CLOUDY (SCALE 8-10) 5
DPTR FM NORMAL -376
[CDD (BASE 65) ]
TOTAL THIS MO. 42
DPTR FM NORMAL -15 [PRESSURE DATA]
TOTAL FM JAN 1 56 HIGHEST SLP 30.40 ON 6
DPTR FM NORMAL -16 LOWEST SLP 29.52 ON 4
[REMARKS]
#FINAL-04-23#