000
CXUS54 KTSA 011109
CF6FSM
PRELIMINARY LOCAL CLIMATOLOGICAL DATA (WS FORM: F-6)
STATION: FORT SMITH ARKANSAS
MONTH: SEPTEMBER
YEAR: 2021
LATITUDE: 35 19 N
LONGITUDE: 94 22 W
TEMPERATURE IN F: :PCPN: SNOW: WIND :SUNSHINE: SKY :PK WND
================================================================================
1 2 3 4 5 6A 6B 7 8 9 10 11 12 13 14 15 16 17 18
12Z AVG MX 2MIN
DY MAX MIN AVG DEP HDD CDD WTR SNW DPTH SPD SPD DIR MIN PSBL S-S WX SPD DR
================================================================================
1 101 74 88 9 0 23 0.00 0.0 0 4.7 15 100 M M 1 22 90
2 94 75 85 6 0 20 0.00 0.0 0 9.6 18 50 M M 2 23 60
3 97 72 85 6 0 20 0.00 0.0 0 5.6 15 160 M M 1 20 150
4 99 77 88 9 0 23 T 0.0 0 6.6 18 290 M M 4 25 290
5 89 72 81 3 0 16 1.68 0.0 0 5.0 15 50 M M 5 138 19 60
6 91 65 78 0 0 13 0.00 0.0 0 4.4 10 70 M M 0 16 60
7 95 66 81 3 0 16 0.00 0.0 0 3.6 9 10 M M 0 13 360
8 90 68 79 2 0 14 0.14 0.0 0 7.6 20 360 M M 1 3 28 10
9 90 59 75 -2 0 10 0.00 0.0 0 1.9 8 90 M M 0 12 80
10 96 64 80 3 0 15 0.00 0.0 0 3.7 8 210 M M 0 12 200
11 94 66 80 4 0 15 0.00 0.0 0 4.2 13 170 M M 0 17 170
12 90 65 78 2 0 13 0.00 0.0 0 4.7 14 150 M M 0 19 130
13 92 67 80 4 0 15 0.00 0.0 0 5.0 14 160 M M 2 20 160
14 94 69 82 6 0 17 0.00 0.0 0 2.8 10 170 M M 3 16 290
15 91 72 82 7 0 17 0.00 0.0 0 5.4 15 80 M M 2 19 80
16 90 70 80 5 0 15 0.00 0.0 0 6.9 16 80 M M 0 24 60
17 93 69 81 7 0 16 0.00 0.0 0 4.6 13 90 M M 1 19 360
18 94 71 83 9 0 18 0.00 0.0 0 3.9 16 30 M M 1 3 20 30
19 91 71 81 7 0 16 0.00 0.0 0 5.5 14 110 M M 2 19 110
20 98 70 84 11 0 19 0.00 0.0 0 5.9 15 170 M M 1 22 170
21 80 55 68 -5 0 3 0.06 0.0 0 10.2 23 330 M M 5 8 35 360
22 81 51 66 -7 0 1 0.00 0.0 0 6.9 20 360 M M 0 8 25 360
23 83 47 65 -7 0 0 0.00 0.0 0 2.9 12 320 M M 0 18 290
24 87 51 69 -3 0 4 0.00 0.0 0 3.7 12 200 M M 0 16 210
25 89 53 71 -1 0 6 0.00 0.0 0 2.4 10 10 M M 0 16 10
26 95 57 76 5 0 11 0.00 0.0 0 6.1 15 210 M M 0 22 230
27 93 61 77 6 0 12 0.00 0.0 0 4.1 14 230 M M 0 18 20 240
28 94 65 80 10 0 15 0.00 0.0 0 5.8 16 70 M M 0 24 30
29 85 68 77 7 0 12 0.00 0.0 0 6.7 15 120 M M 2 20 130
30 88 68 78 8 0 13 T 0.0 0 6.8 22 320 M M 5 3 29 310
================================================================================
SM 2744 1958 0 408 1.88 0.0 157.2 M 38
================================================================================
AV 91.5 65.3 5.2 FASTST M M 1 MAX(MPH)
MISC ----> 23 330 35 360
================================================================================
NOTES:
# LAST OF SEVERAL OCCURRENCES
COLUMN 17 PEAK WIND IN M.P.H.
PRELIMINARY LOCAL CLIMATOLOGICAL DATA (WS FORM: F-6) , PAGE 2
STATION: FORT SMITH ARKANSAS
MONTH: SEPTEMBER
YEAR: 2021
LATITUDE: 35 19 N
LONGITUDE: 94 22 W
[TEMPERATURE DATA] [PRECIPITATION DATA] SYMBOLS USED IN COLUMN 16
AVERAGE MONTHLY: 78.4 TOTAL FOR MONTH: 1.88 1 = FOG OR MIST
DPTR FM NORMAL: 3.6 DPTR FM NORMAL: -2.16 2 = FOG REDUCING VISIBILITY
HIGHEST: 101 ON 1 GRTST 24HR 1.68 ON 4- 5 TO 1/4 MILE OR LESS
LOWEST: 47 ON 23 3 = THUNDER
SNOW, ICE PELLETS, HAIL 4 = ICE PELLETS
TOTAL MONTH: 0.0 INCH 5 = HAIL
GRTST 24HR 0.0 6 = FREEZING RAIN OR DRIZZLE
GRTST DEPTH: 0 7 = DUSTSTORM OR SANDSTORM:
VSBY 1/2 MILE OR LESS
8 = SMOKE OR HAZE
[NO. OF DAYS WITH] [WEATHER - DAYS WITH] 9 = BLOWING SNOW
X = TORNADO
MAX 32 OR BELOW: 0 0.01 INCH OR MORE: 3
MAX 90 OR ABOVE: 22 0.10 INCH OR MORE: 2
MIN 32 OR BELOW: 0 0.50 INCH OR MORE: 1
MIN 0 OR BELOW: 0 1.00 INCH OR MORE: 1
[HDD (BASE 65) ]
TOTAL THIS MO. 0 CLEAR (SCALE 0-3) 26
DPTR FM NORMAL -10 PTCLDY (SCALE 4-7) 4
TOTAL FM JUL 1 0 CLOUDY (SCALE 8-10) 0
DPTR FM NORMAL -8
[CDD (BASE 65) ]
TOTAL THIS MO. 408
DPTR FM NORMAL 104 [PRESSURE DATA]
TOTAL FM JAN 1 2111 HIGHEST SLP 30.32 ON 22
DPTR FM NORMAL 26 LOWEST SLP 29.74 ON 1
[REMARKS]
#FINAL-09-21#