000
CXUS54 KTSA 191106
CF6FSM
PRELIMINARY LOCAL CLIMATOLOGICAL DATA (WS FORM: F-6)
STATION: FORT SMITH ARKANSAS
MONTH: JULY
YEAR: 2021
LATITUDE: 35 19 N
LONGITUDE: 94 22 W
TEMPERATURE IN F: :PCPN: SNOW: WIND :SUNSHINE: SKY :PK WND
================================================================================
1 2 3 4 5 6A 6B 7 8 9 10 11 12 13 14 15 16 17 18
12Z AVG MX 2MIN
DY MAX MIN AVG DEP HDD CDD WTR SNW DPTH SPD SPD DIR MIN PSBL S-S WX SPD DR
================================================================================
1 81 73 77 -5 0 12 0.23 0.0 0 4.3 13 290 M M 5 13 16 290
2 87 69 78 -4 0 13 T 0.0 0 6.3 16 80 M M 5 12 22 80
3 87 63 75 -7 0 10 0.00 0.0 0 3.7 13 60 M M 1 8 17 60
4 88 66 77 -5 0 12 0.00 0.0 0 5.0 12 80 M M 2 15 50
5 89 66 78 -4 0 13 0.00 0.0 0 5.6 14 70 M M 1 19 80
6 92 69 81 -1 0 16 0.00 0.0 0 5.1 13 80 M M 1 15 80
7 95 72 84 2 0 19 0.00 0.0 0 5.4 14 280 M M 1 18 300
8 96 72 84 1 0 19 0.02 0.0 0 4.0 20 250 M M 2 27 240
9 94 74 84 1 0 19 0.00 0.0 0 6.5 18 220 M M 1 24 220
10 92 68 80 -3 0 15 0.63 0.0 0 9.5 30 310 M M 5 13 48 350
11 86 69 78 -5 0 13 T 0.0 0 8.8 22 330 M M 5 30 320
12 87 67 77 -6 0 12 0.00 0.0 0 6.6 16 270 M M 3 21 270
13 92 67 80 -3 0 15 0.00 0.0 0 3.5 13 230 M M 1 128 19 240
14 94 71 83 0 0 18 0.00 0.0 0 5.6 16 190 M M 1 26 260
15 93 73 83 0 0 18 0.00 0.0 0 5.7 18 210 M M 3 8 24 170
16 84 68 76 -7 0 11 2.73 0.0 0 5.9 21 60 M M 4 13 28 10
17 92 73 83 0 0 18 0.38 0.0 0 6.8 16 80 M M 5 13 22 60
18 88 72 80 -3 0 15 3.95 0.0 0 4.7 18 40 M M 6 123 27 50
19 88 72 80 -3 0 15 T 0.0 0 4.9 20 80 M M 3 13 25 80
20 88 70 79 -5 0 14 0.00 0.0 0 5.4 16 50 M M 0 23 40
21 89 67 78 -6 0 13 0.00 0.0 0 3.0 10 70 M M 1 18 15 60
22 91 73 82 -2 0 17 T 0.0 0 3.6 14 300 M M 1 18 18 300
23 95 75 85 1 0 20 0.00 0.0 0 3.9 14 220 M M 2 8 20 220
24 96 76 86 2 0 21 0.00 0.0 0 3.6 12 210 M M 2 17 210
25 95 77 86 2 0 21 0.00 0.0 0 4.5 21 70 M M 3 28 80
26 97 76 87 3 0 22 0.00 0.0 0 4.3 21 40 M M 1 3 27 40
27 99 78 89 5 0 24 0.00 0.0 0 4.4 14 10 M M 1 8 17 10
28 97 77 87 3 0 22 0.00 0.0 0 4.3 12 70 M M 0 15 70
29 98 77 88 4 0 23 0.00 0.0 0 2.8 8 110 M M 1 12 120
30 98 75 87 3 0 22 0.00 0.0 0 2.2 9 160 M M 1 14 160
31 100 76 88 4 0 23 0.00 0.0 0 3.7 13 280 M M 1 18 250
================================================================================
SM 2848 2221 0 525 7.94 0.0 153.6 M 69
================================================================================
AV 91.9 71.6 5.0 FASTST M M 2 MAX(MPH)
MISC ----> 30 310 48 350
================================================================================
NOTES:
# LAST OF SEVERAL OCCURRENCES
COLUMN 17 PEAK WIND IN M.P.H.
PRELIMINARY LOCAL CLIMATOLOGICAL DATA (WS FORM: F-6) , PAGE 2
STATION: FORT SMITH ARKANSAS
MONTH: JULY
YEAR: 2021
LATITUDE: 35 19 N
LONGITUDE: 94 22 W
[TEMPERATURE DATA] [PRECIPITATION DATA] SYMBOLS USED IN COLUMN 16
AVERAGE MONTHLY: 81.8 TOTAL FOR MONTH: 7.94 1 = FOG OR MIST
DPTR FM NORMAL: -1.3 DPTR FM NORMAL: 4.55 2 = FOG REDUCING VISIBILITY
HIGHEST: 100 ON 31 GRTST 24HR 4.20 ON 17-18 TO 1/4 MILE OR LESS
LOWEST: 63 ON 3 3 = THUNDER
SNOW, ICE PELLETS, HAIL 4 = ICE PELLETS
TOTAL MONTH: 0.0 INCH 5 = HAIL
GRTST 24HR 0.0 6 = FREEZING RAIN OR DRIZZLE
GRTST DEPTH: 0 7 = DUSTSTORM OR SANDSTORM:
VSBY 1/2 MILE OR LESS
8 = SMOKE OR HAZE
[NO. OF DAYS WITH] [WEATHER - DAYS WITH] 9 = BLOWING SNOW
X = TORNADO
MAX 32 OR BELOW: 0 0.01 INCH OR MORE: 6
MAX 90 OR ABOVE: 19 0.10 INCH OR MORE: 5
MIN 32 OR BELOW: 0 0.50 INCH OR MORE: 3
MIN 0 OR BELOW: 0 1.00 INCH OR MORE: 2
[HDD (BASE 65) ]
TOTAL THIS MO. 0 CLEAR (SCALE 0-3) 24
DPTR FM NORMAL 0 PTCLDY (SCALE 4-7) 7
TOTAL FM JUL 1 0 CLOUDY (SCALE 8-10) 0
DPTR FM NORMAL 0
[CDD (BASE 65) ]
TOTAL THIS MO. 525
DPTR FM NORMAL -36 [PRESSURE DATA]
TOTAL FM JAN 1 1119 HIGHEST SLP 30.17 ON 14
DPTR FM NORMAL -126 LOWEST SLP 29.82 ON 7
[REMARKS]
#FINAL-07-21#