000
CXUS54 KTSA 011434
CF6FSM
PRELIMINARY LOCAL CLIMATOLOGICAL DATA (WS FORM: F-6)
STATION: FORT SMITH ARKANSAS
MONTH: SEPTEMBER
YEAR: 2020
LATITUDE: 35 19 N
LONGITUDE: 94 22 W
TEMPERATURE IN F: :PCPN: SNOW: WIND :SUNSHINE: SKY :PK WND
================================================================================
1 2 3 4 5 6A 6B 7 8 9 10 11 12 13 14 15 16 17 18
12Z AVG MX 2MIN
DY MAX MIN AVG DEP HDD CDD WTR SNW DPTH SPD SPD DIR MIN PSBL S-S WX SPD DR
================================================================================
1 76 72 74 -5 0 9 3.93 0.0 0 6.0 17 70 M M 5 13 26 160
2 79 73 76 -3 0 11 0.27 0.0 0 1.8 9 80 M M 8 1 12 60
3 90 73 82 3 0 17 0.00 0.0 0 3.5 9 150 M M 6 12 13 220
4 92 73 83 5 0 18 0.00 0.0 0 2.8 10 50 M M 3 12 15 130
5 91 71 81 3 0 16 0.00 0.0 0 4.8 10 70 M M 2 13 60
6 90 72 81 3 0 16 0.00 0.0 0 4.4 15 240 M M 2 12 20 190
7 91 70 81 4 0 16 0.00 0.0 0 6.3 16 190 M M 0 22 190
8 90 72 81 4 0 16 0.00 0.0 0 5.5 13 170 M M 1 19 190
9 91 71 81 4 0 16 T 0.0 0 5.5 13 160 M M 1 17 170
10 75 65 70 -6 0 5 1.29 0.0 0 8.5 16 260 M M 9 1 19 260
11 81 65 73 -3 0 8 0.00 0.0 0 4.6 12 270 M M 8 1 15 270
12 83 69 76 1 0 11 0.00 0.0 0 3.3 9 250 M M 6 12 260
13 85 66 76 1 0 11 0.00 0.0 0 4.4 12 330 M M 2 12 15 350
14 84 65 75 0 0 10 0.00 0.0 0 4.4 13 90 M M 1 21 110
15 86 66 76 2 0 11 0.00 0.0 0 3.9 12 60 M M 1 15 70
16 89 67 78 4 0 13 T 0.0 0 4.5 10 330 M M 3 13 320
17 87 66 77 4 0 12 0.00 0.0 0 4.8 12 30 M M 1 16 360
18 82 63 73 0 0 8 0.00 0.0 0 4.6 10 80 M M 0 8 14 70
19 77 57 67 -5 0 2 0.00 0.0 0 5.5 14 100 M M 0 1 20 80
20 80 54 67 -5 0 2 0.00 0.0 0 5.9 15 70 M M 1 21 70
21 81 59 70 -2 0 5 0.29 0.0 0 5.9 15 80 M M 4 1 23 60
22 68 61 65 -6 0 0 1.17 0.0 0 9.4 15 90 M M 10 1 22 80
23 70 61 66 -5 0 1 0.01 0.0 0 7.8 16 70 M M 10 1 21 80
24 81 62 72 2 0 7 0.00 0.0 0 2.2 10 290 M M 5 13 300
25 81 62 72 2 0 7 0.00 0.0 0 4.5 10 80 M M 5 12 15 60
26 83 61 72 2 0 7 0.00 0.0 0 4.8 10 120 M M 4 12 15 90
27 86 58 72 3 0 7 0.40 0.0 0 8.8 33 360 M M 6 13 45 360
28 74 51 63 -6 2 0 0.01 0.0 0 9.2 21 310 M M 3 13 30 320
29 77 48 63 -5 2 0 0.00 0.0 0 6.1 20 280 M M 0 18 29 270
30 87 50 69 1 0 4 0.00 0.0 0 4.5 16 280 M M 0 1 20 290
================================================================================
SM 2487 1923 4 266 7.37 0.0 158.2 M 107
================================================================================
AV 82.9 64.1 5.3 FASTST M M 4 MAX(MPH)
MISC ----> 33 360 45 360
================================================================================
NOTES:
# LAST OF SEVERAL OCCURRENCES
COLUMN 17 PEAK WIND IN M.P.H.
PRELIMINARY LOCAL CLIMATOLOGICAL DATA (WS FORM: F-6) , PAGE 2
STATION: FORT SMITH ARKANSAS
MONTH: SEPTEMBER
YEAR: 2020
LATITUDE: 35 19 N
LONGITUDE: 94 22 W
[TEMPERATURE DATA] [PRECIPITATION DATA] SYMBOLS USED IN COLUMN 16
AVERAGE MONTHLY: 73.5 TOTAL FOR MONTH: 7.37 1 = FOG OR MIST
DPTR FM NORMAL: -0.4 DPTR FM NORMAL: 3.32 2 = FOG REDUCING VISIBILITY
HIGHEST: 92 ON 4 GRTST 24HR 3.93 ON 1- 1 TO 1/4 MILE OR LESS
LOWEST: 48 ON 29 3 = THUNDER
SNOW, ICE PELLETS, HAIL 4 = ICE PELLETS
TOTAL MONTH: 0.0 INCH 5 = HAIL
GRTST 24HR 0.0 6 = FREEZING RAIN OR DRIZZLE
GRTST DEPTH: 0 7 = DUSTSTORM OR SANDSTORM:
VSBY 1/2 MILE OR LESS
8 = SMOKE OR HAZE
[NO. OF DAYS WITH] [WEATHER - DAYS WITH] 9 = BLOWING SNOW
X = TORNADO
MAX 32 OR BELOW: 0 0.01 INCH OR MORE: 8
MAX 90 OR ABOVE: 7 0.10 INCH OR MORE: 6
MIN 32 OR BELOW: 0 0.50 INCH OR MORE: 3
MIN 0 OR BELOW: 0 1.00 INCH OR MORE: 3
[HDD (BASE 65) ]
TOTAL THIS MO. 4 CLEAR (SCALE 0-3) 17
DPTR FM NORMAL -13 PTCLDY (SCALE 4-7) 10
TOTAL FM JUL 1 4 CLOUDY (SCALE 8-10) 3
DPTR FM NORMAL -13
[CDD (BASE 65) ]
TOTAL THIS MO. 266
DPTR FM NORMAL -17 [PRESSURE DATA]
TOTAL FM JAN 1 1996 HIGHEST SLP 30.31 ON 5
DPTR FM NORMAL 18 LOWEST SLP 29.69 ON 27
[REMARKS]
#FINAL-09-20#