000
CXUS54 KTSA 012014
CF6FSM
PRELIMINARY LOCAL CLIMATOLOGICAL DATA (WS FORM: F-6)
STATION: FORT SMITH ARKANSAS
MONTH: MAY
YEAR: 2020
LATITUDE: 35 19 N
LONGITUDE: 94 22 W
TEMPERATURE IN F: :PCPN: SNOW: WIND :SUNSHINE: SKY :PK WND
================================================================================
1 2 3 4 5 6A 6B 7 8 9 10 11 12 13 14 15 16 17 18
12Z AVG MX 2MIN
DY MAX MIN AVG DEP HDD CDD WTR SNW DPTH SPD SPD DIR MIN PSBL S-S WX SPD DR
================================================================================
1 87 50 69 3 0 4 0.00 0.0 0 6.2 17 200 M M 0 26 160
2 90 59 75 9 0 10 0.00 0.0 0 5.6 15 160 M M 0 23 180
3 80 68 74 8 0 9 0.00 0.0 0 4.8 13 220 M M 8 19 210
4 90 67 79 12 0 14 0.24 0.0 0 7.8 29 340 M M 7 13 41 350
5 79 55 67 0 0 2 T 0.0 0 7.9 18 330 M M 2 26 20
6 76 50 63 -4 2 0 0.00 0.0 0 6.2 17 320 M M 0 23 20
7 72 50 61 -7 4 0 0.01 0.0 0 8.0 17 80 M M 3 3 25 140
8 70 51 61 -7 4 0 0.60 0.0 0 13.3 29 10 M M 4 13 40 350
9 71 43 57 -11 8 0 0.00 0.0 0 4.0 14 110 M M 1 18 110
10 74 47 61 -7 4 0 0.00 0.0 0 6.1 17 350 M M 2 24 20
11 65 52 59 -10 6 0 T 0.0 0 8.9 18 90 M M 9 27 80
12 53 48 51 -18 14 0 0.88 0.0 0 11.4 18 90 M M 10 1 27 80
13 80 53 67 -2 0 2 0.01 0.0 0 8.7 16 150 M M 7 1 24 150
14 82 65 74 5 0 9 T 0.0 0 7.0 16 200 M M 4 23 220
15 72 61 67 -3 0 2 0.56 0.0 0 8.7 26 10 M M 7 13 39 20
16 78 58 68 -2 0 3 0.92 0.0 0 6.0 15 30 M M 7 1 20 40
17 82 59 71 1 0 6 0.16 0.0 0 10.0 23 340 M M 3 32 330
18 79 54 67 -3 0 2 0.00 0.0 0 9.6 20 290 M M 0 28 280
19 80 52 66 -5 0 1 0.00 0.0 0 4.4 12 70 M M 2 16 40
20 80 55 68 -3 0 3 0.00 0.0 0 5.4 14 40 M M 1 17 80
21 80 61 71 0 0 6 T 0.0 0 9.1 17 80 M M 6 22 80
22 81 65 73 2 0 8 0.34 0.0 0 8.8 25 340 M M 7 13 39 320
23 86 66 76 4 0 11 0.01 0.0 0 6.6 15 340 M M 1 3 27 340
24 89 69 79 7 0 14 0.07 0.0 0 7.4 25 190 M M 3 13 39 180
25 80 67 74 2 0 9 2.21 0.0 0 7.8 33 220 M M 6 13 50 220
26 76 66 71 -1 0 6 0.15 0.0 0 7.1 16 250 M M 9 13 24 240
27 74 63 69 -4 0 4 0.07 0.0 0 4.7 21 270 M M 6 13 25 270
28 80 63 72 -1 0 7 0.00 0.0 0 7.1 18 310 M M 6 23 310
29 86 61 74 1 0 9 0.00 0.0 0 6.6 15 20 M M 0 24 340
30 84 56 70 -4 0 5 0.00 0.0 0 3.3 14 80 M M 0 19 60
31 84 60 72 -2 0 7 0.00 0.0 0 5.9 15 70 M M 0 22 70
================================================================================
SM 2440 1794 42 153 6.23 0.0 224.4 M 121
================================================================================
AV 78.7 57.9 7.2 FASTST M M 4 MAX(MPH)
MISC ----> # 33 220 # 50 220
================================================================================
NOTES:
# LAST OF SEVERAL OCCURRENCES
COLUMN 17 PEAK WIND IN M.P.H.
PRELIMINARY LOCAL CLIMATOLOGICAL DATA (WS FORM: F-6) , PAGE 2
STATION: FORT SMITH ARKANSAS
MONTH: MAY
YEAR: 2020
LATITUDE: 35 19 N
LONGITUDE: 94 22 W
[TEMPERATURE DATA] [PRECIPITATION DATA] SYMBOLS USED IN COLUMN 16
AVERAGE MONTHLY: 68.3 TOTAL FOR MONTH: 6.23 1 = FOG OR MIST
DPTR FM NORMAL: -1.6 DPTR FM NORMAL: 0.76 2 = FOG REDUCING VISIBILITY
HIGHEST: 90 ON 4, 2 GRTST 24HR 2.21 ON 25-25 TO 1/4 MILE OR LESS
LOWEST: 43 ON 9 3 = THUNDER
SNOW, ICE PELLETS, HAIL 4 = ICE PELLETS
TOTAL MONTH: 0.0 INCH 5 = HAIL
GRTST 24HR 0.0 6 = FREEZING RAIN OR DRIZZLE
GRTST DEPTH: 0 7 = DUSTSTORM OR SANDSTORM:
VSBY 1/2 MILE OR LESS
8 = SMOKE OR HAZE
[NO. OF DAYS WITH] [WEATHER - DAYS WITH] 9 = BLOWING SNOW
X = TORNADO
MAX 32 OR BELOW: 0 0.01 INCH OR MORE: 14
MAX 90 OR ABOVE: 2 0.10 INCH OR MORE: 9
MIN 32 OR BELOW: 0 0.50 INCH OR MORE: 5
MIN 0 OR BELOW: 0 1.00 INCH OR MORE: 1
[HDD (BASE 65) ]
TOTAL THIS MO. 42 CLEAR (SCALE 0-3) 16
DPTR FM NORMAL 15 PTCLDY (SCALE 4-7) 12
TOTAL FM JUL 1 2900 CLOUDY (SCALE 8-10) 3
DPTR FM NORMAL -342
[CDD (BASE 65) ]
TOTAL THIS MO. 153
DPTR FM NORMAL -25 [PRESSURE DATA]
TOTAL FM JAN 1 220 HIGHEST SLP 30.38 ON 11
DPTR FM NORMAL -24 LOWEST SLP 29.65 ON 4
[REMARKS]
#FINAL-05-20#
#FINAL-05-20#