000
CXUS54 KMAF 011110
CF6FST
PRELIMINARY LOCAL CLIMATOLOGICAL DATA (WS FORM: F-6)
STATION: FORT STOCKTON
MONTH: MARCH
YEAR: 2021
LATITUDE: 30 55 N
LONGITUDE: 102 55 W
TEMPERATURE IN F: :PCPN: SNOW: WIND :SUNSHINE: SKY :PK WND
================================================================================
1 2 3 4 5 6A 6B 7 8 9 10 11 12 13 14 15 16 17 18
12Z AVG MX 2MIN
DY MAX MIN AVG DEP HDD CDD WTR SNW DPTH SPD SPD DIR MIN PSBL S-S WX SPD DR
================================================================================
1 49 31 40 -16 25 0 0.00 M M 12.6 23 80 M M 8 28 70
2 62 28 45 -11 20 0 0.00 M M 9.2 16 160 M M 0 21 150
3 80 38 59 3 6 0 0.00 M M 7.9 18 160 M M 0 23 160
4 88 48 68 12 0 3 0.00 M M 12.6 26 340 M M 0 35 250
5 68 45 57 0 8 0 0.00 M M 15.8 29 340 M M 2 8 36 320
6 62 37 50 -7 15 0 0.00 M M 6.9 17 110 M M 0 26 110
7 70 42 56 -1 9 0 0.00 M M 13.8 23 160 M M 0 31 150
8 81 44 63 6 2 0 0.00 M M 15.6 26 160 M M 0 36 150
9 81 54 68 10 0 3 0.00 M M 18.0 28 150 M M 0 34 150
10 80 52 66 8 0 1 0.00 M M 11.6 22 210 M M 0 30 220
11 77 59 68 10 0 3 0.00 M M 12.3 23 150 M M 0 30 160
12 88 60 74 16 0 9 0.00 M M 19.9 30 150 M M 0 39 150
13 89 50 70 11 0 5 0.00 M M 20.4 35 320 M M 2 38 42 180
14 69 39 54 -5 11 0 0.00 M M 15.7 32 270 M M 0 43 250
15 75 42 59 0 6 0 0.00 M M 10.3 22 270 M M 0 30 270
16 85 53 69 9 0 4 0.00 M M 16.1 32 300 M M 2 8 41 300
17 66 44 55 -5 10 0 0.00 M M 15.4 28 350 M M 0 35 290
18 64 36 50 -10 15 0 0.00 M M 5.5 13 80 M M 0 18 80
19 68 41 55 -5 10 0 0.00 M M 10.7 20 110 M M 0 24 110
20 75 44 60 -1 5 0 0.00 M M 15.2 24 140 M M 0 34 150
21 85 50 68 7 0 3 0.00 M M 15.0 24 160 M M 0 32 150
22 75 49 62 1 3 0 T M M 17.0 39 280 M M 4 38 52 280
23 78 41 60 -2 5 0 0.00 M M 11.7 29 150 M M 0 41 150
24 70 46 58 -4 7 0 0.00 M M 13.8 29 150 M M 0 40 150
25 72 35 54 -8 11 0 T M M 10.3 22 270 M M 1 28 280
26 84 42 63 1 2 0 0.00 M M 10.5 25 220 M M 0 32 240
27 78 50 64 1 1 0 0.00 M M 12.4 24 10 M M 0 8 29 30
28 71 49 60 -3 5 0 0.00 M M 7.6 20 40 M M 0 24 50
29 82 47 65 2 0 0 M M M 12.7 21 160 M M 0 30 150
30 87 55 71 8 0 6 0.00 M M 10.6 20 220 M M 0 25 160
31 66 44 55 -9 10 0 0.00 M M 11.1 20 40 M M 1 25 40
================================================================================
SM 2325 1395 186 37 T M 398.2 M 20
================================================================================
AV 75.0 45.0 12.8 FASTST M M 1 MAX(MPH)
MISC ----> 39 280 52 280
================================================================================
NOTES:
# LAST OF SEVERAL OCCURRENCES
COLUMN 17 PEAK WIND IN M.P.H.
PRELIMINARY LOCAL CLIMATOLOGICAL DATA (WS FORM: F-6) , PAGE 2
STATION: FORT STOCKTON
MONTH: MARCH
YEAR: 2021
LATITUDE: 30 55 N
LONGITUDE: 102 55 W
[TEMPERATURE DATA] [PRECIPITATION DATA] SYMBOLS USED IN COLUMN 16
AVERAGE MONTHLY: 60.0 TOTAL FOR MONTH: T 1 = FOG OR MIST
DPTR FM NORMAL: 0.4 DPTR FM NORMAL: -0.51 2 = FOG REDUCING VISIBILITY
HIGHEST: 89 ON 13 GRTST 24HR T ON 28- 1 TO 1/4 MILE OR LESS
LOWEST: 28 ON 2 3 = THUNDER
SNOW, ICE PELLETS, HAIL 4 = ICE PELLETS
TOTAL MONTH: M 5 = HAIL
GRTST 24HR M ON M 6 = FREEZING RAIN OR DRIZZLE
GRTST DEPTH: M ON M 7 = DUSTSTORM OR SANDSTORM:
VSBY 1/2 MILE OR LESS
8 = SMOKE OR HAZE
[NO. OF DAYS WITH] [WEATHER - DAYS WITH] 9 = BLOWING SNOW
X = TORNADO
MAX 32 OR BELOW: 0 0.01 INCH OR MORE: 0
MAX 90 OR ABOVE: 0 0.10 INCH OR MORE: 0
MIN 32 OR BELOW: 2 0.50 INCH OR MORE: 0
MIN 0 OR BELOW: 0 1.00 INCH OR MORE: 0
[HDD (BASE 65) ]
TOTAL THIS MO. 186 CLEAR (SCALE 0-3) 29
DPTR FM NORMAL -22 PTCLDY (SCALE 4-7) 2
TOTAL FM JUL 1 2032 CLOUDY (SCALE 8-10) 0
DPTR FM NORMAL 167
[CDD (BASE 65) ]
TOTAL THIS MO. 37
DPTR FM NORMAL -3 [PRESSURE DATA]
TOTAL FM JAN 1 43 HIGHEST SLP 30.39 ON 31
DPTR FM NORMAL -6 LOWEST SLP 29.46 ON 16
[REMARKS]
#FINAL-03-21#