000
CXUS54 KFWD 010730
CF6FTW
PRELIMINARY LOCAL CLIMATOLOGICAL DATA (WS FORM: F-6)
STATION: FORT WORTH MEACHAM
MONTH: APRIL
YEAR: 2021
LATITUDE: 32 49 N
LONGITUDE: 97 21 W
TEMPERATURE IN F: :PCPN: SNOW: WIND :SUNSHINE: SKY :PK WND
================================================================================
1 2 3 4 5 6A 6B 7 8 9 10 11 12 13 14 15 16 17 18
12Z AVG MX 2MIN
DY MAX MIN AVG DEP HDD CDD WTR SNW DPTH SPD SPD DIR MIN PSBL S-S WX SPD DR
================================================================================
1 67 39 53 -8 12 0 0.00 M M 5.1 13 100 M M 0 17 100
2 68 43 56 -5 9 0 0.00 M M 10.6 22 140 M M 3 29 140
3 69 54 62 0 3 0 0.00 M M 13.0 21 150 M M 8 30 150
4 72 57 65 3 0 0 0.00 M M 10.5 16 150 M M 10 22 190
5 77 54 66 4 0 1 0.00 M M 12.4 22 150 M M 1 32 170
6 81 64 73 11 0 8 0.00 M M 20.7 32 160 M M 6 18 44 170
7 76 56 66 3 0 1 0.00 M M 13.9 29 170 M M 4 39 170
8 82 48 65 2 0 0 0.00 M M 8.0 20 150 M M 0 26 140
9 86 59 73 10 0 8 0.00 M M 14.2 33 340 M M 2 1 48 340
10 72 48 60 -3 5 0 0.00 M M 10.6 22 320 M M 0 32 330
11 84 47 66 2 0 1 0.00 M M 9.6 21 170 M M 0 30 160
12 84 59 72 8 0 7 T 0.0 M 9.1 21 10 M M 1 3 26 350
13 78 54 66 2 0 1 0.14 M M 11.0 22 10 M M 6 13 30 360
14 73 54 64 0 1 0 0.03 M M 11.8 20 360 M M 7 1 26 360
15 59 55 57 -8 8 0 0.67 M M 9.8 24 120 M M 10 13 30 120
16 60 50 55 -10 10 0 0.89 M M 9.5 25 320 M M 10 13 38 330
17 59 45 52 -13 13 0 0.00 M M 11.9 21 350 M M 3 29 340
18 66 42 54 -12 11 0 0.00 M M 6.9 17 300 M M 0 26 330
19 72 42 57 -9 8 0 0.00 M M 5.1 13 180 M M 0 18 170
20 58 39 49 -17 16 0 0.00 M M 11.4 23 360 M M 1 33 310
21 59 34 47 -19 18 0 0.00 M M 5.2 13 40 M M 5 18 40
22 63 52 58 -8 7 0 T M M 10.0 18 150 M M 10 25 170
23 70 57 64 -3 1 0 0.10 M M 11.4 29 350 M M 9 13 39 350
24 71 53 62 -5 3 0 0.00 M M 10.3 20 310 M M 4 27 330
25 80 48 64 -3 1 0 0.00 M M 10.9 20 140 M M 0 1 28 140
26 81 62 72 4 0 7 0.00 M M 17.4 29 150 M M 1 39 160
27 74 68 71 3 0 6 T M M 17.1 28 140 M M 8 36 150
28 77 69 73 5 0 8 0.30 M M 8.4 28 310 M M 9 13 39 310
29 69 63 66 -2 0 1 1.19 M M 11.6 23 360 M M 10 13 32 10
30 66 59 63 -6 2 0 0.31 M M 9.3 18 360 M M 10 13 25 10
================================================================================
SM 2153 1574 128 49 3.63 0.0 326.7 M 138
================================================================================
AV 71.8 52.5 10.9 FASTST M M 5 MAX(MPH)
MISC ----> 33 340 48 340
================================================================================
NOTES:
# LAST OF SEVERAL OCCURRENCES
COLUMN 17 PEAK WIND IN M.P.H.
PRELIMINARY LOCAL CLIMATOLOGICAL DATA (WS FORM: F-6) , PAGE 2
STATION: FORT WORTH MEACHAM
MONTH: APRIL
YEAR: 2021
LATITUDE: 32 49 N
LONGITUDE: 97 21 W
[TEMPERATURE DATA] [PRECIPITATION DATA] SYMBOLS USED IN COLUMN 16
AVERAGE MONTHLY: 62.1 TOTAL FOR MONTH: 3.63 1 = FOG OR MIST
DPTR FM NORMAL: -2.8 DPTR FM NORMAL: 0.71 2 = FOG REDUCING VISIBILITY
HIGHEST: 86 ON 9 GRTST 24HR 1.52 ON 15-16 TO 1/4 MILE OR LESS
LOWEST: 34 ON 21 3 = THUNDER
SNOW, ICE PELLETS, HAIL 4 = ICE PELLETS
TOTAL MONTH: 0.0 INCH 5 = HAIL
GRTST 24HR 0.0 6 = FREEZING RAIN OR DRIZZLE
GRTST DEPTH: M ON M 7 = DUSTSTORM OR SANDSTORM:
VSBY 1/2 MILE OR LESS
8 = SMOKE OR HAZE
[NO. OF DAYS WITH] [WEATHER - DAYS WITH] 9 = BLOWING SNOW
X = TORNADO
MAX 32 OR BELOW: 0 0.01 INCH OR MORE: 8
MAX 90 OR ABOVE: 0 0.10 INCH OR MORE: 7
MIN 32 OR BELOW: 0 0.50 INCH OR MORE: 3
MIN 0 OR BELOW: 0 1.00 INCH OR MORE: 1
[HDD (BASE 65) ]
TOTAL THIS MO. 128 CLEAR (SCALE 0-3) 14
DPTR FM NORMAL 32 PTCLDY (SCALE 4-7) 6
TOTAL FM JUL 1 2386 CLOUDY (SCALE 8-10) 10
DPTR FM NORMAL 23
[CDD (BASE 65) ]
TOTAL THIS MO. 49
DPTR FM NORMAL -43 [PRESSURE DATA]
TOTAL FM JAN 1 77 HIGHEST SLP M ON M
DPTR FM NORMAL -48 LOWEST SLP 29.49 ON 9
[REMARKS]
#FINAL-04-21#