000
CXUS52 KFFC 011010
CF6FTY
PRELIMINARY LOCAL CLIMATOLOGICAL DATA (WS FORM: F-6)
STATION: FULTON COUNTY AIRPORT
MONTH: JULY
YEAR: 2023
LATITUDE: 33 46 N
LONGITUDE: 84 31 W
TEMPERATURE IN F: :PCPN: SNOW: WIND :SUNSHINE: SKY :PK WND
================================================================================
1 2 3 4 5 6A 6B 7 8 9 10 11 12 13 14 15 16 17 18
12Z AVG MX 2MIN
DY MAX MIN AVG DEP HDD CDD WTR SNW DPTH SPD SPD DIR MIN PSBL S-S WX SPD DR
================================================================================
1 95 70 83 4 0 18 0.00 M M 5.1 22 300 M M 1 13 34 350
2 93 69 81 2 0 16 0.01 M M 3.6 29 330 M M 2 3 46 340
3 90 69 80 1 0 15 0.72 M M 3.4 17 260 M M 3 13 27 250
4 90 71 81 2 0 16 0.02 M M 1.6 21 160 M M 2 13 29 170
5 88 72 80 0 0 15 0.44 M M 1.9 20 340 M M 1 138 32 350
6 91 71 81 1 0 16 T M M 3.1 18 300 M M 2 13 25 300
7 90 73 82 2 0 17 0.00 M M 3.6 20 150 M M 1 3 25 160
8 91 72 82 2 0 17 T M M 5.2 14 340 M M 1 3 20 290
9 89 71 80 0 0 15 0.17 M M 6.5 20 230 M M 4 13 33 210
10 87 68 78 -2 0 13 0.59 M M 4.1 13 290 M M 6 1 20 300
11 88 67 78 -2 0 13 0.00 M M 3.2 13 280 M M 1 16 320
12 91 67 79 -1 0 14 0.00 M M 2.6 10 270 M M 2 15 260
13 91 73 82 2 0 17 0.00 M M 4.7 13 230 M M 1 3 20 220
14 92 73 83 3 0 18 0.00 M M 3.9 9 150 M M 3 3 18 280
15 92 74 83 3 0 18 0.00 M M 5.3 21 290 M M 2 30 290
16 91 73 82 2 0 17 0.00 M M 4.1 15 310 M M 2 20 310
17 91 67 79 -1 0 14 T M M 1.9 10 310 M M 0 18 16 320
18 91 67 79 -1 0 14 0.00 M M 3.2 14 270 M M 1 18 18 290
19 91 71 81 1 0 16 0.00 M M 3.4 16 350 M M 0 25 360
20 95 71 83 3 0 18 0.18 M M 5.2 26 350 M M 1 13 40 350
21 93 71 82 2 0 17 0.47 M M 6.7 25 290 M M 4 138 40 300
22 85 70 78 -2 0 13 0.15 M M 4.4 12 290 M M 6 1 17 360
23 89 70 80 0 0 15 0.00 M M 2.7 10 310 M M 3 15 300
24 89 66 78 -2 0 13 0.00 M M 2.3 9 300 M M 0 14 100
25 M M M M M M M M M M M M M M 0 M M
26 94 70 82 1 0 17 0.00 M M 2.3 12 60 M M 1 3 24 100
27 97 71 84 3 0 19 0.00 M M 2.0 8 160 M M 1 13 10
28 94 72 83 2 0 18 T M M 2.6 22 50 M M 1 3 29 60
29 94 74 84 3 0 19 0.01 M M 2.3 18 280 M M 1 3 25 280
30 91 72 82 2 0 17 0.00 M M 4.6 17 290 M M 0 27 270
31 93 71 82 2 0 17 0.00 M M 2.6 13 340 M M 0 21 310
================================================================================
SM 2736 2116 0 482 2.76 M 108.1 M 53
================================================================================
AV 91.2 70.5 3.6 FASTST M M 2 MAX(MPH)
MISC ----> 29 330 46 340
================================================================================
NOTES:
# LAST OF SEVERAL OCCURRENCES
COLUMN 17 PEAK WIND IN M.P.H.
PRELIMINARY LOCAL CLIMATOLOGICAL DATA (WS FORM: F-6) , PAGE 2
STATION: FULTON COUNTY AIRPORT
MONTH: JULY
YEAR: 2023
LATITUDE: 33 46 N
LONGITUDE: 84 31 W
[TEMPERATURE DATA] [PRECIPITATION DATA] SYMBOLS USED IN COLUMN 16
AVERAGE MONTHLY: 80.9 TOTAL FOR MONTH: 2.76 1 = FOG OR MIST
DPTR FM NORMAL: 0.8 DPTR FM NORMAL: -2.25 2 = FOG REDUCING VISIBILITY
HIGHEST: 97 ON 27 GRTST 24HR 0.76 ON 9-10 TO 1/4 MILE OR LESS
LOWEST: 66 ON 24 3 = THUNDER
SNOW, ICE PELLETS, HAIL 4 = ICE PELLETS
TOTAL MONTH: M 5 = HAIL
GRTST 24HR M ON M 6 = FREEZING RAIN OR DRIZZLE
GRTST DEPTH: M ON M 7 = DUSTSTORM OR SANDSTORM:
VSBY 1/2 MILE OR LESS
8 = SMOKE OR HAZE
[NO. OF DAYS WITH] [WEATHER - DAYS WITH] 9 = BLOWING SNOW
X = TORNADO
MAX 32 OR BELOW: 0 0.01 INCH OR MORE: 10
MAX 90 OR ABOVE: 23 0.10 INCH OR MORE: 7
MIN 32 OR BELOW: 0 0.50 INCH OR MORE: 2
MIN 0 OR BELOW: 0 1.00 INCH OR MORE: 0
[HDD (BASE 65) ]
TOTAL THIS MO. 0 CLEAR (SCALE 0-3) 27
DPTR FM NORMAL 0 PTCLDY (SCALE 4-7) 4
TOTAL FM JUL 1 0 CLOUDY (SCALE 8-10) 0
DPTR FM NORMAL 0
[CDD (BASE 65) ]
TOTAL THIS MO. 482
DPTR FM NORMAL 14 [PRESSURE DATA]
TOTAL FM JAN 1 996 HIGHEST SLP 30.16 ON 19
DPTR FM NORMAL -58 LOWEST SLP 29.80 ON 8
[REMARKS]
#FINAL-07-23#