000
CXUS52 KFFC 011110
CF6FTY
PRELIMINARY LOCAL CLIMATOLOGICAL DATA (WS FORM: F-6)
STATION: FULTON COUNTY AIRPORT
MONTH: OCTOBER
YEAR: 2020
LATITUDE: 33 46 N
LONGITUDE: 84 31 W
TEMPERATURE IN F: :PCPN: SNOW: WIND :SUNSHINE: SKY :PK WND
================================================================================
1 2 3 4 5 6A 6B 7 8 9 10 11 12 13 14 15 16 17 18
12Z AVG MX 2MIN
DY MAX MIN AVG DEP HDD CDD WTR SNW DPTH SPD SPD DIR MIN PSBL S-S WX SPD DR
================================================================================
1 79 52 66 -2 0 1 0.00 M M 5.7 15 310 M M 0 20 300
2 69 47 58 -9 7 0 0.00 M M 4.4 14 320 M M 0 20 300
3 72 43 58 -9 7 0 0.00 M M 2.0 9 90 M M 0 13 70
4 72 46 59 -8 6 0 0.00 M M 1.2 7 110 M M 0 11 60
5 78 50 64 -2 1 0 0.00 M M 1.2 8 100 M M 0 11 70
6 80 51 66 0 0 1 0.00 M M 1.9 12 70 M M 0 1 13 80
7 82 56 69 3 0 4 0.00 M M 2.3 13 300 M M 1 16 280
8 84 53 69 4 0 4 0.00 M M 0.3 7 70 M M 0 1 11 70
9 75 63 69 4 0 4 0.34 M M 5.8 12 30 M M 4 1 15 20
10 77 64 71 7 0 6 3.06 M M 6.1 17 110 M M 10 13 25 100
11 75 69 72 8 0 7 0.30 M M 5.8 15 220 M M 9 1 21 230
12 80 67 74 10 0 9 0.00 M M 3.9 14 290 M M 7 18 290
13 77 57 67 4 0 2 0.00 M M 4.8 16 340 M M 2 21 340
14 80 50 65 2 0 0 0.00 M M 2.4 12 150 M M 1 17 140
15 80 59 70 7 0 5 0.00 M M 2.5 10 200 M M 6 18 16 240
16 68 50 59 -3 6 0 0.00 M M 7.5 18 300 M M 3 1 26 310
17 67 39 53 -9 12 0 0.00 M M 4.9 15 70 M M 0 22 70
18 72 47 60 -2 5 0 0.00 M M 4.7 13 130 M M 1 17 140
19 76 52 64 3 1 0 0.00 M M 2.0 9 80 M M 1 14 110
20 79 53 66 5 0 1 0.00 M M 2.7 9 60 M M 0 1 13 60
21 82 57 70 9 0 5 0.00 M M 4.3 12 70 M M 4 1 16 50
22 80 60 70 9 0 5 0.00 M M 4.8 13 50 M M 3 1 18 120
23 82 61 72 12 0 7 0.00 M M 2.6 12 150 M M 2 1 15 160
24 79 61 70 10 0 5 4.26 0.0 M 1.5 18 340 M M 7 123 21 290
25 74 65 70 10 0 5 0.08 0.0 M 1.2 8 310 M M 10 1 10 320
26 71 65 68 9 0 3 0.00 M M 4.2 10 60 M M 10 12 60
27 74 64 69 10 0 4 0.02 0.0 M 3.5 8 160 M M 10 1 9 90
28 76 68 72 13 0 7 0.12 M M 5.8 10 140 M M 9 1 16 140
29 82 50 66 8 0 1 0.81 M M 13.3 36 150 M M 7 1 51 150
30 62 46 54 -4 11 0 0.00 M M 9.0 21 310 M M 5 29 320
31 66 43 55 -3 10 0 0.00 M M 6.9 16 80 M M 2 23 70
================================================================================
SM 2350 1708 66 86 8.99 0.0 129.2 M 114
================================================================================
AV 75.8 55.1 4.2 FASTST M M 4 MAX(MPH)
MISC ----> 36 150 51 150
================================================================================
NOTES:
# LAST OF SEVERAL OCCURRENCES
COLUMN 17 PEAK WIND IN M.P.H.
PRELIMINARY LOCAL CLIMATOLOGICAL DATA (WS FORM: F-6) , PAGE 2
STATION: FULTON COUNTY AIRPORT
MONTH: OCTOBER
YEAR: 2020
LATITUDE: 33 46 N
LONGITUDE: 84 31 W
[TEMPERATURE DATA] [PRECIPITATION DATA] SYMBOLS USED IN COLUMN 16
AVERAGE MONTHLY: 65.5 TOTAL FOR MONTH: 8.99 1 = FOG OR MIST
DPTR FM NORMAL: 2.9 DPTR FM NORMAL: 5.38 2 = FOG REDUCING VISIBILITY
HIGHEST: 84 ON 8 GRTST 24HR 4.34 ON 24-25 TO 1/4 MILE OR LESS
LOWEST: 39 ON 17 3 = THUNDER
SNOW, ICE PELLETS, HAIL 4 = ICE PELLETS
TOTAL MONTH: 0.0 INCH 5 = HAIL
GRTST 24HR 0.0 6 = FREEZING RAIN OR DRIZZLE
GRTST DEPTH: M ON M 7 = DUSTSTORM OR SANDSTORM:
VSBY 1/2 MILE OR LESS
8 = SMOKE OR HAZE
[NO. OF DAYS WITH] [WEATHER - DAYS WITH] 9 = BLOWING SNOW
X = TORNADO
MAX 32 OR BELOW: 0 0.01 INCH OR MORE: 8
MAX 90 OR ABOVE: 0 0.10 INCH OR MORE: 6
MIN 32 OR BELOW: 0 0.50 INCH OR MORE: 3
MIN 0 OR BELOW: 0 1.00 INCH OR MORE: 2
[HDD (BASE 65) ]
TOTAL THIS MO. 66 CLEAR (SCALE 0-3) 17
DPTR FM NORMAL -67 PTCLDY (SCALE 4-7) 8
TOTAL FM JUL 1 81 CLOUDY (SCALE 8-10) 6
DPTR FM NORMAL -62
[CDD (BASE 65) ]
TOTAL THIS MO. 86
DPTR FM NORMAL 30 [PRESSURE DATA]
TOTAL FM JAN 1 1841 HIGHEST SLP 30.38 ON 31
DPTR FM NORMAL 104 LOWEST SLP 29.44 ON 29
[REMARKS]
#FINAL-10-20#