000
CXUS56 KSGX 011045
CF6FUL
PRELIMINARY LOCAL CLIMATOLOGICAL DATA (WS FORM: F-6)
STATION: FULLERTON AIRPORT CA
MONTH: JUNE
YEAR: 2022
LATITUDE: 33 52 N
LONGITUDE: 117 58 W
TEMPERATURE IN F: :PCPN: SNOW: WIND :SUNSHINE: SKY :PK WND
================================================================================
1 2 3 4 5 6A 6B 7 8 9 10 11 12 13 14 15 16 17 18
12Z AVG MX 2MIN
DY MAX MIN AVG DEP HDD CDD WTR SNW DPTH SPD SPD DIR MIN PSBL S-S WX SPD DR
================================================================================
1 81 60 71 3 0 6 0.00 M M 4.5 13 180 M M 0 17 180
2 78 60 69 1 0 4 0.00 M M 5.0 13 190 M M 4 17 240
3 77 61 69 0 0 4 0.00 M M 4.2 13 190 M M 6 17 180
4 75 63 69 0 0 4 0.00 M M 5.2 10 270 M M 8 14 210
5 78 63 71 2 0 6 0.00 M M 4.4 13 180 M M 5 17 190
6 80 63 72 3 0 7 0.00 M M 5.2 10 190 M M 3 14 210
7 79 65 72 3 0 7 0.00 M M 4.6 12 210 M M 6 16 200
8 79 64 72 3 0 7 0.00 M M 4.8 13 200 M M 6 17 200
9 81 64 73 3 0 8 0.00 M M 4.6 12 210 M M 4 15 210
10 83 63 73 3 0 8 0.00 M M 4.5 12 190 M M 1 8 16 180
11 84 64 74 4 0 9 0.00 M M 4.3 12 190 M M 1 18 16 190
12 79 63 71 1 0 6 0.00 M M 5.1 12 200 M M 4 16 220
13 79 64 72 2 0 7 T M M 4.2 12 190 M M 7 18 17 250
14 80 65 73 3 0 8 0.00 M M 5.7 14 190 M M 4 20 220
15 81 64 73 2 0 8 0.00 M M 4.5 12 200 M M 4 16 200
16 80 66 73 2 0 8 0.00 M M 4.9 13 160 M M 6 18 210
17 78 64 71 0 0 6 0.00 M M 5.8 14 190 M M 5 19 190
18 77 61 69 -2 0 4 0.00 M M 5.4 13 250 M M 3 17 190
19 81 61 71 0 0 6 0.00 M M 4.9 14 200 M M 0 20 260
20 97 60 79 7 0 14 0.00 M M 3.8 12 250 M M 0 16 250
21 86 64 75 3 0 10 0.00 M M 3.9 12 200 M M 1 8 16 250
22 91 66 79 7 0 14 0.10 M M 3.9 9 290 M M 4 38 12 290
23 93 65 79 7 0 14 0.00 M M 3.8 10 300 M M 0 14 300
24 93 63 78 6 0 13 0.00 M M 4.1 12 210 M M 0 8 15 190
25 90 61 76 3 0 11 0.00 M M 3.6 12 200 M M 1 18 17 200
26 86 59 73 0 0 8 0.00 M M 5.0 10 190 M M 1 128 13 170
27 92 63 78 5 0 13 0.00 M M 3.6 12 190 M M 1 18 15 200
28 89 66 78 5 0 13 0.00 M M 3.6 12 180 M M 0 14 220
29 85 66 76 3 0 11 0.00 M M 4.3 12 210 M M 2 15 180
30 86 65 76 2 0 11 0.00 M M 3.7 12 180 M M 2 16 180
================================================================================
SM 2498 1896 0 255 0.10 M 135.1 M 89
================================================================================
AV 83.3 63.2 4.5 FASTST M M 3 MAX(MPH)
MISC ----> # 14 190 # 20 220
================================================================================
NOTES:
# LAST OF SEVERAL OCCURRENCES
COLUMN 17 PEAK WIND IN M.P.H.
PRELIMINARY LOCAL CLIMATOLOGICAL DATA (WS FORM: F-6) , PAGE 2
STATION: FULLERTON AIRPORT CA
MONTH: JUNE
YEAR: 2022
LATITUDE: 33 52 N
LONGITUDE: 117 58 W
[TEMPERATURE DATA] [PRECIPITATION DATA] SYMBOLS USED IN COLUMN 16
AVERAGE MONTHLY: 73.2 TOTAL FOR MONTH: 0.10 1 = FOG OR MIST
DPTR FM NORMAL: 2.4 DPTR FM NORMAL: 0.02 2 = FOG REDUCING VISIBILITY
HIGHEST: 97 ON 20 GRTST 24HR 0.10 ON 22-22 TO 1/4 MILE OR LESS
LOWEST: 59 ON 26 3 = THUNDER
SNOW, ICE PELLETS, HAIL 4 = ICE PELLETS
TOTAL MONTH: M 5 = HAIL
GRTST 24HR M ON M 6 = FREEZING RAIN OR DRIZZLE
GRTST DEPTH: M ON M 7 = DUSTSTORM OR SANDSTORM:
VSBY 1/2 MILE OR LESS
8 = SMOKE OR HAZE
[NO. OF DAYS WITH] [WEATHER - DAYS WITH] 9 = BLOWING SNOW
X = TORNADO
MAX 32 OR BELOW: 0 0.01 INCH OR MORE: 1
MAX 90 OR ABOVE: 6 0.10 INCH OR MORE: 1
MIN 32 OR BELOW: 0 0.50 INCH OR MORE: 0
MIN 0 OR BELOW: 0 1.00 INCH OR MORE: 0
[HDD (BASE 65) ]
TOTAL THIS MO. 0 CLEAR (SCALE 0-3) 15
DPTR FM NORMAL -2 PTCLDY (SCALE 4-7) 15
TOTAL FM JUL 1 818 CLOUDY (SCALE 8-10) 0
DPTR FM NORMAL -230
[CDD (BASE 65) ]
TOTAL THIS MO. 255
DPTR FM NORMAL 79 [PRESSURE DATA]
TOTAL FM JAN 1 460 HIGHEST SLP 30.02 ON 30
DPTR FM NORMAL 113 LOWEST SLP 29.73 ON 8
[REMARKS]
#FINAL-06-22#