000
CXUS51 KCAR 010600
CF6FVE
PRELIMINARY LOCAL CLIMATOLOGICAL DATA (WS FORM: F-6)
STATION: FRENCHVILLE ME
MONTH: JULY
YEAR: 2021
LATITUDE: 47 16 N
LONGITUDE: 68 19 W
TEMPERATURE IN F: :PCPN: SNOW: WIND :SUNSHINE: SKY :PK WND
================================================================================
1 2 3 4 5 6A 6B 7 8 9 10 11 12 13 14 15 16 17 18
12Z AVG MX 2MIN
DY MAX MIN AVG DEP HDD CDD WTR SNW DPTH SPD SPD DIR MIN PSBL S-S WX SPD DR
================================================================================
1 66 52 59 -6 6 0 0.03 M M 9.9 20 330 M M 10 1 24 330
2 62 46 54 -11 11 0 0.00 M M 7.5 16 50 M M 4 21 40
3 67 43 55 -10 10 0 0.00 M M 6.4 14 40 M M 5 20 30
4 67 50 59 -6 6 0 0.00 M M 7.8 18 50 M M 3 26 50
5 79 52 66 1 0 1 0.00 M M 7.3 15 250 M M 0 23 280
6 81 56 69 3 0 4 0.04 M M 9.1 17 240 M M 5 1 24 210
7 65 48 57 -9 8 0 0.00 M M 12.5 22 300 M M 6 1 32 300
8 69 43 56 -10 9 0 0.10 M M 7.5 20 160 M M 3 1 24 160
9 70 54 62 -4 3 0 0.20 M M 10.8 20 140 M M 10 1 26 140
10 76 50 63 -3 2 0 0.00 M M 7.7 20 330 M M 2 25 330
11 82 56 69 3 0 4 T M M 8.8 22 330 M M 2 29 330
12 78 49 64 -2 1 0 0.00 M M 5.1 14 330 M M 1 12 19 340
13 81 52 67 1 0 2 0.00 M M 7.3 16 150 M M 1 21 200
14 71 58 65 -1 0 0 0.05 M M 11.8 20 170 M M 10 1 29 170
15 83 65 74 8 0 9 0.00 M M 7.2 14 150 M M 6 12 20 160
16 79 59 69 3 0 4 0.06 M M 11.1 23 240 M M 5 1 30 250
17 80 56 68 1 0 3 0.00 M M 5.5 14 290 M M 0 17 250
18 81 58 70 3 0 5 0.00 M M 1.7 8 180 M M 0 10 180
19 85 60 73 6 0 8 0.00 M M 3.0 10 320 M M 1 12 13 310
20 68 56 62 -5 3 0 0.00 M M 8.8 18 340 M M 5 23 340
21 60 53 57 -10 8 0 0.42 M M 6.4 14 80 M M 10 1 19 70
22 72 50 61 -6 4 0 0.03 M M 7.4 18 280 M M 5 1 25 40
23 71 51 61 -6 4 0 0.38 M M 6.2 17 340 M M 6 13 24 340
24 81 50 66 -1 0 1 0.00 M M 4.2 9 210 M M 2 12 14 250
25 69 59 64 -3 1 0 0.27 M M 10.4 22 160 M M 5 1 30 180
26 78 60 69 2 0 4 T M M 6.1 23 320 M M 5 128 29 320
27 68 50 59 -8 6 0 0.00 M M 10.0 17 330 M M 6 25 280
28 68 47 58 -9 7 0 0.00 M M 9.9 18 330 M M 3 25 340
29 75 47 61 -5 4 0 0.03 M M 6.7 17 270 M M 4 23 250
30 65 50 58 -8 7 0 0.12 M M 8.6 21 320 M M 8 12 26 330
31 68 52 60 -6 5 0 T M M 14.5 24 300 M M 7 34 290
================================================================================
SM 2265 1632 105 45 1.73 M 247.2 M 140
================================================================================
AV 73.1 52.6 8.0 FASTST M M 5 MAX(MPH)
MISC ----> 24 300 34 290
================================================================================
NOTES:
# LAST OF SEVERAL OCCURRENCES
COLUMN 17 PEAK WIND IN M.P.H.
PRELIMINARY LOCAL CLIMATOLOGICAL DATA (WS FORM: F-6) , PAGE 2
STATION: FRENCHVILLE ME
MONTH: JULY
YEAR: 2021
LATITUDE: 47 16 N
LONGITUDE: 68 19 W
[TEMPERATURE DATA] [PRECIPITATION DATA] SYMBOLS USED IN COLUMN 16
AVERAGE MONTHLY: 62.9 TOTAL FOR MONTH: 1.73 1 = FOG OR MIST
DPTR FM NORMAL: -3.2 DPTR FM NORMAL: -2.15 2 = FOG REDUCING VISIBILITY
HIGHEST: 85 ON 19 GRTST 24HR 0.79 ON 30- 1 TO 1/4 MILE OR LESS
LOWEST: 43 ON 8, 3 3 = THUNDER
SNOW, ICE PELLETS, HAIL 4 = ICE PELLETS
TOTAL MONTH: M 5 = HAIL
GRTST 24HR M ON M 6 = FREEZING RAIN OR DRIZZLE
GRTST DEPTH: M ON M 7 = DUSTSTORM OR SANDSTORM:
VSBY 1/2 MILE OR LESS
8 = SMOKE OR HAZE
[NO. OF DAYS WITH] [WEATHER - DAYS WITH] 9 = BLOWING SNOW
X = TORNADO
MAX 32 OR BELOW: 0 0.01 INCH OR MORE: 12
MAX 90 OR ABOVE: 0 0.10 INCH OR MORE: 6
MIN 32 OR BELOW: 0 0.50 INCH OR MORE: 0
MIN 0 OR BELOW: 0 1.00 INCH OR MORE: 0
[HDD (BASE 65) ]
TOTAL THIS MO. 105 CLEAR (SCALE 0-3) 11
DPTR FM NORMAL 56 PTCLDY (SCALE 4-7) 16
TOTAL FM JUL 1 105 CLOUDY (SCALE 8-10) 4
DPTR FM NORMAL 60
[CDD (BASE 65) ]
TOTAL THIS MO. 45
DPTR FM NORMAL -40 [PRESSURE DATA]
TOTAL FM JAN 1 126 HIGHEST SLP M ON M
DPTR FM NORMAL 0 LOWEST SLP 29.57 ON 30
[REMARKS]
#FINAL-07-21#