000
CXUS53 KIWX 051527
CLAFWA
CLIMATE REPORT
NATIONAL WEATHER SERVICE NORTHERN INDIANA
1029 AM EST TUE JAN 05 2021
...................................
...THE FORT WAYNE CLIMATE SUMMARY FOR THE YEAR OF 2020...
CLIMATE NORMAL PERIOD 1981 TO 2010
CLIMATE RECORD PERIOD 1897 TO 2020
WEATHER OBSERVED NORMAL DEPART LAST YEAR`S
VALUE DATE(S) VALUE FROM VALUE
NORMAL
..............................................................
TEMPERATURE (F)
RECORD
HIGH 106 06/28/2012
06/25/1988
07/14/1936
LOW -24 01/12/1918
HIGHEST 95 07/07 MM MM 95
07/06
LOWEST 0 02/15 MM MM -13
AVG. MAXIMUM 61.8 60.3 1.5 60.4
AVG. MINIMUM 42.0 40.6 1.4 42.2
MEAN 51.9 50.5 1.4
DAYS MAX >= 90 25 13.4 11.6 15
DAYS MAX <= 32 15 39.4 -24.4 38
DAYS MIN <= 32 131 123.2 7.8 122
DAYS MIN <= 0 1 6.5 -5.5 4
PRECIPITATION (INCHES)
RECORD
MAXIMUM 54.58 1990
MINIMUM 24.40 1962
TOTALS 37.24 38.34 -1.10 39.03
DAILY AVG. 0.10 0.11 -0.01 0.11
DAYS >= .01 133 133.9 -0.9 140
DAYS >= .10 71 76.7 -5.7 82
DAYS >= .50 25 24.6 0.4 27
DAYS >= 1.00 8 8.2 -0.2 8
SNOWFALL (INCHES)
RECORDS
TOTAL 68.6 2014
TOTALS 18.8 33.5 -14.7 33.4
SINCE 7/1 3.2 10.6 -7.4 10.1
SNOWDEPTH AVG. 0 0
DAYS >= TRACE 51 32.5 18.5 59
DAYS >= 1.0 8 10.0 -2.0 10
GREATEST
SNOW DEPTH 3 02/27 4
02/13
DEGREE DAYS
HEATING TOTAL 5606 6102 -496 5875
SINCE 7/1 2085 2328 -243 2196
COOLING TOTAL 938 809 129 994
SINCE 1/1 938 809 129 994
..............................................................
WIND (MPH)
AVERAGE WIND SPEED 8.9
HIGHEST WIND SPEED/DIRECTION 47/240 DATE 05/10
HIGHEST GUST SPEED/DIRECTION 77/240 DATE 05/10
SKY COVER
POSSIBLE SUNSHINE (PERCENT) MM
AVERAGE SKY COVER 0.65
NUMBER OF DAYS FAIR 63
NUMBER OF DAYS PC 150
NUMBER OF DAYS CLOUDY 153
AVERAGE RH (PERCENT) 71
WEATHER CONDITIONS. NUMBER OF DAYS WITH
THUNDERSTORM 43 MIXED PRECIP 0
HEAVY RAIN 30 RAIN 42
LIGHT RAIN 156 FREEZING RAIN 1
LT FREEZING RAIN 10 HAIL 1
HEAVY SNOW 0 SNOW 22
LIGHT SNOW 46 SLEET 2
FOG 179 FOG W/VIS <= 1/4 MILE 19
HAZE 43
- INDICATES NEGATIVE NUMBERS.
R INDICATES RECORD WAS SET OR TIED.
MM INDICATES DATA IS MISSING.
T INDICATES TRACE AMOUNT.
&&
...ABOVE NORMAL TEMPERATURE, BELOW NORMAL PRECIPITAITON AND SNOWFALL
...
THE AVERAGE TEMPERATURE FOR THE YEAR WAS 51.9 DEGREES, WHICH IS 1.4
DEGREES ABOVE THE NORMAL OF 50.5 DEGREES. THIS TIES FOR THE 14TH
WARMEST YEAR ON RECORD.
THERE WERE 25 DAYS WITH A HIGH TEMPERATURE OF 90 DEGREES OR WARMER,
WHICH IS ABOUT 12 DAYS ABOVE THE CLIMATE NORMAL OF 13 DAYS. THERE
WERE 129 DAYS WITH A LOW TEMPERATURE AT OR BELOW FREEZING. THIS WAS
ABOUT 6 DAYS BELOW NORMAL. THERE WERE 0 DAYS WITH A LOW TEMPERATURE
AT OR BELOW ZERO, WHICH IS ABOUT 7 DAYS BELOW NORMAL.
TOTAL PRECIPITATION FOR THE YEAR WAS 37.24 INCHES, WHICH IS 1.10
INCHES BELOW THE NORMAL OF 38.34 INCHES. THERE WERE 8 DAYS THIS YEAR
WITH 1 INCH OR MORE OF PRECIPITATION, WHICH IS ABOUT 1 DAY MORE THAN
NORMAL.
TOTAL SNOWFALL FOR THE YEAR WAS 18.8 INCHES, WHICH IS A WHOPPING
14.7 INCHES BELOW THE NORMAL OF 33.5 INCHES. THIS IS THE LEAST
AMOUNT OF ANNUAL SNOWFALL SINCE 2006 WHEN 13.8 INCHES WERE OBSERVED,
BUT SIMILAR TO 2017 WITH 18.6 INCHES.
$$
BROWN/ROLLER