000
CXUS54 KTSA 051113
CF6FYV
PRELIMINARY LOCAL CLIMATOLOGICAL DATA (WS FORM: F-6)
STATION: FAYETTEVILLE ARKANSAS
MONTH: JUNE
YEAR: 2021
LATITUDE: 36 0 N
LONGITUDE: 94 10 W
TEMPERATURE IN F: :PCPN: SNOW: WIND :SUNSHINE: SKY :PK WND
================================================================================
1 2 3 4 5 6A 6B 7 8 9 10 11 12 13 14 15 16 17 18
12Z AVG MX 2MIN
DY MAX MIN AVG DEP HDD CDD WTR SNW DPTH SPD SPD DIR MIN PSBL S-S WX SPD DR
================================================================================
1 66 59 63 -7 2 0 1.02 0.0 0 3.4 9 80 M M 10 1 15 50
2 67 58 63 -7 2 0 T 0.0 0 3.2 12 320 M M 9 12 14 320
3 80 53 67 -4 0 2 0.00 0.0 0 1.8 9 340 M M 4 12 14 260
4 84 54 69 -2 0 4 0.00 0.0 0 2.2 12 120 M M 2 1 19 140
5 80 55 68 -3 0 3 T 0.0 0 4.1 14 110 M M 4 18 19 150
6 83 63 73 2 0 8 0.11 0.0 0 5.0 16 200 M M 4 1 24 170
7 78 61 70 -2 0 5 1.02 0.0 0 2.8 12 120 M M 5 13 15 120
8 87 66 77 5 0 12 0.01 0.0 0 2.7 13 120 M M 6 12 18 130
9 90 65 78 6 0 13 T 0.0 0 3.7 12 210 M M 4 1 16 220
10 92 70 81 9 0 16 0.00 0.0 0 3.0 8 230 M M 2 1 12 160
11 92 70 81 8 0 16 0.00 0.0 0 5.3 16 180 M M 3 1 23 170
12 95 73 84 11 0 19 0.00 0.0 0 2.6 14 220 M M 3 1 20 220
13 91 65 78 5 0 13 0.00 0.0 0 2.9 15 70 M M 1 1 19 70
14 92 59 76 2 0 11 0.00 0.0 0 3.0 10 90 M M 0 1 13 80
15 94 62 78 4 0 13 0.00 0.0 0 2.3 7 70 M M 0 1 11 80
16 93 67 80 6 0 15 0.00 0.0 0 3.1 9 260 M M 0 14 250
17 94 69 82 8 0 17 0.00 0.0 0 4.5 12 280 M M 0 1 20 290
18 93 70 82 8 0 17 0.00 0.0 0 6.5 14 180 M M 0 8 19 170
19 90 67 79 4 0 14 0.00 0.0 0 4.6 15 190 M M 0 1 20 200
20 92 64 78 3 0 13 0.00 0.0 0 9.0 23 210 M M 0 1 30 180
21 79 56 68 -7 0 3 0.81 0.0 0 5.5 24 300 M M 5 123 32 270
22 82 52 67 -8 0 2 0.00 0.0 0 3.8 14 170 M M 3 12 18 170
23 86 55 71 -4 0 6 0.00 0.0 0 8.0 16 180 M M 1 23 190
24 92 73 83 7 0 18 0.00 0.0 0 11.1 20 170 M M 3 28 160
25 91 77 84 8 0 19 0.00 0.0 0 12.1 23 190 M M 2 32 170
26 86 71 79 3 0 14 T 0.0 0 9.9 28 180 M M 3 35 180
27 84 70 77 1 0 12 1.00 0.0 0 5.7 14 250 M M 5 138 20 240
28 86 68 77 1 0 12 0.01 0.0 0 4.2 17 170 M M 4 3 25 160
29 87 69 78 2 0 13 0.00 0.0 0 4.2 15 180 M M 2 22 180
30 87 69 78 2 0 13 0.04 0.0 0 3.6 22 240 M M 2 13 32 240
================================================================================
SM 2593 1930 4 323 4.02 0.0 143.8 M 87
================================================================================
AV 86.4 64.3 4.8 FASTST M M 3 MAX(MPH)
MISC ----> 28 180 35 180
================================================================================
NOTES:
# LAST OF SEVERAL OCCURRENCES
COLUMN 17 PEAK WIND IN M.P.H.
PRELIMINARY LOCAL CLIMATOLOGICAL DATA (WS FORM: F-6) , PAGE 2
STATION: FAYETTEVILLE ARKANSAS
MONTH: JUNE
YEAR: 2021
LATITUDE: 36 0 N
LONGITUDE: 94 10 W
[TEMPERATURE DATA] [PRECIPITATION DATA] SYMBOLS USED IN COLUMN 16
AVERAGE MONTHLY: 75.4 TOTAL FOR MONTH: 4.02 1 = FOG OR MIST
DPTR FM NORMAL: 1.8 DPTR FM NORMAL: -0.29 2 = FOG REDUCING VISIBILITY
HIGHEST: 95 ON 12 GRTST 24HR 1.27 ON 31- 1 TO 1/4 MILE OR LESS
LOWEST: 52 ON 22 3 = THUNDER
SNOW, ICE PELLETS, HAIL 4 = ICE PELLETS
TOTAL MONTH: 0.0 INCH 5 = HAIL
GRTST 24HR 0.0 6 = FREEZING RAIN OR DRIZZLE
GRTST DEPTH: 0 7 = DUSTSTORM OR SANDSTORM:
VSBY 1/2 MILE OR LESS
8 = SMOKE OR HAZE
[NO. OF DAYS WITH] [WEATHER - DAYS WITH] 9 = BLOWING SNOW
X = TORNADO
MAX 32 OR BELOW: 0 0.01 INCH OR MORE: 8
MAX 90 OR ABOVE: 14 0.10 INCH OR MORE: 5
MIN 32 OR BELOW: 0 0.50 INCH OR MORE: 4
MIN 0 OR BELOW: 0 1.00 INCH OR MORE: 3
[HDD (BASE 65) ]
TOTAL THIS MO. 4 CLEAR (SCALE 0-3) 17
DPTR FM NORMAL -1 PTCLDY (SCALE 4-7) 11
TOTAL FM JUL 1 4041 CLOUDY (SCALE 8-10) 2
DPTR FM NORMAL -35
[CDD (BASE 65) ]
TOTAL THIS MO. 323
DPTR FM NORMAL 60 [PRESSURE DATA]
TOTAL FM JAN 1 415 HIGHEST SLP 30.14 ON 29
DPTR FM NORMAL 26 LOWEST SLP 29.69 ON 20
[REMARKS]
#FINAL-06-21#