000
CXUS54 KOUN 010810
CF6GAG
PRELIMINARY LOCAL CLIMATOLOGICAL DATA (WS FORM: F-6)
STATION: GAGE
MONTH: SEPTEMBER
YEAR: 2022
LATITUDE: 36 17 N
LONGITUDE: 99 46 W
TEMPERATURE IN F: :PCPN: SNOW: WIND :SUNSHINE: SKY :PK WND
================================================================================
1 2 3 4 5 6A 6B 7 8 9 10 11 12 13 14 15 16 17 18
12Z AVG MX 2MIN
DY MAX MIN AVG DEP HDD CDD WTR SNW DPTH SPD SPD DIR MIN PSBL S-S WX SPD DR
================================================================================
1 91 65 78 0 0 13 0.01 0.0 0 7.4 23 100 M M 2 3 30 100
2 98 63 81 4 0 16 0.00 0.0 0 4.3 14 340 M M 0 16 330
3 96 62 79 2 0 14 0.00 0.0 0 3.4 12 190 M M 0 13 70
4 92 58 75 -2 0 10 0.00 0.0 0 5.8 13 30 M M 0 8 17 60
5 93 50 72 -4 0 7 0.00 0.0 0 4.7 13 50 M M 0 17 40
6 95 53 74 -2 0 9 0.00 0.0 0 4.9 10 160 M M 0 8 16 40
7 98 59 79 3 0 14 0.00 0.0 0 5.4 12 80 M M 0 17 150
8 95 61 78 3 0 13 0.00 0.0 0 8.5 15 150 M M 0 8 20 150
9 95 65 80 5 0 15 0.00 0.0 0 11.0 24 190 M M 0 29 190
10 74 56 65 -10 0 0 0.08 M M 11.9 20 360 M M 7 13 24 360
11 79 53 66 -8 0 1 0.00 M M 7.0 14 20 M M 2 18 40
12 88 53 71 -3 0 6 0.00 M M 10.2 20 210 M M 2 28 200
13 97 64 81 7 0 16 0.00 M M 12.7 18 180 M M 0 25 180
14 94 69 82 9 0 17 0.00 M M 18.1 26 170 M M 0 33 150
15 92 68 80 7 0 15 0.01 M M 19.3 29 200 M M 3 3 38 210
16 97 63 80 8 0 15 0.00 M M 17.3 29 170 M M 0 35 180
17 100 71 86 14 0 21 0.00 M M 18.8 32 180 M M 0 3 38 190
18 98 70 84 12 0 19 0.00 M M 15.6 24 190 M M 0 30 200
19 99 70 85 14 0 20 0.00 M M 16.8 25 200 M M 0 36 200
20 99 71 85 14 0 20 0.00 M M 16.4 25 180 M M 0 34 200
21 101 61 81 11 0 16 0.00 M M 14.7 25 350 M M 2 32 350
22 61 55 58 -12 7 0 0.00 M M 10.5 20 10 M M 9 1 23 360
23 98 55 77 7 0 12 0.00 M M 10.6 24 210 M M 5 1 35 210
24 93 65 79 10 0 14 T M M 5.4 14 180 M M 2 38 18 180
25 86 52 69 0 0 4 0.00 M M 10.0 23 40 M M 0 28 50
26 88 47 68 0 0 3 0.00 M M 7.6 15 180 M M 0 8 19 200
27 94 56 75 7 0 10 0.00 M M 8.7 20 250 M M 0 25 250
28 87 48 68 0 0 3 0.00 M M 5.9 18 40 M M 0 22 50
29 92 48 70 3 0 5 0.00 M M 9.3 24 170 M M 0 31 180
30 90 60 75 8 0 10 0.00 M M 15.4 25 180 M M 0 8 32 170
================================================================================
SM 2760 1791 7 338 0.10 0.0 317.6 M 34
================================================================================
AV 92.0 59.7 10.6 FASTST M M 1 MAX(MPH)
MISC ----> 32 180 # 38 210
================================================================================
NOTES:
# LAST OF SEVERAL OCCURRENCES
COLUMN 17 PEAK WIND IN M.P.H.
PRELIMINARY LOCAL CLIMATOLOGICAL DATA (WS FORM: F-6) , PAGE 2
STATION: GAGE
MONTH: SEPTEMBER
YEAR: 2022
LATITUDE: 36 17 N
LONGITUDE: 99 46 W
[TEMPERATURE DATA] [PRECIPITATION DATA] SYMBOLS USED IN COLUMN 16
AVERAGE MONTHLY: 75.9 TOTAL FOR MONTH: 0.10 1 = FOG OR MIST
DPTR FM NORMAL: 3.4 DPTR FM NORMAL: -1.42 2 = FOG REDUCING VISIBILITY
HIGHEST: 101 ON 21 GRTST 24HR 0.08 ON 10-10 TO 1/4 MILE OR LESS
LOWEST: 47 ON 26 3 = THUNDER
SNOW, ICE PELLETS, HAIL 4 = ICE PELLETS
TOTAL MONTH: 0.0 INCH 5 = HAIL
GRTST 24HR 0.0 6 = FREEZING RAIN OR DRIZZLE
GRTST DEPTH: 0 7 = DUSTSTORM OR SANDSTORM:
VSBY 1/2 MILE OR LESS
8 = SMOKE OR HAZE
[NO. OF DAYS WITH] [WEATHER - DAYS WITH] 9 = BLOWING SNOW
X = TORNADO
MAX 32 OR BELOW: 0 0.01 INCH OR MORE: 3
MAX 90 OR ABOVE: 23 0.10 INCH OR MORE: 0
MIN 32 OR BELOW: 0 0.50 INCH OR MORE: 0
MIN 0 OR BELOW: 0 1.00 INCH OR MORE: 0
[HDD (BASE 65) ]
TOTAL THIS MO. 7 CLEAR (SCALE 0-3) 27
DPTR FM NORMAL -22 PTCLDY (SCALE 4-7) 2
TOTAL FM JUL 1 7 CLOUDY (SCALE 8-10) 1
DPTR FM NORMAL -20
[CDD (BASE 65) ]
TOTAL THIS MO. 338
DPTR FM NORMAL 86 [PRESSURE DATA]
TOTAL FM JAN 1 2281 HIGHEST SLP M ON M
DPTR FM NORMAL 425 LOWEST SLP 29.68 ON 9
[REMARKS]
#FINAL-09-22#